{"id":40,"date":"2013-04-15T10:58:59","date_gmt":"2013-04-15T08:58:59","guid":{"rendered":"http:\/\/semmelweis-egyetem.hu\/sugarvedelem\/?page_id=40"},"modified":"2022-02-28T11:01:13","modified_gmt":"2022-02-28T10:01:13","slug":"hireink","status":"publish","type":"page","link":"https:\/\/semmelweis.hu\/sugarvedelem\/hireink\/","title":{"rendered":"H\u00edreink"},"content":{"rendered":"<p><a href=\"https:\/\/semmelweis.hu\/sugarvedelem\/files\/2022\/02\/Tajekoztatas-es-feladatok.pdf\"><strong>T\u00e1j\u00e9koztat\u00e1si \u00fatvonalak \u00e9s feladatok az egyetemi operat\u00edv feladatait ell\u00e1t\u00f3 egys\u00e9gek fel\u00e9 <\/strong>Tajekoztatas es feladatok<\/a><\/p>\n","protected":false},"excerpt":{"rendered":"<p><a href=\"https:\/\/semmelweis.hu\/sugarvedelem\/files\/2022\/02\/Tajekoztatas-es-feladatok.pdf\">T\u00e1j\u00e9koztat\u00e1si \u00fatvonalak \u00e9s feladatok az egyetemi operat\u00edv feladatait ell\u00e1t\u00f3 egys\u00e9gek fel\u00e9 Tajekoztatas es feladatok<\/a><\/p>\n","protected":false},"author":190,"featured_media":0,"parent":0,"menu_order":0,"comment_status":"open","ping_status":"open","template":"","meta":{"_acf_changed":false,"footnotes":""},"categories":[],"tags":[],"class_list":["post-40","page","type-page","status-publish","hentry"],"acf":[],"_links":{"self":[{"href":"https:\/\/semmelweis.hu\/sugarvedelem\/wp-json\/wp\/v2\/pages\/40","targetHints":{"allow":["GET"]}}],"collection":[{"href":"https:\/\/semmelweis.hu\/sugarvedelem\/wp-json\/wp\/v2\/pages"}],"about":[{"href":"https:\/\/semmelweis.hu\/sugarvedelem\/wp-json\/wp\/v2\/types\/page"}],"author":[{"embeddable":true,"href":"https:\/\/semmelweis.hu\/sugarvedelem\/wp-json\/wp\/v2\/users\/190"}],"replies":[{"embeddable":true,"href":"https:\/\/semmelweis.hu\/sugarvedelem\/wp-json\/wp\/v2\/comments?post=40"}],"version-history":[{"count":10,"href":"https:\/\/semmelweis.hu\/sugarvedelem\/wp-json\/wp\/v2\/pages\/40\/revisions"}],"predecessor-version":[{"id":434,"href":"https:\/\/semmelweis.hu\/sugarvedelem\/wp-json\/wp\/v2\/pages\/40\/revisions\/434"}],"wp:attachment":[{"href":"https:\/\/semmelweis.hu\/sugarvedelem\/wp-json\/wp\/v2\/media?parent=40"}],"wp:term":[{"taxonomy":"category","embeddable":true,"href":"https:\/\/semmelweis.hu\/sugarvedelem\/wp-json\/wp\/v2\/categories?post=40"},{"taxonomy":"post_tag","embeddable":true,"href":"https:\/\/semmelweis.hu\/sugarvedelem\/wp-json\/wp\/v2\/tags?post=40"}],"curies":[{"name":"wp","href":"https:\/\/api.w.org\/{rel}","templated":true}]}}