{"id":200,"date":"2015-06-11T12:32:21","date_gmt":"2015-06-11T10:32:21","guid":{"rendered":"http:\/\/semmelweis.hu\/sugarvedelem\/?page_id=200"},"modified":"2015-06-11T12:32:21","modified_gmt":"2015-06-11T10:32:21","slug":"elhunyt-dr-kanyar-bela","status":"publish","type":"page","link":"https:\/\/semmelweis.hu\/sugarvedelem\/elhunyt-dr-kanyar-bela\/","title":{"rendered":"Elhunyt Dr. Kany\u00e1r B\u00e9la"},"content":{"rendered":"<p>&nbsp;<\/p>\n<table>\n<tbody>\n<tr>\n<td width=\"311\">\n<table width=\"100%\">\n<tbody>\n<tr>\n<td><strong>Dr. Kany\u00e1r B\u00e9la<br \/>\n1939 &#8211; 2015<\/strong><\/td>\n<\/tr>\n<\/tbody>\n<\/table>\n<\/td>\n<\/tr>\n<\/tbody>\n<\/table>\n<p>Szomor\u00faan tudatjuk mindazokkal, akik ismert\u00e9k \u00e9s tisztelt\u00e9k, hogy Dr. Kany\u00e1r B\u00e9la ny. egyetemi tan\u00e1r, aki 2005 \u00e9s 2014 k\u00f6z\u00f6tt vezette az Egyetem Sug\u00e1rv\u00e9delmi Szolg\u00e1lat\u00e1t 2015. j\u00fanius 8-\u00e1n, \u00e9let\u00e9nek 76. \u00e9v\u00e9ben hossz\u00fa betegs\u00e9g ut\u00e1n elhunyt. K\u00edv\u00e1ns\u00e1ga szerint temet\u00e9s\u00e9re sz\u0171k csal\u00e1di k\u00f6rben ker\u00fcl sor.<\/p>\n","protected":false},"excerpt":{"rendered":"<p>&nbsp;<\/p>\n<p>Dr. Kany\u00e1r B\u00e9la<br \/>\n1939 &#8211; 2015<\/p>\n<p>Szomor\u00faan tudatjuk mindazokkal, akik ismert\u00e9k \u00e9s tisztelt\u00e9k, hogy Dr. Kany\u00e1r B\u00e9la ny. egyetemi tan\u00e1r, aki 2005 \u00e9s 2014 k\u00f6z\u00f6tt vezette az Egyetem Sug\u00e1rv\u00e9delmi Szolg\u00e1lat\u00e1t 2015. j\u00fanius 8-\u00e1n, \u00e9let\u00e9nek 76. \u00e9v\u00e9ben hossz\u00fa betegs\u00e9g ut\u00e1n elhunyt. K\u00edv\u00e1ns\u00e1ga szerint temet\u00e9s\u00e9re sz\u0171k csal\u00e1di k\u00f6rben ker\u00fcl sor.<\/p>\n","protected":false},"author":190,"featured_media":0,"parent":0,"menu_order":0,"comment_status":"open","ping_status":"open","template":"","meta":{"_acf_changed":false,"footnotes":""},"categories":[],"tags":[],"class_list":["post-200","page","type-page","status-publish","hentry"],"acf":[],"_links":{"self":[{"href":"https:\/\/semmelweis.hu\/sugarvedelem\/wp-json\/wp\/v2\/pages\/200","targetHints":{"allow":["GET"]}}],"collection":[{"href":"https:\/\/semmelweis.hu\/sugarvedelem\/wp-json\/wp\/v2\/pages"}],"about":[{"href":"https:\/\/semmelweis.hu\/sugarvedelem\/wp-json\/wp\/v2\/types\/page"}],"author":[{"embeddable":true,"href":"https:\/\/semmelweis.hu\/sugarvedelem\/wp-json\/wp\/v2\/users\/190"}],"replies":[{"embeddable":true,"href":"https:\/\/semmelweis.hu\/sugarvedelem\/wp-json\/wp\/v2\/comments?post=200"}],"version-history":[{"count":1,"href":"https:\/\/semmelweis.hu\/sugarvedelem\/wp-json\/wp\/v2\/pages\/200\/revisions"}],"predecessor-version":[{"id":202,"href":"https:\/\/semmelweis.hu\/sugarvedelem\/wp-json\/wp\/v2\/pages\/200\/revisions\/202"}],"wp:attachment":[{"href":"https:\/\/semmelweis.hu\/sugarvedelem\/wp-json\/wp\/v2\/media?parent=200"}],"wp:term":[{"taxonomy":"category","embeddable":true,"href":"https:\/\/semmelweis.hu\/sugarvedelem\/wp-json\/wp\/v2\/categories?post=200"},{"taxonomy":"post_tag","embeddable":true,"href":"https:\/\/semmelweis.hu\/sugarvedelem\/wp-json\/wp\/v2\/tags?post=200"}],"curies":[{"name":"wp","href":"https:\/\/api.w.org\/{rel}","templated":true}]}}

Elhunyt Dr. Kanyár Béla

<p>&nbsp;</p>
<table>
<tbody>
<tr>
<td width="311">
<table width="100%">
<tbody>
<tr>
<td><strong>Dr. Kanyár Béla<br />
1939 &#8211; 2015</strong></td>
</tr>
</tbody>
</table>
</td>
</tr>
</tbody>
</table>
<p>Szomorúan tudatjuk mindazokkal, akik ismerték és tisztelték, hogy Dr. Kanyár Béla ny. egyetemi tanár, aki 2005 és 2014 között vezette az Egyetem Sugárvédelmi Szolgálatát 2015. június 8-án, életének 76. évében hosszú betegség után elhunyt. Kívánsága szerint temetésére szűk családi körben kerül sor.</p>

<p>&nbsp;</p>
<p>Dr. Kanyár Béla<br />
1939 &#8211; 2015</p>
<p>Szomorúan tudatjuk mindazokkal, akik ismerték és tisztelték, hogy Dr. Kanyár Béla ny. egyetemi tanár, aki 2005 és 2014 között vezette az Egyetem Sugárvédelmi Szolgálatát 2015. június 8-án, életének 76. évében hosszú betegség után elhunyt. Kívánsága szerint temetésére szűk családi körben kerül sor.</p>
