{"id":13,"date":"2012-09-11T15:40:47","date_gmt":"2012-09-11T13:40:47","guid":{"rendered":"http:\/\/semmelweis-egyetem.hu\/onkoterapiai-tanszek\/?page_id=5"},"modified":"2015-11-11T12:00:18","modified_gmt":"2015-11-11T11:00:18","slug":"altalanos-informaciok","status":"publish","type":"page","link":"https:\/\/semmelweis.hu\/sugarvedelem\/","title":{"rendered":"\u00c1ltal\u00e1nos inform\u00e1ci\u00f3k"},"content":{"rendered":"<p>A Sug\u00e1rv\u00e9delmi Szolg\u00e1lat tev\u00e9kenys\u00e9ge az ioniz\u00e1l\u00f3 (r\u00f6ntgen \u00e9s radioakt\u00edv) sug\u00e1rz\u00e1sokra vonatkozik. Els\u0151sorban sug\u00e1rv\u00e9delmi tanfolyamok szervez\u00e9s\u00e9vel, oktat\u00e1ssal, sug\u00e1rv\u00e9delmi ellen\u0151rz\u00e9sekkel foglalkozik. Saj\u00e1t\u00a0m\u00e9r\u0151eszk\u00f6z\u00f6kkel is rendelkezik, rtg d\u00f3zisterek monitoroz\u00e1s\u00e1ra hordozhat\u00f3 &#8222;k\u00f6z\u00e9pnyom\u00e1s\u00fa&#8221;\u00a0ioniz\u00e1ci\u00f3s kamr\u00e1val \u00e9s radioizot\u00f3p azonos\u00edt\u00e1s\u00e1ra pedig\u00a0hordozhat\u00f3, NaI detektoros sokcsatorn\u00e1s analiz\u00e1torral. Nyilv\u00e1ntart\u00e1st vezet az egyetemi, ioniz\u00e1l\u00f3 sug\u00e1rz\u00e1sokat alkalmaz\u00f3 munkahelyekr\u0151l. Felhaszn\u00e1lja az Orsz\u00e1gos Szem\u00e9lyi Dozimetriai Szolg\u00e1lat\u00a0 adatait, egyetemi elemz\u00e9s \u00e9s t\u00e1j\u00e9koztat\u00e1s c\u00e9lj\u00e1ra.<\/p>\n<p><strong>Szervez\u0151d\u00e9se<\/strong><\/p>\n<p>Jelenleg a Klinikai Centrum Igazgat\u00f3j\u00e1nak operat\u00edv ir\u00e1ny\u00edt\u00e1sa al\u00e1 tartozik a Szolg\u00e1lat.<\/p>\n<p><strong>F\u0151bb tev\u00e9kenys\u00e9g<\/strong><\/p>\n<p>Els\u0151sorban<\/p>\n<p>&#8211; a sug\u00e1rvesz\u00e9lyes\u00a0tev\u00e9kenys\u00e9gekhez szakmai \u00e9s adminisztrat\u00edv tan\u00e1csad\u00e1s (pl. l\u00e9tes\u00edt\u00e9si \u00e9s m\u0171k\u00f6d\u00e9si enged\u00e9lyek el\u0151k\u00e9sz\u00edt\u00e9se,\u00a0esetleges radioakt\u00edv szennyezetts\u00e9gek m\u00e9r\u00e9se, d\u00f3zisterek monitoroz\u00e1sa, javaslatok k\u00e9sz\u00edt\u00e9se a v\u00e9delem meger\u0151s\u00edt\u00e9s\u00e9re,\u00a0nukle\u00e1risbaleset-elh\u00e1r\u00edt\u00e1s fejleszt\u00e9se),<\/p>\n<p>&#8211; a sug\u00e1rv\u00e9delmi \u00e9s szem\u00e9lyi dozimetriai adatok nyilv\u00e1ntart\u00e1sa, elemz\u00e9se, els\u0151sorban az egyetemi \u00e9ves sug\u00e1rv\u00e9delmi jelent\u00e9s k\u00e9sz\u00edt\u00e9s\u00e9hez<\/p>\n<p>&#8211; a sug\u00e1rv\u00e9delmi oktat\u00e1s szervez\u00e9se \u00e9s<\/p>\n<p>&#8211; a sug\u00e1reg\u00e9szs\u00e9g\u00fcgyi hat\u00f3s\u00e1gokkal\u00a0kapcsolattart\u00e1s, r\u00e9szv\u00e9tel azok ellen\u0151rz\u0151 tev\u00e9kenys\u00e9g\u00e9ben, az eredm\u00e9nyek elemz\u00e9s\u00e9ben.<\/p>\n","protected":false},"excerpt":{"rendered":"<p>A Sug\u00e1rv\u00e9delmi Szolg\u00e1lat tev\u00e9kenys\u00e9ge az ioniz\u00e1l\u00f3 (r\u00f6ntgen \u00e9s radioakt\u00edv) sug\u00e1rz\u00e1sokra vonatkozik. Els\u0151sorban sug\u00e1rv\u00e9delmi tanfolyamok szervez\u00e9s\u00e9vel, oktat\u00e1ssal, sug\u00e1rv\u00e9delmi ellen\u0151rz\u00e9sekkel foglalkozik. Saj\u00e1t\u00a0m\u00e9r\u0151eszk\u00f6z\u00f6kkel is rendelkezik, rtg d\u00f3zisterek monitoroz\u00e1s\u00e1ra hordozhat\u00f3 &#8222;k\u00f6z\u00e9pnyom\u00e1s\u00fa&#8221;\u00a0ioniz\u00e1ci\u00f3s kamr\u00e1val \u00e9s radioizot\u00f3p azonos\u00edt\u00e1s\u00e1ra pedig\u00a0hordozhat\u00f3, NaI detektoros sokcsatorn\u00e1s analiz\u00e1torral. Nyilv\u00e1ntart\u00e1st vezet az egyetemi, ioniz\u00e1l\u00f3 sug\u00e1rz\u00e1sokat alkalmaz\u00f3 munkahelyekr\u0151l. Felhaszn\u00e1lja az Orsz\u00e1gos Szem\u00e9lyi Dozimetriai Szolg\u00e1lat\u00a0 adatait, egyetemi elemz\u00e9s \u00e9s t\u00e1j\u00e9koztat\u00e1s &hellip;<\/p>\n","protected":false},"author":1,"featured_media":0,"parent":0,"menu_order":0,"comment_status":"open","ping_status":"open","template":"","meta":{"_acf_changed":false,"footnotes":""},"categories":[],"tags":[],"class_list":["post-13","page","type-page","status-publish","hentry"],"acf":[],"_links":{"self":[{"href":"https:\/\/semmelweis.hu\/sugarvedelem\/wp-json\/wp\/v2\/pages\/13","targetHints":{"allow":["GET"]}}],"collection":[{"href":"https:\/\/semmelweis.hu\/sugarvedelem\/wp-json\/wp\/v2\/pages"}],"about":[{"href":"https:\/\/semmelweis.hu\/sugarvedelem\/wp-json\/wp\/v2\/types\/page"}],"author":[{"embeddable":true,"href":"https:\/\/semmelweis.hu\/sugarvedelem\/wp-json\/wp\/v2\/users\/1"}],"replies":[{"embeddable":true,"href":"https:\/\/semmelweis.hu\/sugarvedelem\/wp-json\/wp\/v2\/comments?post=13"}],"version-history":[{"count":7,"href":"https:\/\/semmelweis.hu\/sugarvedelem\/wp-json\/wp\/v2\/pages\/13\/revisions"}],"predecessor-version":[{"id":211,"href":"https:\/\/semmelweis.hu\/sugarvedelem\/wp-json\/wp\/v2\/pages\/13\/revisions\/211"}],"wp:attachment":[{"href":"https:\/\/semmelweis.hu\/sugarvedelem\/wp-json\/wp\/v2\/media?parent=13"}],"wp:term":[{"taxonomy":"category","embeddable":true,"href":"https:\/\/semmelweis.hu\/sugarvedelem\/wp-json\/wp\/v2\/categories?post=13"},{"taxonomy":"post_tag","embeddable":true,"href":"https:\/\/semmelweis.hu\/sugarvedelem\/wp-json\/wp\/v2\/tags?post=13"}],"curies":[{"name":"wp","href":"https:\/\/api.w.org\/{rel}","templated":true}]}}