{"id":800,"date":"2025-10-21T15:55:16","date_gmt":"2025-10-21T13:55:16","guid":{"rendered":"https:\/\/semmelweis.hu\/studentservices\/?page_id=800"},"modified":"2025-12-03T10:38:56","modified_gmt":"2025-12-03T09:38:56","slug":"oktatasi-kornyezet-felmeres-2025","status":"publish","type":"page","link":"https:\/\/semmelweis.hu\/studentsupport\/sikereink\/oktatasi-kornyezet-felmeres-2025\/","title":{"rendered":"Oktat\u00e1si k\u00f6rnyezet felm\u00e9r\u00e9s 2025"},"content":{"rendered":"<div class=\"lead\">A T\u00e1mogat\u00f3 Szolg\u00e1ltat\u00e1sok \u00e9s Hallgat\u00f3i Kapcsolatok Igazgat\u00f3s\u00e1ga \u00e9s az Oktat\u00e1sfejleszt\u00e9si, -m\u00f3dszertani \u00e9s -szervez\u00e9si K\u00f6zpont 2025-ben is <strong data-start=\"920\" data-end=\"978\">megszervezte a hallgat\u00f3k k\u00f6r\u00e9ben zajl\u00f3, tov\u00e1bbfejleszett DREEM-felm\u00e9r\u00e9st<\/strong>, amely a nemzetk\u00f6zileg is elismert m\u00f3dszertan alapj\u00e1n \u00e9rt\u00e9keli az oktat\u00e1si k\u00f6rnyezetet. A 2025-\u00f6s felm\u00e9r\u00e9sben a teljes hallgat\u00f3i l\u00e9tsz\u00e1m <strong data-start=\"724\" data-end=\"734\">10%-a vett r\u00e9szt<\/strong>, \u00edgy az eredm\u00e9nyek megb\u00edzhat\u00f3 alapot ny\u00fajtanak az egyetemi k\u00f6rnyezet \u00e9s szolg\u00e1ltat\u00e1sok fejleszt\u00e9s\u00e9hez.<\/div>\n<p data-start=\"917\" data-end=\"1301\">A visszajelz\u00e9sek alapj\u00e1n a hallgat\u00f3k \u00f6sszess\u00e9g\u00e9ben pozit\u00edvan \u00e9rt\u00e9kelik a Semmelweis Egyetem oktat\u00e1si sz\u00ednvonal\u00e1t \u00e9s t\u00e1mogat\u00f3 l\u00e9gk\u00f6r\u00e9t, ugyanakkor t\u00f6bb ter\u00fcleten is megfogalmaz\u00f3dtak fejleszt\u00e9si ig\u00e9nyek.<\/p>\n<div class=\"fontos_div\">\n<p data-start=\"917\" data-end=\"1301\">A leggyakrabban eml\u00edtett t\u00e9m\u00e1k k\u00f6z\u00f6tt szerepel a tanul\u00e1si terek b\u0151v\u00edt\u00e9se, a digit\u00e1lis infrastrukt\u00fara fejleszt\u00e9se, valamint az oktat\u00e1s hallgat\u00f3k\u00f6zpont\u00fas\u00e1g\u00e1nak er\u0151s\u00edt\u00e9se.<\/p>\n<\/div>\n<p data-start=\"1303\" data-end=\"1464\">A felm\u00e9r\u00e9s eredm\u00e9nyei hozz\u00e1j\u00e1rulnak ahhoz, hogy az egyetem vezet\u00e9se adatvez\u00e9relt m\u00f3don tervezze a j\u00f6v\u0151beli fejleszt\u00e9seket, a hallgat\u00f3k ig\u00e9nyeihez igazodva.<\/p>\n<p data-start=\"1466\" data-end=\"1486\"><strong><span style=\"font-size: 18pt\">Int\u00e9zked\u00e9si terv<\/span><\/strong><\/p>\n<p data-start=\"1488\" data-end=\"1576\">A 2025-\u00f6s tov\u00e1bbfejlesztett DREEM felm\u00e9r\u00e9s alapj\u00e1n Igazgat\u00f3s\u00e1gunk a k\u00f6vetkez\u0151 fejleszt\u00e9si ir\u00e1nyokat jel\u00f6lte ki:<\/p>\n<p data-start=\"1578\" data-end=\"1611\"><strong data-start=\"1578\" data-end=\"1609\">Magas priorit\u00e1s\u00fa ter\u00fcletek:<\/strong><\/p>\n<ul>\n<li data-start=\"1578\" data-end=\"1611\">Digit\u00e1lis infrastrukt\u00fara korszer\u0171s\u00edt\u00e9se<\/li>\n<li data-start=\"1578\" data-end=\"1611\">Oktat\u00e1si \u00e9s tanul\u00e1si k\u00f6rnyezet fejleszt\u00e9se<\/li>\n<li data-start=\"1578\" data-end=\"1611\">El\u0151ad\u00e1sok moderniz\u00e1l\u00e1sa, oktat\u00e1si reformok t\u00e1mogat\u00e1sa<\/li>\n<\/ul>\n<p><strong style=\"font-size: 1rem\" data-start=\"1762\" data-end=\"1795\">K\u00f6zepes priorit\u00e1s\u00fa ter\u00fcletek:<\/strong><\/p>\n<ul>\n<li data-start=\"1800\" data-end=\"1835\">Tanulm\u00e1nyi \u00fcgyint\u00e9z\u00e9s fejleszt\u00e9se<\/li>\n<li data-start=\"1800\" data-end=\"1835\">Hallgat\u00f3i k\u00f6z\u00f6ss\u00e9gi \u00e9lm\u00e9ny \u00e9s interakci\u00f3k er\u0151s\u00edt\u00e9se<\/li>\n<li data-start=\"1798\" data-end=\"1835\">\n<p data-start=\"1800\" data-end=\"1835\">A nemzetk\u00f6zi hallgat\u00f3k integr\u00e1ci\u00f3j\u00e1nak t\u00e1mogat\u00e1sa<\/p>\n<\/li>\n<\/ul>\n<p data-start=\"1947\" data-end=\"2176\">\u00a0<\/p>\n<div class=\"lead\" data-start=\"1947\" data-end=\"2176\">A felm\u00e9r\u00e9s meger\u0151s\u00edti, a Semmelweis Egyetem tov\u00e1bbra is a hallgat\u00f3i ig\u00e9nyekre \u00e9p\u00edtve k\u00edv\u00e1nja fejleszteni oktat\u00e1si k\u00f6rnyezet\u00e9t, kiemelt c\u00e9lja egy modern, t\u00e1mogat\u00f3 \u00e9s befogad\u00f3 egyetemi k\u00f6zeg megteremt\u00e9se.<\/div>\n","protected":false},"excerpt":{"rendered":"<p>A T\u00e1mogat\u00f3 Szolg\u00e1ltat\u00e1sok \u00e9s Hallgat\u00f3i Kapcsolatok Igazgat\u00f3s\u00e1ga \u00e9s az Oktat\u00e1sfejleszt\u00e9si, -m\u00f3dszertani \u00e9s -szervez\u00e9si K\u00f6zpont 2025-ben is megszervezte a hallgat\u00f3k k\u00f6r\u00e9ben zajl\u00f3, tov\u00e1bbfejleszett DREEM-felm\u00e9r\u00e9st, amely a nemzetk\u00f6zileg is elismert m\u00f3dszertan alapj\u00e1n \u00e9rt\u00e9keli az oktat\u00e1si k\u00f6rnyezetet. A 2025-\u00f6s felm\u00e9r\u00e9sben a teljes hallgat\u00f3i l\u00e9tsz\u00e1m 10%-a vett r\u00e9szt, \u00edgy az eredm\u00e9nyek megb\u00edzhat\u00f3 alapot ny\u00fajtanak az egyetemi k\u00f6rnyezet \u00e9s szolg\u00e1ltat\u00e1sok &hellip;<\/p>\n","protected":false},"author":102383,"featured_media":817,"parent":511,"menu_order":7,"comment_status":"closed","ping_status":"closed","template":"","meta":{"_acf_changed":false,"footnotes":""},"categories":[],"tags":[40],"class_list":["post-800","page","type-page","status-publish","has-post-thumbnail","hentry","tag-siker"],"acf":[],"_links":{"self":[{"href":"https:\/\/semmelweis.hu\/studentsupport\/wp-json\/wp\/v2\/pages\/800","targetHints":{"allow":["GET"]}}],"collection":[{"href":"https:\/\/semmelweis.hu\/studentsupport\/wp-json\/wp\/v2\/pages"}],"about":[{"href":"https:\/\/semmelweis.hu\/studentsupport\/wp-json\/wp\/v2\/types\/page"}],"author":[{"embeddable":true,"href":"https:\/\/semmelweis.hu\/studentsupport\/wp-json\/wp\/v2\/users\/102383"}],"replies":[{"embeddable":true,"href":"https:\/\/semmelweis.hu\/studentsupport\/wp-json\/wp\/v2\/comments?post=800"}],"version-history":[{"count":10,"href":"https:\/\/semmelweis.hu\/studentsupport\/wp-json\/wp\/v2\/pages\/800\/revisions"}],"predecessor-version":[{"id":900,"href":"https:\/\/semmelweis.hu\/studentsupport\/wp-json\/wp\/v2\/pages\/800\/revisions\/900"}],"up":[{"embeddable":true,"href":"https:\/\/semmelweis.hu\/studentsupport\/wp-json\/wp\/v2\/pages\/511"}],"wp:featuredmedia":[{"embeddable":true,"href":"https:\/\/semmelweis.hu\/studentsupport\/wp-json\/wp\/v2\/media\/817"}],"wp:attachment":[{"href":"https:\/\/semmelweis.hu\/studentsupport\/wp-json\/wp\/v2\/media?parent=800"}],"wp:term":[{"taxonomy":"category","embeddable":true,"href":"https:\/\/semmelweis.hu\/studentsupport\/wp-json\/wp\/v2\/categories?post=800"},{"taxonomy":"post_tag","embeddable":true,"href":"https:\/\/semmelweis.hu\/studentsupport\/wp-json\/wp\/v2\/tags?post=800"}],"curies":[{"name":"wp","href":"https:\/\/api.w.org\/{rel}","templated":true}]}}