{"id":626,"date":"2025-02-17T10:42:59","date_gmt":"2025-02-17T09:42:59","guid":{"rendered":"https:\/\/semmelweis.hu\/studentservices\/?page_id=626"},"modified":"2025-02-17T10:42:59","modified_gmt":"2025-02-17T09:42:59","slug":"aptitude","status":"publish","type":"page","link":"https:\/\/semmelweis.hu\/studentsupport\/aptitude\/","title":{"rendered":"APTITUDE"},"content":{"rendered":"<p style=\"text-align: center\"><strong><span style=\"font-size: 24pt\">Aptitude \u2013 Egyszer\u0171bb id\u0151pontfoglal\u00e1s<\/span><\/strong><\/p>\n<p>&nbsp;<\/p>\n<p style=\"text-align: left\">A Semmelweis Egyetem hallgat\u00f3i sz\u00e1m\u00e1ra el\u00e9rhet\u0151 az Aptitude weboldal, amely \u00e1tl\u00e1that\u00f3 \u00e9s k\u00e9nyelmes megold\u00e1st ny\u00fajt a tanulm\u00e1nyokhoz sz\u00fcks\u00e9ges vizsg\u00e1latok kezel\u00e9s\u00e9re. A bejelentkez\u00e9st k\u00f6vet\u0151en a hallgat\u00f3k megtekinthetik, hogy milyen vizsg\u00e1latokra van sz\u00fcks\u00e9g\u00fck, id\u0151pontot foglalhatnak, valamint nyomon k\u00f6vethetik a vizsg\u00e1lati eredm\u00e9nyek \u00e9rv\u00e9nyess\u00e9g\u00e9t a profiljukon bel\u00fcl.<\/p>\n<div class=\"fontos_div\">\n<p style=\"text-align: left\"><em>Az Aptitude egyszer\u0171s\u00edt \u00e9s digitaliz\u00e1l, megk\u00f6nny\u00edtve ezzel a hallgat\u00f3k \u00fcgyint\u00e9z\u00e9s\u00e9t, foglalkoz\u00e1s-eg\u00e9szs\u00e9g\u00fcgyi vizsg\u00e1latszervez\u00e9s\u00e9t.<\/em><\/p>\n<\/div>\n<p style=\"text-align: center\"><a href=\"https:\/\/aptitude.semmelweis.hu\/\" target=\"_blank\" rel=\"noopener\"><strong><span style=\"font-size: 24pt\">APTITUDE<\/span><\/strong><\/a><\/p>\n","protected":false},"excerpt":{"rendered":"<p>Aptitude \u2013 Egyszer\u0171bb id\u0151pontfoglal\u00e1s &nbsp; A Semmelweis Egyetem hallgat\u00f3i sz\u00e1m\u00e1ra el\u00e9rhet\u0151 az Aptitude weboldal, amely \u00e1tl\u00e1that\u00f3 \u00e9s k\u00e9nyelmes megold\u00e1st ny\u00fajt a tanulm\u00e1nyokhoz sz\u00fcks\u00e9ges vizsg\u00e1latok kezel\u00e9s\u00e9re. A bejelentkez\u00e9st k\u00f6vet\u0151en a hallgat\u00f3k megtekinthetik, hogy milyen vizsg\u00e1latokra van sz\u00fcks\u00e9g\u00fck, id\u0151pontot foglalhatnak, valamint nyomon k\u00f6vethetik a vizsg\u00e1lati eredm\u00e9nyek \u00e9rv\u00e9nyess\u00e9g\u00e9t a profiljukon bel\u00fcl. Az Aptitude egyszer\u0171s\u00edt \u00e9s digitaliz\u00e1l, megk\u00f6nny\u00edtve ezzel &hellip;<\/p>\n","protected":false},"author":102383,"featured_media":0,"parent":0,"menu_order":0,"comment_status":"closed","ping_status":"closed","template":"","meta":{"_acf_changed":false,"footnotes":""},"categories":[],"tags":[],"class_list":["post-626","page","type-page","status-publish","hentry"],"acf":[],"_links":{"self":[{"href":"https:\/\/semmelweis.hu\/studentsupport\/wp-json\/wp\/v2\/pages\/626","targetHints":{"allow":["GET"]}}],"collection":[{"href":"https:\/\/semmelweis.hu\/studentsupport\/wp-json\/wp\/v2\/pages"}],"about":[{"href":"https:\/\/semmelweis.hu\/studentsupport\/wp-json\/wp\/v2\/types\/page"}],"author":[{"embeddable":true,"href":"https:\/\/semmelweis.hu\/studentsupport\/wp-json\/wp\/v2\/users\/102383"}],"replies":[{"embeddable":true,"href":"https:\/\/semmelweis.hu\/studentsupport\/wp-json\/wp\/v2\/comments?post=626"}],"version-history":[{"count":8,"href":"https:\/\/semmelweis.hu\/studentsupport\/wp-json\/wp\/v2\/pages\/626\/revisions"}],"predecessor-version":[{"id":635,"href":"https:\/\/semmelweis.hu\/studentsupport\/wp-json\/wp\/v2\/pages\/626\/revisions\/635"}],"wp:attachment":[{"href":"https:\/\/semmelweis.hu\/studentsupport\/wp-json\/wp\/v2\/media?parent=626"}],"wp:term":[{"taxonomy":"category","embeddable":true,"href":"https:\/\/semmelweis.hu\/studentsupport\/wp-json\/wp\/v2\/categories?post=626"},{"taxonomy":"post_tag","embeddable":true,"href":"https:\/\/semmelweis.hu\/studentsupport\/wp-json\/wp\/v2\/tags?post=626"}],"curies":[{"name":"wp","href":"https:\/\/api.w.org\/{rel}","templated":true}]}}