{"id":618,"date":"2025-02-17T09:25:38","date_gmt":"2025-02-17T08:25:38","guid":{"rendered":"https:\/\/semmelweis.hu\/studentservices\/?page_id=618"},"modified":"2025-04-22T16:11:57","modified_gmt":"2025-04-22T14:11:57","slug":"semmelweis-egyetem-diakmunka-platform","status":"publish","type":"page","link":"https:\/\/semmelweis.hu\/studentsupport\/semmelweis-egyetem-diakmunka-platform\/","title":{"rendered":"Semmelweis Egyetem Di\u00e1kmunka Platform"},"content":{"rendered":"<div class=\"lead\" style=\"text-align: center\"><span style=\"font-size: 24pt\">Fedezd fel a Semmelweis Egyetem \u00faj Di\u00e1kmunka Platformj\u00e1t!<\/span><\/div>\n<p>&nbsp;<\/p>\n<p>M\u00e1r t\u00f6bb sz\u00e1z hallgat\u00f3 csatlakozott a Semmelweis Egyetem bels\u0151 di\u00e1kmunkaprogramj\u00e1hoz \u2013 <em>\u00e9s most itt az id\u0151, hogy Te is r\u00e9szese l\u00e9gy!<\/em> Az \u00fajonnan indul\u00f3 Di\u00e1kmunka Platformunkkal m\u00e9g k\u00f6nnyebben \u00e9s \u00e1tl\u00e1that\u00f3bban jelentkezhetsz az egyetem \u00e1ltal meghirdetett munk\u00e1kra.<\/p>\n<p>&nbsp;<\/p>\n<div class=\"lead\"><span style=\"font-size: 18pt\">Mi\u00e9rt \u00e9rdemes haszn\u00e1lni az \u00faj platformot?<\/span><\/div>\n<ul style=\"list-style-type: circle\">\n<li>Modern, eszt\u00e9tikus \u00e9s felhaszn\u00e1l\u00f3bar\u00e1t fel\u00fclet<\/li>\n<li>Gyors \u00e9s egyszer\u0171 jelentkez\u00e9si folyamat<\/li>\n<li>\u00c1ll\u00e1shirdet\u00e9sek, hirdetm\u00e9nyek, aktu\u00e1lis jelentkez\u00e9seid, \u00fczeneteid mind egy helyen<\/li>\n<li>\u00d6n\u00e9letrajzodat helyben, folyamatosan friss\u00edtheted<\/li>\n<li>K\u00f6zvetlen\u00fcl az egyetemen bel\u00fcli, relev\u00e1ns di\u00e1kmunk\u00e1k<\/li>\n<li>Seg\u00e9d\u00e1pol\u00f3i \u00e9s egy\u00e9b eg\u00e9szs\u00e9g\u00fcgyi munkalehet\u0151s\u00e9gek<\/li>\n<\/ul>\n<p><span style=\"font-size: 18pt\"><strong>Mi t\u00f6bb:<\/strong><\/span><\/p>\n<ul>\n<li>eg\u00e9szs\u00e9g\u00fcgyi szolg\u00e1lati jogviszonyban v\u00e9gzett munka automatikusan eg\u00e9szs\u00e9g\u00fcgyi szolg\u00e1lati jogviszonyban t\u00f6lt\u00f6tt id\u0151nek min\u0151s\u00fcl<\/li>\n<li>kreditek j\u00f3v\u00e1\u00edr\u00e1sa:<\/li>\n<\/ul>\n<p>&#8211; A klinikai munk\u00e1hoz kapcsol\u00f3d\u00f3 kredit\u00e9rt\u00e9kek az \u00c1OK-n:<\/p>\n<ul style=\"list-style-type: circle\">\n<li>A f\u00e9l\u00e9v \u00e1tlag\u00e1ban 24 \u00f3ra\/h\u00f3 munka 1 kredit<\/li>\n<li>A f\u00e9l\u00e9v \u00e1tlag\u00e1ban 48 \u00f3ra\/h\u00f3 munka 2 kredit<\/li>\n<li>A f\u00e9l\u00e9v \u00e1tlag\u00e1ban 72 \u00f3ra\/h\u00f3 munka 3 kredit<\/li>\n<\/ul>\n<p>&#8211; A klinikai munk\u00e1hoz kapcsol\u00f3d\u00f3 kredit\u00e9rt\u00e9kek az ETK-n:<\/p>\n<ul style=\"list-style-type: circle\">\n<li>V\u00e1llalt \u00f3rakerett\u0151l f\u00fcggetlen\u00fcl: 2 kredit\/f\u00e9l\u00e9v<\/li>\n<\/ul>\n<ul style=\"list-style-type: disc\">\n<li>tov\u00e1bbi \u00e1ltal\u00e1nos \u00e9s \u00e9vfolyamspecifikus kedvezm\u00e9nyek<\/li>\n<li>hat\u00e1rozatlan idej\u0171 eg\u00e9szs\u00e9g\u00fcgyi szolg\u00e1lati jogviszony<\/li>\n<li>a klinikai munka ak\u00e1r a ny\u00e1ri gyakorlatba t\u00f6rt\u00e9n\u0151 besz\u00e1m\u00edt\u00e1sa\n<\/li>\n<\/ul>\n<div class=\"lead\" style=\"text-align: center\"><span style=\"font-size: 24pt\"><strong><a href=\"https:\/\/diakmunka.semmelweis.hu\/\" target=\"_blank\" rel=\"noopener\">DI\u00c1KMUNKA PLATFORM<\/a><\/strong><\/span><\/div>\n<p><strong><span style=\"font-size: 18pt\">Felt\u00e9tlen olvasd el:<\/span><\/strong><\/p>\n<p><a href=\"https:\/\/semmelweis.hu\/studentsupport\/files\/2025\/02\/Tajekoztato-a-hallgatok-egytemi-munkavegzesi-lehetosegerol_hallgatoi_2024.pdf\">T\u00e1j\u00e9koztat\u00f3 a \u201eKlinikai munka\u201d tant\u00e1rgy keret\u00e9ben t\u00f6rt\u00e9n\u0151 egyetemi munkav\u00e9gz\u00e9s lehet\u0151s\u00e9g\u00e9r\u0151l<\/a><\/p>\n","protected":false},"excerpt":{"rendered":"<p>Fedezd fel a Semmelweis Egyetem \u00faj Di\u00e1kmunka Platformj\u00e1t! &nbsp; M\u00e1r t\u00f6bb sz\u00e1z hallgat\u00f3 csatlakozott a Semmelweis Egyetem bels\u0151 di\u00e1kmunkaprogramj\u00e1hoz \u2013 \u00e9s most itt az id\u0151, hogy Te is r\u00e9szese l\u00e9gy! Az \u00fajonnan indul\u00f3 Di\u00e1kmunka Platformunkkal m\u00e9g k\u00f6nnyebben \u00e9s \u00e1tl\u00e1that\u00f3bban jelentkezhetsz az egyetem \u00e1ltal meghirdetett munk\u00e1kra. &nbsp; Mi\u00e9rt \u00e9rdemes haszn\u00e1lni az \u00faj platformot? Modern, eszt\u00e9tikus \u00e9s &hellip;<\/p>\n","protected":false},"author":102383,"featured_media":0,"parent":0,"menu_order":0,"comment_status":"closed","ping_status":"closed","template":"","meta":{"_acf_changed":false,"footnotes":""},"categories":[],"tags":[],"class_list":["post-618","page","type-page","status-publish","hentry"],"acf":[],"_links":{"self":[{"href":"https:\/\/semmelweis.hu\/studentsupport\/wp-json\/wp\/v2\/pages\/618","targetHints":{"allow":["GET"]}}],"collection":[{"href":"https:\/\/semmelweis.hu\/studentsupport\/wp-json\/wp\/v2\/pages"}],"about":[{"href":"https:\/\/semmelweis.hu\/studentsupport\/wp-json\/wp\/v2\/types\/page"}],"author":[{"embeddable":true,"href":"https:\/\/semmelweis.hu\/studentsupport\/wp-json\/wp\/v2\/users\/102383"}],"replies":[{"embeddable":true,"href":"https:\/\/semmelweis.hu\/studentsupport\/wp-json\/wp\/v2\/comments?post=618"}],"version-history":[{"count":10,"href":"https:\/\/semmelweis.hu\/studentsupport\/wp-json\/wp\/v2\/pages\/618\/revisions"}],"predecessor-version":[{"id":653,"href":"https:\/\/semmelweis.hu\/studentsupport\/wp-json\/wp\/v2\/pages\/618\/revisions\/653"}],"wp:attachment":[{"href":"https:\/\/semmelweis.hu\/studentsupport\/wp-json\/wp\/v2\/media?parent=618"}],"wp:term":[{"taxonomy":"category","embeddable":true,"href":"https:\/\/semmelweis.hu\/studentsupport\/wp-json\/wp\/v2\/categories?post=618"},{"taxonomy":"post_tag","embeddable":true,"href":"https:\/\/semmelweis.hu\/studentsupport\/wp-json\/wp\/v2\/tags?post=618"}],"curies":[{"name":"wp","href":"https:\/\/api.w.org\/{rel}","templated":true}]}}