{"id":593,"date":"2025-02-04T11:52:15","date_gmt":"2025-02-04T10:52:15","guid":{"rendered":"https:\/\/semmelweis.hu\/studentservices\/?page_id=593"},"modified":"2025-02-04T11:53:22","modified_gmt":"2025-02-04T10:53:22","slug":"semmelweis-online-nyilt-napok-2025","status":"publish","type":"page","link":"https:\/\/semmelweis.hu\/studentsupport\/sikereink\/semmelweis-online-nyilt-napok-2025\/","title":{"rendered":"Semmelweis Online Ny\u00edlt Napok 2025"},"content":{"rendered":"<p style=\"text-align: center\"><span style=\"font-size: 18pt\"><strong>Kiemelked\u0151 sikerrel z\u00e1rultak a Semmelweis Egyetem 2025-\u00f6s Online Ny\u00edlt Napjai<\/strong><\/span><\/p>\n<p>&nbsp;<\/p>\n<p style=\"text-align: justify\">Az esem\u00e9ny minden eddigin\u00e9l nagyobb \u00e9rdekl\u0151d\u00e9s mellett zajlott, hiszen t\u00f6bb, mint <strong>7000 megtekint\u00e9st regisztr\u00e1ltunk<\/strong>, ami k\u00f6zel <strong>h\u00e1romszoros n\u00f6veked\u00e9st<\/strong> jelent a tavalyi \u00e9vhez k\u00e9pest.<\/p>\n<p>A 2025. janu\u00e1r 23-24-\u00e9n megrendezett esem\u00e9ny az egyetem hat kar\u00e1nak, Szakk\u00e9pz\u0151 Int\u00e9zm\u00e9nyeinek \u00e9s a nemzetk\u00f6zi programok bevon\u00e1s\u00e1val val\u00f3sult meg, igazgat\u00f3s\u00e1gunk az idei \u00e9vben sz\u00e1mos \u00faj\u00edt\u00e1st vezetett be. A programokat professzion\u00e1lis st\u00fadi\u00f3b\u00f3l, a Nagyv\u00e1rad t\u00e9ri Elm\u00e9leti T\u00f6mbben tal\u00e1lhat\u00f3 H\u00d6K St\u00fadi\u00f3b\u00f3l k\u00f6zvet\u00edtett\u00fck, ezzel n\u00f6velve a vide\u00f3s \u00e9s hangtechnikai min\u0151s\u00e9get. A tartalmat m\u00e9g ink\u00e1bb a leend\u0151 hallgat\u00f3k, fiatalabb gener\u00e1ci\u00f3 ig\u00e9nyeire szabtuk: a kor\u00e1bbi hosszabb el\u0151ad\u00e1sok helyett <strong>r\u00f6videbb, interakt\u00edvabb programelemeket k\u00edn\u00e1ltunk<\/strong>, ahol t\u00f6bb szerepl\u0151 \u00e9s \u00e9l\u0151 interakci\u00f3 kapott szerepet.<\/p>\n<div style=\"text-align: justify\">\n<p style=\"text-align: justify\"><span style=\"font-size: 1rem\">A jelent\u0151s n\u00e9zetts\u00e9gn\u00f6veked\u00e9s m\u00f6g\u00f6tt a <\/span><strong style=\"font-size: 1rem\">prom\u00f3ci\u00f3s strat\u00e9gi\u00e1nk hat\u00e9konys\u00e1ga<\/strong><span style=\"font-size: 1rem\"> is \u00e1ll: c\u00e9lzott hirdet\u00e9sekkel k\u00f6zvetlen\u00fcl \u00e9rt\u00fck el az orsz\u00e1gos, \u00e9s a hat\u00e1ron t\u00fali k\u00f6z\u00e9piskol\u00e1kat. Az esem\u00e9ny k\u00e9t csatorn\u00e1n, YouTube-on \u00e9s Zoomon kereszt\u00fcl is k\u00f6vethet\u0151 volt, biztos\u00edtva a min\u00e9l sz\u00e9lesebb k\u00f6r\u0171 el\u00e9r\u00e9st.<\/span><\/p>\n<\/div>\n<div class=\"keretes\">\n<p>A magyar programmal p\u00e1rhuzamosan id\u00e9n az <strong>angol<\/strong> \u00e9s <strong>n\u00e9met<\/strong> nyelv\u0171 \u00e9rdekl\u0151d\u0151k sz\u00e1m\u00e1ra is el\u00e9rhet\u0151v\u00e9 tett\u00fck az Online Ny\u00edlt Napot. A k\u00fclf\u00f6ldi jelentkez\u0151k r\u00e9sz\u00e9r\u0151l hatalmas \u00e9rdekl\u0151d\u00e9st tapasztaltunk, hiszen <strong>k\u00f6zel 1000 f\u0151 csatlakozott t\u00f6bb tucat orsz\u00e1gb\u00f3l.<\/strong><\/p>\n<\/div>\n<p style=\"text-align: left\">A legnagyobb \u00e9rdekl\u0151d\u00e9st a <strong>hallgat\u00f3i \u00e9s oktat\u00f3i f\u00f3rumok<\/strong> v\u00e1ltott\u00e1k ki, ahol a jelentkez\u0151k \u00e9l\u0151ben tehett\u00e9k fel k\u00e9rd\u00e9seiket. T\u00f6bb ezer k\u00e9rd\u00e9st kaptunk, \u00e9s hab\u00e1r nem volt lehet\u0151s\u00e9g mindegyikre azonnal v\u00e1laszolni, mindenki, aki megadta e-mail c\u00edm\u00e9t k\u00e9rd\u00e9se feltev\u00e9sekor, arra az oktat\u00f3k \u00e9s hallgat\u00f3k v\u00e1laszt tudtak adni az esem\u00e9ny ut\u00e1n.<\/p>\n<p><img loading=\"lazy\" decoding=\"async\" class=\"size-medium wp-image-594 alignleft\" src=\"https:\/\/semmelweis.hu\/studentsupport\/files\/2025\/02\/RS208454__19A0101-scr-400x267.jpg\" alt=\"\" width=\"400\" height=\"267\" srcset=\"https:\/\/semmelweis.hu\/studentsupport\/files\/2025\/02\/RS208454__19A0101-scr-400x267.jpg 400w, https:\/\/semmelweis.hu\/studentsupport\/files\/2025\/02\/RS208454__19A0101-scr-1024x683.jpg 1024w, https:\/\/semmelweis.hu\/studentsupport\/files\/2025\/02\/RS208454__19A0101-scr-768x512.jpg 768w, https:\/\/semmelweis.hu\/studentsupport\/files\/2025\/02\/RS208454__19A0101-scr-753x502.jpg 753w, https:\/\/semmelweis.hu\/studentsupport\/files\/2025\/02\/RS208454__19A0101-scr-203x135.jpg 203w, https:\/\/semmelweis.hu\/studentsupport\/files\/2025\/02\/RS208454__19A0101-scr.jpg 1200w\" sizes=\"auto, (max-width: 400px) 100vw, 400px\" \/><\/p>\n<p>&nbsp;<\/p>\n<p>&nbsp;<\/p>\n<p style=\"text-align: justify\">Azok sz\u00e1m\u00e1ra, akik lemaradtak az esem\u00e9nyr\u0151l, a ny\u00edlt nap programjai r\u00f6videsen visszan\u00e9zhet\u0151k lesznek a semmelweis.hu oldalon, a karok saj\u00e1t fel\u00fcletein.<\/p>\n<p>&nbsp;<\/p>\n<p>&nbsp;<\/p>\n<div class=\"fontos_div\" style=\"text-align: justify\">\n<p>Az idei Online Ny\u00edlt Napok egy\u00e9rtelm\u0171en bizony\u00edtott\u00e1k, hogy innovat\u00edv megold\u00e1sokkal \u00e9s c\u00e9lzott kommunik\u00e1ci\u00f3val jelent\u0151sen n\u00f6velhetj\u00fck az el\u00e9r\u00e9st \u00e9s a r\u00e9sztvev\u0151k el\u00e9gedetts\u00e9g\u00e9t.<\/p>\n<\/div>\n<p style=\"text-align: center\"><em><strong>K\u00f6sz\u00f6nj\u00fck minden koll\u00e9g\u00e1nknak \u00e9s r\u00e9sztvev\u0151nek a k\u00f6zrem\u0171k\u00f6d\u00e9st!<\/strong><\/em><\/p>\n","protected":false},"excerpt":{"rendered":"<p>Kiemelked\u0151 sikerrel z\u00e1rultak a Semmelweis Egyetem 2025-\u00f6s Online Ny\u00edlt Napjai &nbsp; Az esem\u00e9ny minden eddigin\u00e9l nagyobb \u00e9rdekl\u0151d\u00e9s mellett zajlott, hiszen t\u00f6bb, mint 7000 megtekint\u00e9st regisztr\u00e1ltunk, ami k\u00f6zel h\u00e1romszoros n\u00f6veked\u00e9st jelent a tavalyi \u00e9vhez k\u00e9pest. A 2025. janu\u00e1r 23-24-\u00e9n megrendezett esem\u00e9ny az egyetem hat kar\u00e1nak, Szakk\u00e9pz\u0151 Int\u00e9zm\u00e9nyeinek \u00e9s a nemzetk\u00f6zi programok bevon\u00e1s\u00e1val val\u00f3sult meg, igazgat\u00f3s\u00e1gunk az &hellip;<\/p>\n","protected":false},"author":102383,"featured_media":594,"parent":511,"menu_order":1,"comment_status":"closed","ping_status":"closed","template":"","meta":{"_acf_changed":false,"footnotes":""},"categories":[],"tags":[40],"class_list":["post-593","page","type-page","status-publish","has-post-thumbnail","hentry","tag-siker"],"acf":[],"_links":{"self":[{"href":"https:\/\/semmelweis.hu\/studentsupport\/wp-json\/wp\/v2\/pages\/593","targetHints":{"allow":["GET"]}}],"collection":[{"href":"https:\/\/semmelweis.hu\/studentsupport\/wp-json\/wp\/v2\/pages"}],"about":[{"href":"https:\/\/semmelweis.hu\/studentsupport\/wp-json\/wp\/v2\/types\/page"}],"author":[{"embeddable":true,"href":"https:\/\/semmelweis.hu\/studentsupport\/wp-json\/wp\/v2\/users\/102383"}],"replies":[{"embeddable":true,"href":"https:\/\/semmelweis.hu\/studentsupport\/wp-json\/wp\/v2\/comments?post=593"}],"version-history":[{"count":10,"href":"https:\/\/semmelweis.hu\/studentsupport\/wp-json\/wp\/v2\/pages\/593\/revisions"}],"predecessor-version":[{"id":613,"href":"https:\/\/semmelweis.hu\/studentsupport\/wp-json\/wp\/v2\/pages\/593\/revisions\/613"}],"up":[{"embeddable":true,"href":"https:\/\/semmelweis.hu\/studentsupport\/wp-json\/wp\/v2\/pages\/511"}],"wp:featuredmedia":[{"embeddable":true,"href":"https:\/\/semmelweis.hu\/studentsupport\/wp-json\/wp\/v2\/media\/594"}],"wp:attachment":[{"href":"https:\/\/semmelweis.hu\/studentsupport\/wp-json\/wp\/v2\/media?parent=593"}],"wp:term":[{"taxonomy":"category","embeddable":true,"href":"https:\/\/semmelweis.hu\/studentsupport\/wp-json\/wp\/v2\/categories?post=593"},{"taxonomy":"post_tag","embeddable":true,"href":"https:\/\/semmelweis.hu\/studentsupport\/wp-json\/wp\/v2\/tags?post=593"}],"curies":[{"name":"wp","href":"https:\/\/api.w.org\/{rel}","templated":true}]}}