{"id":30,"date":"2023-09-21T10:04:37","date_gmt":"2023-09-21T08:04:37","guid":{"rendered":"https:\/\/semmelweis.hu\/studentservices\/?page_id=30"},"modified":"2023-11-14T15:16:52","modified_gmt":"2023-11-14T14:16:52","slug":"hasznos","status":"publish","type":"page","link":"https:\/\/semmelweis.hu\/studentsupport\/hasznos\/","title":{"rendered":"Hasznos"},"content":{"rendered":"<h1>Csal\u00e1dbar\u00e1t Egyetem program<\/h1>\n<p>A Semmelweis Egyetem polg\u00e1rak\u00e9nt <strong>sz\u00e1mos kedvezm\u00e9ny<\/strong>ben r\u00e9szes\u00fclhetsz. A programban r\u00e9szt vev\u0151 \u00fczletekr\u0151l \u00e9s szolg\u00e1ltat\u00f3kr\u00f3l az <span style=\"color: #0000ff\"><a href=\"https:\/\/semmelweis.hu\/csaladbarat\/kedvezmenyek\/\" target=\"_blank\" rel=\"noopener\">al\u00e1bbi linken<\/a> <\/span>t\u00e1j\u00e9koz\u00f3dhatsz.<\/p>\n<h1 class=\"entry-title text-uppercase\">DI\u00c1KTAN\u00c1CSAD\u00d3<\/h1>\n<p>Az egyetemi \u00e9vek a fiatal feln\u0151ttkor igen \u00e9rz\u00e9keny id\u0151szak\u00e1ra esnek. A tanulm\u00e1nyokkal kapcsolatos kih\u00edv\u00e1sok \u00e9s a mindennapi \u00e9let neh\u00e9zs\u00e9gei ezen \u00e9letszakasz tipikus feladataival kar\u00f6ltve sokszor elakad\u00e1shoz, elbizonytalanod\u00e1shoz vezethetnek, melyb\u0151l nehezen l\u00e1that\u00f3 a ki\u00fat. Ilyenkor egy k\u00fcls\u0151 szem seg\u00edts\u00e9g\u00e9vel, egy szakember vezet\u00e9s\u00e9vel olyan rejtett tartal\u00e9kokra, er\u0151forr\u00e1sokra tal\u00e1lhatunk, melyek a megbillent egyens\u00falyt vissza\u00e1ll\u00edthatj\u00e1k.<br \/><a href=\"https:\/\/semmelweis.hu\/magtud\/gyogyitas\/diaktanacsado\/\" target=\"_blank\" rel=\"noopener\"><span style=\"color: #0000ff\">Ezen az oldalon<\/span><\/a> olvashatsz b\u0151vebben a di\u00e1ktan\u00e1csad\u00f3r\u00f3l.<\/p>\n<h1>Erasmus<\/h1>\n<p>A program \u00e1ltal\u00e1nos c\u00e9lkit\u0171z\u00e9se, hogy az eg\u00e9sz \u00e9leten \u00e1t tart\u00f3 tanul\u00e1s r\u00e9v\u00e9n t\u00e1mogassa a tanulm\u00e1nyi el\u0151menetelt, illetve <strong>szakmai \u00e9s szem\u00e9lyes fejl\u0151d\u00e9st az oktat\u00e1s \u00e9s a k\u00e9pz\u00e9s ter\u00fclet\u00e9n Eur\u00f3p\u00e1ban<\/strong>, \u00e9s ez\u00e1ltal hozz\u00e1j\u00e1ruljon a fenntarthat\u00f3 n\u00f6veked\u00e9shez, a min\u0151s\u00e9gi munkahelyek megteremt\u00e9shez, a t\u00e1rsadalmi koh\u00e9zi\u00f3hoz, az innov\u00e1ci\u00f3 el\u0151mozd\u00edt\u00e1s\u00e1hoz, valamint az eur\u00f3pai identit\u00e1s \u00e9s az akt\u00edv polg\u00e1ri szerepv\u00e1llal\u00e1s er\u0151s\u00edt\u00e9s\u00e9hez.<br \/>Az egyetem Erasmussal kapcsolatos oldal\u00e1t <span style=\"color: #0000ff\"><a href=\"https:\/\/semmelweis.hu\/erasmus\/\" target=\"_blank\" rel=\"noopener\">itt tal\u00e1lod<\/a>.<\/span><\/p>\n<h1>Hallgat\u00f3i rendezv\u00e9nyek<\/h1>\n<p>Az egyetem hallgat\u00f3jak\u00e9nt <strong>sz\u00e1mos rendezv\u00e9nyen<\/strong> vehetsz r\u00e9szt. Legyen sz\u00f3 sportesem\u00e9nyekr\u0151l, eleg\u00e1ns b\u00e1lokr\u00f3l, vagy bulikr\u00f3l. Ezekr\u0151l b\u0151vebben <span style=\"color: #0000ff\"><a href=\"https:\/\/semmelweis.hu\/egyetemi-hallgatoknak\/hallgatoi-rendezvenyek\/\" target=\"_blank\" rel=\"noopener\">itt olvashatsz.<\/a><\/span><\/p>\n<h1>H\u00d6K<\/h1>\n<p>A <span style=\"color: #0000ff\"><a href=\"https:\/\/semmelweis.hu\/hok\/\" target=\"_blank\" rel=\"noopener\">Hallgat\u00f3i \u00d6nkorm\u00e1nyzat weboldal\u00e1n<\/a> <\/span>olvashatsz a <strong>H\u00d6K<\/strong> munk\u00e1j\u00e1r\u00f3l \u00e9s fontos inform\u00e1ci\u00f3kat is tal\u00e1lsz a tanulm\u00e1nyaiddal kapcsolatban.<br \/>Emellett a <strong>legfrissebb rendezv\u00e9nyekr\u0151l<\/strong> is tal\u00e1lsz cikkeket.<\/p>\n<h1>Koll\u00e9giumok<\/h1>\n<p>Az egyetemi koll\u00e9giumokkal kapcsolatban minden inform\u00e1ci\u00f3t megtal\u00e1lsz <span style=\"color: #0000ff\"><a href=\"https:\/\/semmelweis.hu\/kollegiumok\/\" target=\"_blank\" rel=\"noopener\">ezen az oldalon.<\/a><\/span><\/p>\n<h1>K\u00f6nyvt\u00e1rak<\/h1>\n<h3>Van m\u00e9g hely a k\u00f6nyvt\u00e1rban?<\/h3>\n<p><span style=\"color: #0000ff\"><a href=\"https:\/\/lib.semmelweis.hu\/szabad_helyek\" target=\"_blank\" rel=\"noopener\">Ezen a linken<\/a><\/span> lehet megtekinteni azt, hogy mennyi hely van az egyetem k\u00f6nyvt\u00e1raiban.<\/p>\n<h3>Hogyan tudok bejutni?<\/h3>\n<p>A bel\u00e9p\u00e9shez regisztr\u00e1lni kell a <a href=\"https:\/\/lib.semmelweis.hu\/konyvtari_kartya\" target=\"_blank\" rel=\"noopener\">k<span style=\"color: #0000ff\">\u00f6nyvt\u00e1r weboldal\u00e1n<\/span><\/a><span style=\"color: #0000ff\">.<\/span> Ide a SEKA felhaszn\u00e1l\u00f3val lehet bel\u00e9pni.<br \/>Fontos, hogy meg kell adni egy f\u00e9nyk\u00e9pet is a k\u00f6nyvt\u00e1ri k\u00e1rty\u00e1hoz. Ezt iPhone k\u00e9sz\u00fcl\u00e9keken a regisztr\u00e1ci\u00f3kor kell elk\u00e9sz\u00edteni, m\u00e1s eszk\u00f6z\u00f6n kor\u00e1bban k\u00e9sz\u00fclt fot\u00f3t is ki lehet v\u00e1lasztani.<\/p>\n<h3>Hallgat\u00f3i VPN hozz\u00e1f\u00e9r\u00e9s<\/h3>\n<p>Amennyiben kutat\u00e1shoz az egyetem adatb\u00e1zis\u00e1t \u00e9s foly\u00f3iratait szeretn\u00e9d haszn\u00e1lni, akkor<span style=\"color: #0000ff\"> <a href=\"https:\/\/lib.semmelweis.hu\/se_kk_vpn\" target=\"_blank\" rel=\"noopener\">ezen a linken<\/a><\/span> tudod a k\u00f6nyvt\u00e1ri VPN kapcsolatot be\u00e1ll\u00edtani.<\/p>\n<h3>K\u00f6lcs\u00f6nz\u00e9s<\/h3>\n<p>Az egyetemi tanulm\u00e1nyok sor\u00e1n akadhatnak olyan k\u00f6nyvek, melyeket ki szeretn\u00e9l k\u00f6lcs\u00f6n\u00f6zni a k\u00f6nyvt\u00e1rb\u00f3l a tanul\u00e1s idej\u00e9re. Ezt megteheted a k\u00f6nyvt\u00e1rainkban, b\u0151vebben <span style=\"color: #0000ff\"><a href=\"https:\/\/lib.semmelweis.hu\/kolcsonzes\" target=\"_blank\" rel=\"noopener\">ezen az oldalon<\/a> <\/span>olvashatsz a k\u00f6lcs\u00f6nz\u00e9s menet\u00e9r\u0151l.<\/p>\n<h1>Medicina Kiad\u00f3<\/h1>\n<p>Orvosi szakk\u00f6nyvek beszerz\u00e9s\u00e9hez aj\u00e1nljuk a Medicina Kiad\u00f3t.<br \/>A weboldalukat <span style=\"color: #0000ff\"><a href=\"https:\/\/www.medicina-kiado.hu\/\" target=\"_blank\" rel=\"noopener\">itt tal\u00e1lod<\/a>.<\/span><\/p>\n<h1>Medikus zenekar<\/h1>\n<p>A Semmelweis Egyetem Medikus Zenekara amellett, hogy az int\u00e9zm\u00e9ny kultur\u00e1lis \u00e9let\u00e9nek meghat\u00e1roz\u00f3 szerepl\u0151je, t\u00f6bbek k\u00f6z\u00f6tt m\u00e1r Bayreuthban, Sv\u00e1jcban \u00e9s a Zeneakad\u00e9mi\u00e1n is nagy siker\u0171 koncerteket adott.<br \/>Amennyiben te is tagja lenn\u00e9l a zenekarnak, <span style=\"color: #0000ff\"><a href=\"https:\/\/medikuszenekar.hu\/zenekar\/\" target=\"_blank\" rel=\"noopener\">itt tudsz jelentkezni<\/a>.<\/span><\/p>\n<h1>NEPTUN<\/h1>\n<h3>F\u0151oldal<\/h3>\n<p><span style=\"color: #0000ff\"><a href=\"https:\/\/semmelweis.hu\/neptun\/hu\/neptun-inditasa\/\" target=\"_blank\" rel=\"noopener\">Itt<\/a><\/span> hasznos inform\u00e1ci\u00f3kat tal\u00e1lhatsz arra az esetre, ha esetleg elfelejtetted volna a jelszavad.<\/p>\n<h3>Bel\u00e9p\u00e9s<\/h3>\n<p><span style=\"color: #0000ff\"><a href=\"https:\/\/neptunweb.semmelweis.hu\/hallgato\/login.aspx\" target=\"_blank\" rel=\"noopener\">Ezen az oldalon<\/a><\/span> tudsz bel\u00e9pni hallgat\u00f3k\u00e9nt a NEPTUN port\u00e1lra.<\/p>\n<h1>Oktat\u00e1s<\/h1>\n<p>Az egyetem <span style=\"color: #0000ff\"><a href=\"https:\/\/semmelweis.hu\/oktatas\/az-oktatasi-tevekenyseg-bemutatasa\/\" target=\"_blank\" rel=\"noopener\">oktat\u00e1ssal kapcsolatos f\u0151oldal\u00e1n<\/a><\/span> rengeteg hasznos inform\u00e1ci\u00f3t tal\u00e1lhatsz, ezek k\u00f6z\u00fcl kiemelt\u00fcnk p\u00e1rat.<\/p>\n<h3>A tan\u00e9v rendje<\/h3>\n<p>A tan\u00e9vnapt\u00e1r az adott tan\u00e9v id\u0151beoszt\u00e1s\u00e1t tartalmazza. Ezt minden kar a saj\u00e1t honlapj\u00e1n teszi k\u00f6zz\u00e9, melyeket \u00f6sszegy\u0171jtve <span style=\"color: #0000ff\"><a href=\"https:\/\/semmelweis.hu\/oktatas\/tanev-rendje\/\" target=\"_blank\" rel=\"noopener\">ezen a linken<\/a><\/span> tal\u00e1lhatsz meg.<\/p>\n<h3>D\u00e9k\u00e1ni hivatalok<\/h3>\n<p>Ha valamilyen hivatalos, a tanulm\u00e1nyaiddal kapcsolatos \u00fcgyet szeretn\u00e9l elint\u00e9zni, akkor ezt az adott kar D\u00e9k\u00e1ni Hivatal\u00e1n\u00e1l tudod megtenni.<br \/>A kari hivatalok honlapjait \u00f6sszegy\u0171jtve <span style=\"color: #0000ff\"><a href=\"https:\/\/semmelweis.hu\/oktatas\/dekani-hivatalok\/\" target=\"_blank\" rel=\"noopener\">ezen a linken<\/a><\/span> tal\u00e1lod meg.<\/p>\n<h3>Moodle<\/h3>\n<p>A tanulm\u00e1nyaid sor\u00e1n sokat fogsz tal\u00e1lkozni ezzel az oldallal, melyen kereszt\u00fcl az e-learninges oktat\u00e1si anyagokat osztj\u00e1k meg az oktat\u00f3k. <span style=\"color: #0000ff\"><a href=\"https:\/\/itc.semmelweis.hu\/moodle\/login\/index.php\" target=\"_blank\" rel=\"noopener\">Itt tudsz bel\u00e9pni az oldalra.<\/a><\/span><\/p>\n<h3>Karokon k\u00edv\u00fcli oktat\u00e1si k\u00f6zpontok<\/h3>\n<p>A legf\u0151bb egyetemi \u00e9p\u00fcleteken k\u00edv\u00fcl sz\u00e1mos helysz\u00edn van, ahol oktat\u00e1s zajlik. Ide tartozik a Sportk\u00f6zpont \u00e9s a Szimul\u00e1ci\u00f3s K\u00f6zpont is.<br \/><span style=\"color: #0000ff\"><a href=\"https:\/\/semmelweis.hu\/oktatas\/kozponti-oktatasi-egysegek\/\" target=\"_blank\" rel=\"noopener\">Ezekr\u0151l itt olvashatsz.<\/a><\/span><\/p>\n<h1>P\u00e1ly\u00e1zatok, \u00f6szt\u00f6nd\u00edjak<\/h1>\n<p>Egyetem\u00fcnk\u00f6n <strong>t\u00f6bb fajta \u00f6szt\u00f6nd\u00edjjal \u00e9s p\u00e1ly\u00e1zattal<\/strong> tal\u00e1lkozhatsz. Ezek r\u00e9szleteir\u0151l <span style=\"color: #0000ff\"><a href=\"https:\/\/semmelweis.hu\/hok\/palyazatok\/\" target=\"_blank\" rel=\"noopener\">itt olvashatsz<\/a>.<\/span><\/p>\n<h1>Semmelweis Kiad\u00f3<\/h1>\n<p>A tanulm\u00e1nyok sor\u00e1n t\u00f6bb oktat\u00e1si anyagot \u00e9s szakirodalmat a <span style=\"color: #0000ff\"><a href=\"https:\/\/www.semmelweiskiado.hu\/\" target=\"_blank\" rel=\"noopener\">Semmelweis Kiad\u00f3t\u00f3l<\/a> <\/span>tudsz beszerezni.<br \/>Szem\u00e9lyes \u00e1tv\u00e9telkor a Nagyv\u00e1rad t\u00e9ri Elm\u00e9leti T\u00f6mbben tal\u00e1lhat\u00f3 \u00fczletben 10% kedvezm\u00e9nyben r\u00e9szes\u00fclsz a Semmelweis Egyetem hallgat\u00f3jak\u00e9nt.<\/p>\n<h1>Semmelweis Shop<\/h1>\n<p>Szembej\u00f6ttek veled a folyos\u00f3n egy igaz\u00e1n men\u0151 egyetemi log\u00f3val h\u00edmzett pul\u00f3verben, ami nagyon megtetszett? Vizsg\u00e1ra szeretn\u00e9l venni egy egyetemi kit\u0171z\u0151t? Ak\u00e1r egy nyakkend\u0151t, ami szerencs\u00e9t hoz?<br \/>Ezeket mind megrendelheted a <span style=\"color: #0000ff\"><a href=\"https:\/\/www.semmelweisshop.hu\/\" target=\"_blank\" rel=\"noopener\">Semmelweis Shop weboldal\u00e1n<\/a><\/span>, vagy ak\u00e1r megv\u00e1s\u00e1rolhatod szem\u00e9lyesen az EOK-ban.<\/p>\n<h1>Sport az egyetemen<\/h1>\n<p>A Semmelweis Egyetem hallgat\u00f3jak\u00e9nt <strong>sz\u00e1mos sportol\u00e1si lehet\u0151s\u00e9g<\/strong> k\u00f6z\u00fcl v\u00e1laszthatsz. A legt\u00f6bb karon a k\u00e9pz\u00e9s teljes ideje alatt k\u00f6telez\u0151 testnevel\u00e9s \u00f3r\u00e1k vannak minden h\u00e9ten, amelyeket a Z\u00e1gr\u00e1bi \u00fati Sportk\u00f6zpont tan\u00e1rai vezetnek. R\u00e9szt vehetsz <strong>k\u00fcl\u00f6nf\u00e9le szabadon v\u00e1laszthat\u00f3 sport\u00e1gspecifikus \u00f3r\u00e1kon<\/strong> is, mint p\u00e9ld\u00e1ul a judo, aerobic, boulder, salsa, tenisz, j\u00f3ga, frizbi vagy ak\u00e1r a zumba. Itt alap, illetve k\u00f6z\u00e9phalad\u00f3 szinten foglalkoznak az adott sport\u00e1ggal, heti egyszer 60 percben.<br \/><a href=\"https:\/\/semmelweis.hu\/egyetemi-hallgatoknak\/sportolasi-lehetosegek\/\" target=\"_blank\" rel=\"noopener\"><span style=\"color: #0000ff\">Itt tal\u00e1lod azt az oldalt<\/span><\/a>, ahol a sportol\u00e1si lehet\u0151s\u00e9gekr\u0151l b\u0151vebben olvashatsz.<\/p>\n<h1>Tehets\u00e9ggondoz\u00e1s<\/h1>\n<p>Az egyetem k\u00fcl\u00f6n\u00f6s figyelmet ford\u00edt a tehets\u00e9ggondoz\u00e1sra, \u00edgy arra megannyi lehet\u0151s\u00e9get k\u00edn\u00e1l.<br \/><a href=\"https:\/\/semmelweis.hu\/egyetemi-hallgatoknak\/tehetseggondozas\/\" target=\"_blank\" rel=\"noopener\"><span style=\"color: #0000ff\">Ezen az oldalon<\/span><\/a> r\u00f6viden olvashatsz a TDK-r\u00f3l, a Kerpel programr\u00f3l \u00e9s a szakkoll\u00e9giumok ny\u00fajtotta lehet\u0151s\u00e9gekr\u0151l<\/p>\n<h1>TDK<\/h1>\n<p>Amennyiben szeretn\u00e9l szeretn\u00e9d elkezdeni a TDK-t, de nem tudod, hogy indulj el ezen az \u00faton, akkor seg\u00edt\u00fcnk!<br \/>A <span style=\"color: #0000ff\"><a href=\"https:\/\/semmelweis.hu\/tdk\/\" target=\"_blank\" rel=\"noopener\">Tudom\u00e1nyos Di\u00e1kk\u00f6ri Tan\u00e1cs oldal\u00e1n<\/a><\/span> minden fontos inform\u00e1ci\u00f3t megtal\u00e1lhatsz, emellett a legfrissebb TDK hirdet\u00e9seket is \u00f6sszegy\u0171jtik, hogy a kutat\u00f3csoporthoz t\u00f6rt\u00e9n\u0151 csatlakoz\u00e1st megk\u00f6nny\u00edts\u00e9k neked.<\/p>\n<h1>Telefonk\u00f6nyv<\/h1>\n<p>Ha valakinek nem tal\u00e1lod az el\u00e9rhet\u0151s\u00e9g\u00e9t, akkor <span style=\"color: #0000ff\"><a href=\"https:\/\/semmelweis.hu\/telefonkonyv\/\" target=\"_blank\" rel=\"noopener\">ezen a linken<\/a> <\/span>\u00e9red el az egyetemi telefonk\u00f6nyvet. Itt n\u00e9v \u00e9s szervezeti egys\u00e9g szerint is kereshetsz.<\/p>\n<h1>Hallgat\u00f3knak<\/h1>\n<p>Az egyetem f\u0151oldal\u00e1n kereszt\u00fcl is tal\u00e1lhatsz p\u00e1r \u00f6sszegy\u0171jt\u00f6tt hasznos linket. <span style=\"color: #0000ff\"><a href=\"https:\/\/semmelweis.hu\/egyetemi-hallgatoknak\/\" target=\"_blank\" rel=\"noopener\">Ezeket itt \u00e9rheted el.<\/a><\/span><\/p>\n<h1>Alumni<\/h1>\n<p>Az Alumni a v\u00e9gzett hallgat\u00f3kat \u00f6sszefog\u00f3 szervezet az egyetemen. Munk\u00e1jukr\u00f3l <span style=\"color: #0000ff\"><a href=\"https:\/\/semmelweis.hu\/alumni\/\" target=\"_blank\" rel=\"noopener\">itt olvashatsz<\/a>.<\/span><\/p>\n","protected":false},"excerpt":{"rendered":"<p>Csal\u00e1dbar\u00e1t Egyetem program A Semmelweis Egyetem polg\u00e1rak\u00e9nt sz\u00e1mos kedvezm\u00e9nyben r\u00e9szes\u00fclhetsz. A programban r\u00e9szt vev\u0151 \u00fczletekr\u0151l \u00e9s szolg\u00e1ltat\u00f3kr\u00f3l az <a href=\"https:\/\/semmelweis.hu\/csaladbarat\/kedvezmenyek\/\" target=\"_blank\" rel=\"noopener\">al\u00e1bbi linken<\/a> t\u00e1j\u00e9koz\u00f3dhatsz. DI\u00c1KTAN\u00c1CSAD\u00d3 Az egyetemi \u00e9vek a fiatal feln\u0151ttkor igen \u00e9rz\u00e9keny id\u0151szak\u00e1ra esnek. A tanulm\u00e1nyokkal kapcsolatos kih\u00edv\u00e1sok \u00e9s a mindennapi \u00e9let neh\u00e9zs\u00e9gei ezen \u00e9letszakasz tipikus feladataival kar\u00f6ltve sokszor elakad\u00e1shoz, elbizonytalanod\u00e1shoz vezethetnek, melyb\u0151l nehezen l\u00e1that\u00f3 a ki\u00fat. Ilyenkor egy &hellip;<\/p>\n","protected":false},"author":102237,"featured_media":0,"parent":0,"menu_order":2,"comment_status":"closed","ping_status":"closed","template":"","meta":{"_acf_changed":false,"footnotes":""},"categories":[],"tags":[],"class_list":["post-30","page","type-page","status-publish","hentry"],"acf":[],"_links":{"self":[{"href":"https:\/\/semmelweis.hu\/studentsupport\/wp-json\/wp\/v2\/pages\/30","targetHints":{"allow":["GET"]}}],"collection":[{"href":"https:\/\/semmelweis.hu\/studentsupport\/wp-json\/wp\/v2\/pages"}],"about":[{"href":"https:\/\/semmelweis.hu\/studentsupport\/wp-json\/wp\/v2\/types\/page"}],"author":[{"embeddable":true,"href":"https:\/\/semmelweis.hu\/studentsupport\/wp-json\/wp\/v2\/users\/102237"}],"replies":[{"embeddable":true,"href":"https:\/\/semmelweis.hu\/studentsupport\/wp-json\/wp\/v2\/comments?post=30"}],"version-history":[{"count":10,"href":"https:\/\/semmelweis.hu\/studentsupport\/wp-json\/wp\/v2\/pages\/30\/revisions"}],"predecessor-version":[{"id":283,"href":"https:\/\/semmelweis.hu\/studentsupport\/wp-json\/wp\/v2\/pages\/30\/revisions\/283"}],"wp:attachment":[{"href":"https:\/\/semmelweis.hu\/studentsupport\/wp-json\/wp\/v2\/media?parent=30"}],"wp:term":[{"taxonomy":"category","embeddable":true,"href":"https:\/\/semmelweis.hu\/studentsupport\/wp-json\/wp\/v2\/categories?post=30"},{"taxonomy":"post_tag","embeddable":true,"href":"https:\/\/semmelweis.hu\/studentsupport\/wp-json\/wp\/v2\/tags?post=30"}],"curies":[{"name":"wp","href":"https:\/\/api.w.org\/{rel}","templated":true}]}}