{"id":207,"date":"2020-06-17T15:00:31","date_gmt":"2020-06-17T13:00:31","guid":{"rendered":"https:\/\/semmelweis.hu\/stressgroup\/?page_id=207"},"modified":"2024-11-18T15:00:12","modified_gmt":"2024-11-18T14:00:12","slug":"past-members","status":"publish","type":"page","link":"https:\/\/semmelweis.hu\/stressgroup\/members\/past-members\/","title":{"rendered":"Past Members"},"content":{"rendered":"<p>Eszter Gecse Ph.D.<\/p>\n<p>Christian Grinan Ferr\u00e9 Ph.D.<\/p>\n<p>Istv\u00e1n Taisz M.D.<\/p>\n<p>D\u00e1vid Gyurk\u00f3 M.D., Ph.D.<\/p>\n<p>Iv\u00e1n Fekete M.D.<\/p>\n<p>Di\u00e1na Papp Ph.D.<\/p>\n<p>Benedek Tihanyi M.D., Ph.D.<\/p>\n<p>Zolt\u00e1n Spir\u00f3 Ph.D.<\/p>\n<p>Zolt\u00e1n Path\u00f3 M.Sc.<\/p>\n<p>M\u00e1rton T\u00f3th Ph.D.<\/p>\n<p>Bal\u00e1zs Dancs\u00f3 M.D.<\/p>\n<p>Mehmet Alper Arslan Ph.D.<\/p>\n<p>\u00c1kos Putics Ph.D.<\/p>\n<p>Maria Chikina Ph.D.<\/p>\n<p>Eszter M\u00e1ria V\u00e9gh M.D., Ph.D.<\/p>\n<p>Attila R\u00e1cz M.D.<\/p>\n<p>\u00c1kos Vermes<\/p>\n<p>Levente Kov\u00e1cs Ph.D.<\/p>\n<p>J\u00falia L\u00e1ng M.D.<\/p>\n<p>G\u00e1bor Szegv\u00e1ri<\/p>\n","protected":false},"excerpt":{"rendered":"<p>Eszter Gecse Ph.D. Christian Grinan Ferr\u00e9 Ph.D. Istv\u00e1n Taisz M.D. D\u00e1vid Gyurk\u00f3 M.D., Ph.D. Iv\u00e1n Fekete M.D. Di\u00e1na Papp Ph.D. Benedek Tihanyi M.D., Ph.D. Zolt\u00e1n Spir\u00f3 Ph.D. Zolt\u00e1n Path\u00f3 M.Sc. M\u00e1rton T\u00f3th Ph.D. Bal\u00e1zs Dancs\u00f3 M.D. Mehmet Alper Arslan Ph.D. \u00c1kos Putics Ph.D. Maria Chikina Ph.D. Eszter M\u00e1ria V\u00e9gh M.D., Ph.D. Attila R\u00e1cz M.D. \u00c1kos &hellip;<\/p>\n","protected":false},"author":101588,"featured_media":0,"parent":72,"menu_order":1,"comment_status":"closed","ping_status":"closed","template":"","meta":{"_acf_changed":false,"footnotes":""},"categories":[],"tags":[],"class_list":["post-207","page","type-page","status-publish","hentry"],"acf":[],"_links":{"self":[{"href":"https:\/\/semmelweis.hu\/stressgroup\/wp-json\/wp\/v2\/pages\/207","targetHints":{"allow":["GET"]}}],"collection":[{"href":"https:\/\/semmelweis.hu\/stressgroup\/wp-json\/wp\/v2\/pages"}],"about":[{"href":"https:\/\/semmelweis.hu\/stressgroup\/wp-json\/wp\/v2\/types\/page"}],"author":[{"embeddable":true,"href":"https:\/\/semmelweis.hu\/stressgroup\/wp-json\/wp\/v2\/users\/101588"}],"replies":[{"embeddable":true,"href":"https:\/\/semmelweis.hu\/stressgroup\/wp-json\/wp\/v2\/comments?post=207"}],"version-history":[{"count":3,"href":"https:\/\/semmelweis.hu\/stressgroup\/wp-json\/wp\/v2\/pages\/207\/revisions"}],"predecessor-version":[{"id":240,"href":"https:\/\/semmelweis.hu\/stressgroup\/wp-json\/wp\/v2\/pages\/207\/revisions\/240"}],"up":[{"embeddable":true,"href":"https:\/\/semmelweis.hu\/stressgroup\/wp-json\/wp\/v2\/pages\/72"}],"wp:attachment":[{"href":"https:\/\/semmelweis.hu\/stressgroup\/wp-json\/wp\/v2\/media?parent=207"}],"wp:term":[{"taxonomy":"category","embeddable":true,"href":"https:\/\/semmelweis.hu\/stressgroup\/wp-json\/wp\/v2\/categories?post=207"},{"taxonomy":"post_tag","embeddable":true,"href":"https:\/\/semmelweis.hu\/stressgroup\/wp-json\/wp\/v2\/tags?post=207"}],"curies":[{"name":"wp","href":"https:\/\/api.w.org\/{rel}","templated":true}]}}