{"id":169,"date":"2020-05-15T13:44:06","date_gmt":"2020-05-15T11:44:06","guid":{"rendered":"https:\/\/semmelweis.hu\/stressgroup\/?page_id=169"},"modified":"2020-05-15T13:44:06","modified_gmt":"2020-05-15T11:44:06","slug":"role-of-serotonergic-system-in-stress-tolerance-learning-and-memory","status":"publish","type":"page","link":"https:\/\/semmelweis.hu\/stressgroup\/projects\/stress-induced-adaptive-cellular-and-behavioral-responses-in-caenorhabditis-elegans\/role-of-serotonergic-system-in-stress-tolerance-learning-and-memory\/","title":{"rendered":"Role of serotonergic system in stress tolerance, learning and memory"},"content":{"rendered":"<p>In this project we aimed to discover the role of serotonergic system in stress tolerance, associative learning as well as memory formation after experience of starvation or different quality of food source.<\/p>\n<p>Participants: Szilvia Bl\u00e9nesi, G\u00e1bor Hajd\u00fa<\/p>\n","protected":false},"excerpt":{"rendered":"<p>In this project we aimed to discover the role of serotonergic system in stress tolerance, associative learning as well as memory formation after experience of starvation or different quality of food source.<br \/>\nParticipants: Szilvia Bl\u00e9nesi, G\u00e1bor Hajd\u00fa<\/p>\n","protected":false},"author":101588,"featured_media":0,"parent":66,"menu_order":0,"comment_status":"closed","ping_status":"closed","template":"","meta":{"_acf_changed":false,"footnotes":""},"categories":[],"tags":[],"class_list":["post-169","page","type-page","status-publish","hentry"],"acf":[],"_links":{"self":[{"href":"https:\/\/semmelweis.hu\/stressgroup\/wp-json\/wp\/v2\/pages\/169","targetHints":{"allow":["GET"]}}],"collection":[{"href":"https:\/\/semmelweis.hu\/stressgroup\/wp-json\/wp\/v2\/pages"}],"about":[{"href":"https:\/\/semmelweis.hu\/stressgroup\/wp-json\/wp\/v2\/types\/page"}],"author":[{"embeddable":true,"href":"https:\/\/semmelweis.hu\/stressgroup\/wp-json\/wp\/v2\/users\/101588"}],"replies":[{"embeddable":true,"href":"https:\/\/semmelweis.hu\/stressgroup\/wp-json\/wp\/v2\/comments?post=169"}],"version-history":[{"count":1,"href":"https:\/\/semmelweis.hu\/stressgroup\/wp-json\/wp\/v2\/pages\/169\/revisions"}],"predecessor-version":[{"id":170,"href":"https:\/\/semmelweis.hu\/stressgroup\/wp-json\/wp\/v2\/pages\/169\/revisions\/170"}],"up":[{"embeddable":true,"href":"https:\/\/semmelweis.hu\/stressgroup\/wp-json\/wp\/v2\/pages\/66"}],"wp:attachment":[{"href":"https:\/\/semmelweis.hu\/stressgroup\/wp-json\/wp\/v2\/media?parent=169"}],"wp:term":[{"taxonomy":"category","embeddable":true,"href":"https:\/\/semmelweis.hu\/stressgroup\/wp-json\/wp\/v2\/categories?post=169"},{"taxonomy":"post_tag","embeddable":true,"href":"https:\/\/semmelweis.hu\/stressgroup\/wp-json\/wp\/v2\/tags?post=169"}],"curies":[{"name":"wp","href":"https:\/\/api.w.org\/{rel}","templated":true}]}}