{"id":227,"date":"2020-01-26T17:20:35","date_gmt":"2020-01-26T17:20:35","guid":{"rendered":"http:\/\/semmelweis.hu\/stemcell\/?page_id=227"},"modified":"2020-12-29T08:00:44","modified_gmt":"2020-12-29T07:00:44","slug":"a-primer-nyirokszervek-embryonalis-fejlodese","status":"publish","type":"page","link":"https:\/\/semmelweis.hu\/stemcell\/projektek\/a-primer-nyirokszervek-embryonalis-fejlodese\/","title":{"rendered":"A primer nyirokszervek embryon\u00e1lis fejl\u0151d\u00e9se"},"content":{"rendered":"<p style=\"text-align: justify\"><strong><u>A lymphomyeloid szervek k\u00eds\u00e9rletes \u00e9s molekul\u00e1ris fejl\u0151d\u00e9se<\/u><\/strong><\/p>\n<p style=\"text-align: justify\">A t\u00e9ma els\u0151sorban a hemopoietikus szervek organogen\u00e9zis\u00e9t, pontosabban a hemopoietikus sejtek differenci\u00e1l\u00f3d\u00e1s\u00e1ban szerepet j\u00e1tsz\u00f3 mikrok\u00f6rnyezet kialakul\u00e1s\u00e1t, annak sejtes \u00e9s extracellul\u00e1ris elemekb\u0151l \u00e1ll\u00f3 h\u00e1l\u00f3zat\u00e1t \u00e9s molekul\u00e1ris szab\u00e1lyoz\u00e1s\u00e1t c\u00e9lozza meg. A myeloid- \u00e9s lymphoid szervek organogen\u00e9zis\u00e9nek k\u00e9t st\u00e1dium\u00e1t vizsg\u00e1ljuk; <u>1) a gasztrul\u00e1ci\u00f3 sor\u00e1n a szerv telep\u00e9nek megjelen\u00e9s\u00e9t; \u00e9s 2) a szervspecifikus mikrok\u00f6rnyezet histogenesis\u00e9t,<\/u> melynek sor\u00e1n a \u201eniche\u201d kompetens\u00e9 v\u00e1lik a hemopoietikus sejtek befogad\u00e1s\u00e1ra \u00e9s \u201enevel\u00e9s\u00e9re\u201d. K\u00eds\u00e9rleteinkben a klasszikus embryoseb\u00e9szeti technik\u00e1kat (kim\u00e9rak\u00e9sz\u00edt\u00e9s, abl\u00e1ci\u00f3, implant\u00e1ci\u00f3, parabi\u00f3zis, transzplant\u00e1ci\u00f3, in vitro rekombin\u00e1ci\u00f3s sz\u00f6vetteny\u00e9szetek, immuncytok\u00e9mia, in situ hybridiz\u00e1ci\u00f3) \u00f6tv\u00f6z\u00fcnk fejl\u0151d\u00e9sbiol\u00f3giai m\u00f3dszerekkel. A lymphomyeloid szervek mikrok\u00f6rnyezet\u00e9nek megismer\u00e9se \u00e9s erre \u00e9p\u00fcl\u0151 in vitro modellez\u00e9se elm\u00e9leti \u00e9s hossz\u00fat\u00e1von, gyakorlati jelent\u0151s\u00e9ggel is b\u00edr.<\/p>\n<p style=\"text-align: justify\"><strong><u>Kiemelt kutat\u00e1si t\u00e9m\u00e1k:<\/u><\/strong><\/p>\n<p style=\"text-align: justify\"><strong><u>1) Molekul\u00e1ris k\u00f6lcs\u00f6nhat\u00e1sok a nyirokszervek morfogenezis\u00e9ben<em>.<\/em><\/u><\/strong> Homeobox g\u00e9nek \u00e9s chemokinek (C-X-C chemokine <em>ligand<\/em> 12 (CXCL12) \u00e9s CXCL13) hat\u00e1sa a bursa- vagy a l\u00e9ptelep fejl\u0151d\u00e9s\u00e9re \u00e9s hemopoietikus sejtekkel t\u00f6rt\u00e9n\u0151 koloniz\u00e1ci\u00f3j\u00e1ra.<\/p>\n<p style=\"text-align: justify\"><strong><u>2) Primer nyirokszervek fejl\u0151d\u00e9se<\/u><\/strong><\/p>\n<p style=\"text-align: justify\">K\u00eds\u00e9rleteinkben a klasszikus embryoseb\u00e9szeti technik\u00e1kat (kim\u00e9rak\u00e9sz\u00edt\u00e9s, abl\u00e1ci\u00f3, implant\u00e1ci\u00f3, parabi\u00f3zis, transzplant\u00e1ci\u00f3, in vitro rekombin\u00e1ci\u00f3s sz\u00f6vetteny\u00e9szetek, immuncytok\u00e9mia, in situ hybridiz\u00e1ci\u00f3) \u00f6tv\u00f6z\u00fcnk g\u00e9nmanipul\u00e1ci\u00f3s (retrov\u00edrus g\u00e9nbeviteli) m\u00f3dszerekkel. Tanulm\u00e1nyozzuk a BMP, VEGF, SHH, WNT \u00e9s CXCL12 n\u00f6veked\u00e9si faktorok hat\u00e1s\u00e1t a fejl\u0151d\u0151 primer nyirokszervek (thymus, bursa, csontvel\u0151) kialakul\u00e1s\u00e1ra.<\/p>\n<p style=\"text-align: justify\"><strong><u>3) Idegsz\u00f6vet-asszoci\u00e1lt macrophagok ontogenezise:<\/u><\/strong> Mezoderm\u00e1lis \u00e9s\/vagy hemopoietikus eredet\u0171 MHCII pozit\u00edv sejtek sorst\u00e9rk\u00e9pez\u00e9s\u00e9t tanulm\u00e1nyozzuk a perif\u00e9ri\u00e1s \u00e9s k\u00f6zponti idegrendszerben Megfigyelt\u00fck, hogy a b\u00e9lidegrendszerben az agyi mikrogli\u00e1khoz hasonl\u00f3 sejtt\u00edpus fordul el\u0151. CSF1R receptor transzg\u00e9n (MacRed) embryok \u00e9s CX3CR1-GFP egerek embryomanipul\u00e1ci\u00f3ja lehet\u0151v\u00e9 teszi a mikroglia-szer\u0171 sejtek embryon\u00e1lis \u00e9s feln\u0151tt jellemz\u00e9s\u00e9t.<\/p>\n<p style=\"text-align: justify\"><strong><u>4) Chorda dorsalis szerepe a lymphomyeloid szervek fejl\u0151d\u00e9s\u00e9ben<\/u><\/strong><\/p>\n","protected":false},"excerpt":{"rendered":"<p>A lymphomyeloid szervek k\u00eds\u00e9rletes \u00e9s molekul\u00e1ris fejl\u0151d\u00e9se A t\u00e9ma els\u0151sorban a hemopoietikus szervek organogen\u00e9zis\u00e9t, pontosabban a hemopoietikus sejtek differenci\u00e1l\u00f3d\u00e1s\u00e1ban szerepet j\u00e1tsz\u00f3 mikrok\u00f6rnyezet kialakul\u00e1s\u00e1t, annak sejtes \u00e9s extracellul\u00e1ris elemekb\u0151l \u00e1ll\u00f3 h\u00e1l\u00f3zat\u00e1t \u00e9s molekul\u00e1ris szab\u00e1lyoz\u00e1s\u00e1t c\u00e9lozza meg. A myeloid- \u00e9s lymphoid szervek organogen\u00e9zis\u00e9nek k\u00e9t st\u00e1dium\u00e1t vizsg\u00e1ljuk; 1) a gasztrul\u00e1ci\u00f3 sor\u00e1n a szerv telep\u00e9nek megjelen\u00e9s\u00e9t; \u00e9s 2) a &hellip;<\/p>\n","protected":false},"author":101681,"featured_media":0,"parent":224,"menu_order":0,"comment_status":"closed","ping_status":"closed","template":"template-fullwidth.php","meta":{"_acf_changed":false,"footnotes":""},"categories":[],"tags":[],"class_list":["post-227","page","type-page","status-publish","hentry"],"acf":[],"_links":{"self":[{"href":"https:\/\/semmelweis.hu\/stemcell\/wp-json\/wp\/v2\/pages\/227","targetHints":{"allow":["GET"]}}],"collection":[{"href":"https:\/\/semmelweis.hu\/stemcell\/wp-json\/wp\/v2\/pages"}],"about":[{"href":"https:\/\/semmelweis.hu\/stemcell\/wp-json\/wp\/v2\/types\/page"}],"author":[{"embeddable":true,"href":"https:\/\/semmelweis.hu\/stemcell\/wp-json\/wp\/v2\/users\/101681"}],"replies":[{"embeddable":true,"href":"https:\/\/semmelweis.hu\/stemcell\/wp-json\/wp\/v2\/comments?post=227"}],"version-history":[{"count":3,"href":"https:\/\/semmelweis.hu\/stemcell\/wp-json\/wp\/v2\/pages\/227\/revisions"}],"predecessor-version":[{"id":521,"href":"https:\/\/semmelweis.hu\/stemcell\/wp-json\/wp\/v2\/pages\/227\/revisions\/521"}],"up":[{"embeddable":true,"href":"https:\/\/semmelweis.hu\/stemcell\/wp-json\/wp\/v2\/pages\/224"}],"wp:attachment":[{"href":"https:\/\/semmelweis.hu\/stemcell\/wp-json\/wp\/v2\/media?parent=227"}],"wp:term":[{"taxonomy":"category","embeddable":true,"href":"https:\/\/semmelweis.hu\/stemcell\/wp-json\/wp\/v2\/categories?post=227"},{"taxonomy":"post_tag","embeddable":true,"href":"https:\/\/semmelweis.hu\/stemcell\/wp-json\/wp\/v2\/tags?post=227"}],"curies":[{"name":"wp","href":"https:\/\/api.w.org\/{rel}","templated":true}]}}