{"id":147,"date":"2019-12-16T10:24:04","date_gmt":"2019-12-16T10:24:04","guid":{"rendered":"http:\/\/semmelweis.hu\/ossejtlab\/?page_id=147"},"modified":"2021-10-08T11:23:24","modified_gmt":"2021-10-08T09:23:24","slug":"kapcsolat","status":"publish","type":"page","link":"https:\/\/semmelweis.hu\/stemcell\/kapcsolat\/","title":{"rendered":"Kapcsolat"},"content":{"rendered":"<p><a href=\"http:\/\/www.semmelweis.hu\/anatomia\"><b>Anat\u00f3miai, Sz\u00f6vet- \u00e9s Fejl\u0151d\u00e9stani Int\u00e9zet<\/b><\/a><br \/>\n(Semmelweis Egyetem)<\/p>\n<p><strong>C\u00edm:<\/strong> Budapest, IX. T\u0171zolt\u00f3 u. 58.<br \/>\n<strong>Postac\u00edm:<\/strong>\u00a01085 Budapest, \u00dcll\u0151i \u00fat 26.;<br \/>\n1428 Budapest, Pf.2.<\/p>\n<p><strong>Tel.:<\/strong> (36-1) 459-1500 \/ 53600<br \/>\n<strong>Fax:<\/strong> (36-1) 215-51-58<\/p>\n\n<!-- iframe plugin v.4.9 wordpress.org\/plugins\/iframe\/ -->\n<iframe loading=\"lazy\" src=\"https:\/\/www.google.com\/maps\/embed?pb=!1m18!1m12!1m3!1d2696.439867004435!2d19.077625216014884!3d47.48134377917648!2m3!1f0!2f0!3f0!3m2!1i1024!2i768!4f13.1!3m3!1m2!1s0x4741dcfbafba9f35%3A0x72f9a2bd27bbf484!2zU2VtbWVsd2VpcyBFZ3lldGVtIEFuYXTDs21pYWksIFN6w7Z2ZXQtIMOpcyBGZWpsxZFkw6lzdGFuaSBJbnTDqXpldA!5e0!3m2!1shu!2shu!4v1614944862871!5m2!1shu!2shu\" width=\"600\" height=\"450\" style=\"border:0;\" allowfullscreen 0=\"loading=&quot;lazy&quot;&gt;&lt;\/iframe&gt;\" scrolling=\"yes\" class=\"iframe-class\" frameborder=\"0\"><\/iframe>\n\n","protected":false},"excerpt":{"rendered":"<p><a href=\"http:\/\/www.semmelweis.hu\/anatomia\">Anat\u00f3miai, Sz\u00f6vet- \u00e9s Fejl\u0151d\u00e9stani Int\u00e9zet<\/a><br \/>\n(Semmelweis Egyetem)<br \/>\nC\u00edm: Budapest, IX. T\u0171zolt\u00f3 u. 58.<br \/>\nPostac\u00edm:\u00a01085 Budapest, \u00dcll\u0151i \u00fat 26.;<br \/>\n1428 Budapest, Pf.2.<br \/>\nTel.: (36-1) 459-1500 \/ 53600<br \/>\nFax: (36-1) 215-51-58<\/p>\n","protected":false},"author":12,"featured_media":0,"parent":0,"menu_order":16,"comment_status":"closed","ping_status":"closed","template":"","meta":{"_acf_changed":false,"footnotes":""},"categories":[],"tags":[],"class_list":["post-147","page","type-page","status-publish","hentry"],"acf":[],"_links":{"self":[{"href":"https:\/\/semmelweis.hu\/stemcell\/wp-json\/wp\/v2\/pages\/147","targetHints":{"allow":["GET"]}}],"collection":[{"href":"https:\/\/semmelweis.hu\/stemcell\/wp-json\/wp\/v2\/pages"}],"about":[{"href":"https:\/\/semmelweis.hu\/stemcell\/wp-json\/wp\/v2\/types\/page"}],"author":[{"embeddable":true,"href":"https:\/\/semmelweis.hu\/stemcell\/wp-json\/wp\/v2\/users\/12"}],"replies":[{"embeddable":true,"href":"https:\/\/semmelweis.hu\/stemcell\/wp-json\/wp\/v2\/comments?post=147"}],"version-history":[{"count":6,"href":"https:\/\/semmelweis.hu\/stemcell\/wp-json\/wp\/v2\/pages\/147\/revisions"}],"predecessor-version":[{"id":625,"href":"https:\/\/semmelweis.hu\/stemcell\/wp-json\/wp\/v2\/pages\/147\/revisions\/625"}],"wp:attachment":[{"href":"https:\/\/semmelweis.hu\/stemcell\/wp-json\/wp\/v2\/media?parent=147"}],"wp:term":[{"taxonomy":"category","embeddable":true,"href":"https:\/\/semmelweis.hu\/stemcell\/wp-json\/wp\/v2\/categories?post=147"},{"taxonomy":"post_tag","embeddable":true,"href":"https:\/\/semmelweis.hu\/stemcell\/wp-json\/wp\/v2\/tags?post=147"}],"curies":[{"name":"wp","href":"https:\/\/api.w.org\/{rel}","templated":true}]}}