{"id":875,"date":"2025-12-19T08:18:18","date_gmt":"2025-12-19T07:18:18","guid":{"rendered":"http:\/\/semmelweis.hu\/sportkozpont\/?page_id=875"},"modified":"2026-01-09T10:41:30","modified_gmt":"2026-01-09T09:41:30","slug":"exemption-from-p-e-lessons","status":"publish","type":"page","link":"https:\/\/semmelweis.hu\/sportkozpont\/en\/exemption\/exemption-from-p-e-lessons\/","title":{"rendered":"Exemption from P.E. lessons 2025\/2026\/2 English\/German"},"content":{"rendered":"<p><strong>R\/1\/2024. (I.08.) sz\u00e1m\u00fa rektori utas\u00edt\u00e1s<\/strong><\/p>\n<p><strong>Testnevel\u00e9s\u00a0<\/strong><strong>tant\u00e1rgy<\/strong>\u00a0<strong>\u00f3r\u00e1inak l\u00e1togat\u00e1sa al\u00f3li felment\u00e9sre ir\u00e1nyul\u00f3 hallgat\u00f3i ig\u00e9nyek elb\u00edr\u00e1l\u00e1s\u00e1nak folyamat\u00e1r\u00f3l sz\u00f3l\u00f3 R\/2\/2022. (VII.21.) sz\u00e1m\u00fa rektori utas\u00edt\u00e1s m\u00f3dos\u00edt\u00e1s\u00e1r\u00f3l<\/strong><\/p>\n<p><a href=\"https:\/\/semmelweis.hu\/jogigfoig\/2024\/01\/10\/r-1-2024-i-08-szamu-rektori-utasitas-testneveles-tantargy-orainak-latogatasa-aloli-felmentesre-iranyulo-hallgatoi-igenyek-elbiralasanak-folyamatarol-szolo-r-2-2022-vii-21-szamu-rektori-utasita\/\">https:\/\/semmelweis.hu\/jogigfoig\/2024\/01\/10\/r-1-2024-i-08-szamu-rektori-utasitas-testneveles-tantargy-orainak-latogatasa-aloli-felmentesre-iranyulo-hallgatoi-igenyek-elbiralasanak-folyamatarol-szolo-r-2-2022-vii-21-szamu-rektori-utasita\/<\/a><\/p>\n<p>German:<\/p>\n<p><a href=\"https:\/\/semmelweis.hu\/sportkozpont\/files\/2022\/09\/STEFI_hallgatoi-utmutato_20220902_GER_final.pdf\">STEFI_hallgatoi utmutato_20220902_GER_final<\/a><\/p>\n<p>English:<\/p>\n<p><a href=\"https:\/\/semmelweis.hu\/registrar\/medicine\/p_e-exemption-medicine\/\">https:\/\/semmelweis.hu\/registrar\/medicine\/p_e-exemption-medicine\/<\/a><\/p>\n<p><a href=\"https:\/\/semmelweis.hu\/sportkozpont\/files\/2022\/09\/STEFI_hallgatoi-utmutato_20220902_ENG_final.pdf\">STEFI_hallgatoi utmutato_20220902_ENG_final<\/a><\/p>\n<ol>\n<li><strong><u>Medical exemption<\/u><\/strong><\/li>\n<\/ol>\n<p>First step is to upload the request to the Neptun between the 12 january 2026 (8.a.m.) \u2013 27 january 2026 (11.59 p.m)<strong> \u00a0<\/strong><\/p>\n<p>\u00a0than step two is to upload the medical documentum to STEFI (<a href=\"http:\/\/www.stefi.semmelweis.hu\">www.stefi.semmelweis.hu<\/a>) between the 12 january 2026 \u2013 28 january 2026.\u00a0<\/p>\n<p>In order to make sure to stay within the deadline it is advisable to collect all the relevant documentation as soon as possible:<\/p>\n<p>&#8211; if the condition is not permanent, it must not be older than 1 year,<\/p>\n<p>&#8211; written in Hungarian or English, typed (not handwritten!),<\/p>\n<p>&#8211; It should contain the student&#8217;s details, the doctor&#8217;s diagnosis, therapy (if any), the scope (full\/partial) and duration of the exemption.<\/p>\n<p>Consultatian period 19 january 2026 &#8211; 10 february 2026.<\/p>\n<p>More information available on the <a href=\"https:\/\/stefi.semmelweis.hu\/login?change_language=en\">STEFI<\/a> website.<\/p>\n<p>Inadequate requests will be rejected!<\/p>\n<p>If you have a question during the period: <a href=\"stefi.helpdesk@semmelweis.hu\">stefi.helpdesk@semmelweis.hu<\/a><\/p>\n<p><strong>If you study ETK, please contact G\u00e1bor Soo\u00f3s P.E. teacher: <a href=\"mailto:soos.gabor1@semmelweis.hu\">soos.gabor1@semmelweis.hu<\/a>\u00a0<\/strong><\/p>\n<ol start=\"3\">\n<li><strong>Exemption for SPORT PLAYERS<\/strong><\/li>\n<\/ol>\n<p>The deadline (in the neptun system) for uploading all the documents is between between the the 12 january 2026 (8.a.m.) \u2013 27 january 2026 (11.59 p.m)<strong> \u00a0<\/strong> so it is advisable to collect all the documents as soon as possible. The following documents must be obtained and uploaded with the request in the neptun system (boot of nessecary date, stamp and signature):<\/p>\n<p>&#8211; sports <strong>association<\/strong> certificate and<\/p>\n<p>&#8211; sports <strong>federation<\/strong> certificate (a form is available at:<\/p>\n<p><a href=\"https:\/\/semmelweis.hu\/sportkozpont\/en\/exemption-from-p-e-lessons\/\">https:\/\/semmelweis.hu\/sportkozpont\/en\/exemption-from-p-e-lessons\/<\/a><\/p>\n<p>Inadequate requests will be rejected!<\/p>\n<p><a href=\"https:\/\/semmelweis.hu\/sportkozpont\/files\/2024\/06\/SPORTS-CERTIFICATE-FOR-EXEMPTION-FOR-P.E.pdf\">SPORTS CERTIFICATE FOR EXEMPTION FOR P.E.<\/a><\/p>\n<p><a href=\"https:\/\/semmelweis.hu\/sportkozpont\/files\/2024\/06\/Befreiung-vom-sportunterricht.pdf\">Befreiung vom sportunterricht<\/a><\/p>\n<p>If you have a question during the period:<a href=\"titkarsag.tsk@semmelweis.hu\">titkarsag.tsk@semmelweis.hu<\/a><\/p>\n","protected":false},"excerpt":{"rendered":"<p>R\/1\/2024. (I.08.) sz\u00e1m\u00fa rektori utas\u00edt\u00e1s Testnevel\u00e9s\u00a0tant\u00e1rgy\u00a0\u00f3r\u00e1inak l\u00e1togat\u00e1sa al\u00f3li felment\u00e9sre ir\u00e1nyul\u00f3 hallgat\u00f3i ig\u00e9nyek elb\u00edr\u00e1l\u00e1s\u00e1nak folyamat\u00e1r\u00f3l sz\u00f3l\u00f3 R\/2\/2022. (VII.21.) sz\u00e1m\u00fa rektori utas\u00edt\u00e1s m\u00f3dos\u00edt\u00e1s\u00e1r\u00f3l <a href=\"https:\/\/semmelweis.hu\/jogigfoig\/2024\/01\/10\/r-1-2024-i-08-szamu-rektori-utasitas-testneveles-tantargy-orainak-latogatasa-aloli-felmentesre-iranyulo-hallgatoi-igenyek-elbiralasanak-folyamatarol-szolo-r-2-2022-vii-21-szamu-rektori-utasita\/\">https:\/\/semmelweis.hu\/jogigfoig\/2024\/01\/10\/r-1-2024-i-08-szamu-rektori-utasitas-testneveles-tantargy-orainak-latogatasa-aloli-felmentesre-iranyulo-hallgatoi-igenyek-elbiralasanak-folyamatarol-szolo-r-2-2022-vii-21-szamu-rektori-utasita\/<\/a> German: <a href=\"https:\/\/semmelweis.hu\/sportkozpont\/files\/2022\/09\/STEFI_hallgatoi-utmutato_20220902_GER_final.pdf\">STEFI_hallgatoi utmutato_20220902_GER_final<\/a> English: <a href=\"https:\/\/semmelweis.hu\/registrar\/medicine\/p_e-exemption-medicine\/\">https:\/\/semmelweis.hu\/registrar\/medicine\/p_e-exemption-medicine\/<\/a> <a href=\"https:\/\/semmelweis.hu\/sportkozpont\/files\/2022\/09\/STEFI_hallgatoi-utmutato_20220902_ENG_final.pdf\">STEFI_hallgatoi utmutato_20220902_ENG_final<\/a> Medical exemption First step is to upload the request to the Neptun between the 12 january 2026 (8.a.m.) \u2013 27 january 2026 (11.59 p.m) \u00a0 \u00a0than step two is to upload the &hellip;<\/p>\n","protected":false},"author":12,"featured_media":0,"parent":4273,"menu_order":4,"comment_status":"closed","ping_status":"closed","template":"","meta":{"_acf_changed":false,"footnotes":""},"categories":[],"tags":[],"class_list":["post-875","page","type-page","status-publish","hentry"],"acf":[],"_links":{"self":[{"href":"https:\/\/semmelweis.hu\/sportkozpont\/wp-json\/wp\/v2\/pages\/875","targetHints":{"allow":["GET"]}}],"collection":[{"href":"https:\/\/semmelweis.hu\/sportkozpont\/wp-json\/wp\/v2\/pages"}],"about":[{"href":"https:\/\/semmelweis.hu\/sportkozpont\/wp-json\/wp\/v2\/types\/page"}],"author":[{"embeddable":true,"href":"https:\/\/semmelweis.hu\/sportkozpont\/wp-json\/wp\/v2\/users\/12"}],"replies":[{"embeddable":true,"href":"https:\/\/semmelweis.hu\/sportkozpont\/wp-json\/wp\/v2\/comments?post=875"}],"version-history":[{"count":9,"href":"https:\/\/semmelweis.hu\/sportkozpont\/wp-json\/wp\/v2\/pages\/875\/revisions"}],"predecessor-version":[{"id":4384,"href":"https:\/\/semmelweis.hu\/sportkozpont\/wp-json\/wp\/v2\/pages\/875\/revisions\/4384"}],"up":[{"embeddable":true,"href":"https:\/\/semmelweis.hu\/sportkozpont\/wp-json\/wp\/v2\/pages\/4273"}],"wp:attachment":[{"href":"https:\/\/semmelweis.hu\/sportkozpont\/wp-json\/wp\/v2\/media?parent=875"}],"wp:term":[{"taxonomy":"category","embeddable":true,"href":"https:\/\/semmelweis.hu\/sportkozpont\/wp-json\/wp\/v2\/categories?post=875"},{"taxonomy":"post_tag","embeddable":true,"href":"https:\/\/semmelweis.hu\/sportkozpont\/wp-json\/wp\/v2\/tags?post=875"}],"curies":[{"name":"wp","href":"https:\/\/api.w.org\/{rel}","templated":true}]}}