{"id":871,"date":"2015-12-12T08:13:42","date_gmt":"2015-12-12T07:13:42","guid":{"rendered":"http:\/\/semmelweis.hu\/sportkozpont\/?page_id=871"},"modified":"2025-09-17T10:59:46","modified_gmt":"2025-09-17T08:59:46","slug":"location-of-sport-lessons","status":"publish","type":"page","link":"https:\/\/semmelweis.hu\/sportkozpont\/en\/location-of-sport-lessons\/","title":{"rendered":"Location of sport lessons"},"content":{"rendered":"<p><strong>Location of the Physical Education lessons:<\/strong><\/p>\n<p><strong>For 1st and 2nd year&#8217;s students (P.E. I. &#8211; IV.),<br \/>\n<\/strong>P.E. and Sportcenter, <br \/>\n1107 Budapest, Z\u00e1gr\u00e1bi Street 14.<\/p>\n<p>Gab\u00e1nyi L\u00e1szl\u00f3 Sportcsarnok<br \/>\n1116 Budapest, Hauszmann Alajos u 5.<\/p>\n<p>Semmelweis Egyetem<br \/>\nRaoul Wallenberg Szakgimn\u00e1ziuma \u00e9s Szakk\u00f6z\u00e9piskol\u00e1ja<br \/>\n1068 Budapest, Rippl R\u00f3nai utca 26.<\/p>\n<p>P\u00e9nz\u00fcgy\u0151r Sporttelep, valleyball curt<br \/>\n1103 Budapest, K\u0151\u00e9r u 2\/B,<\/p>\n<p><strong>Location for P.E.\u00a0 V. &#8211; VIII.<\/strong><\/p>\n<p>The location of the following sports is in 1107 Budapest, Z\u00e1gr\u00e1bi Street 14. : Aerobic, zumba, salsa, boulder, badminton, frisbee for beginer, frisbee for advanced and gymnastics while listening to music (bless you gym), football (artificial football field).<\/p>\n<p>The location of tennis for beginer and tennis for advanced is at 1101 Budapest, Z\u00e1gr\u00e1bi Street 14. \u00a0from spring to autumn and at K\u0151\u00e9r Tennis Club (1103 Budapest, K\u0151\u00e9r u 1a) in winter (oct 15 &#8211; \u00e1pr 15)<\/p>\n<p>Sport hiking tours are organized regularly in the beautiful hills of Buda. Neptun message will be sent about the meeting point.<\/p>\n<p>Life1 Fitness<br \/>\nGo active fitness<br \/>\nT-rex fitness<br \/>\nAfitness<\/p>\n<p>&nbsp;<\/p>\n<p><strong>Trainings<\/strong><\/p>\n<p>The trainings of handball, basketball, football and volleyball are held at 1107 Budapest, Z\u00e1gr\u00e1bi Street 14.<\/p>\n<p>Water polo (men) trainings are held at 1124 Budapest, Cs\u00f6rsz Street 18., in the swimming pool of SE V\u00edzilabda Klub, at MOM Sport Centre.<\/p>\n<p>Water polo (women) trainings are held at <span style=\"color: #000000\">Budapest, Magyar Tud\u00f3sok K\u00f6r\u00fatja 7, 1117.,<\/span> in the swimming pool at T\u00fcskecsarnok.<\/p>\n<p>The location of Ice Hockey trainings is &#8222;FTC S\u00e1tras J\u00e9gp\u00e1lya&#8221;, Budapest, 1097 Budapest, Feh\u00e9r holl\u00f3 utca 27.<\/p>\n","protected":false},"excerpt":{"rendered":"<p>Location of the Physical Education lessons: For 1st and 2nd year&#8217;s students (P.E. I. &#8211; IV.), P.E. and Sportcenter, 1107 Budapest, Z\u00e1gr\u00e1bi Street 14. Gab\u00e1nyi L\u00e1szl\u00f3 Sportcsarnok 1116 Budapest, Hauszmann Alajos u 5. Semmelweis Egyetem Raoul Wallenberg Szakgimn\u00e1ziuma \u00e9s Szakk\u00f6z\u00e9piskol\u00e1ja 1068 Budapest, Rippl R\u00f3nai utca 26. P\u00e9nz\u00fcgy\u0151r Sporttelep, valleyball curt 1103 Budapest, K\u0151\u00e9r u 2\/B, &hellip;<\/p>\n","protected":false},"author":12,"featured_media":0,"parent":0,"menu_order":3,"comment_status":"closed","ping_status":"closed","template":"","meta":{"_acf_changed":false,"footnotes":""},"categories":[],"tags":[],"class_list":["post-871","page","type-page","status-publish","hentry"],"acf":[],"_links":{"self":[{"href":"https:\/\/semmelweis.hu\/sportkozpont\/wp-json\/wp\/v2\/pages\/871","targetHints":{"allow":["GET"]}}],"collection":[{"href":"https:\/\/semmelweis.hu\/sportkozpont\/wp-json\/wp\/v2\/pages"}],"about":[{"href":"https:\/\/semmelweis.hu\/sportkozpont\/wp-json\/wp\/v2\/types\/page"}],"author":[{"embeddable":true,"href":"https:\/\/semmelweis.hu\/sportkozpont\/wp-json\/wp\/v2\/users\/12"}],"replies":[{"embeddable":true,"href":"https:\/\/semmelweis.hu\/sportkozpont\/wp-json\/wp\/v2\/comments?post=871"}],"version-history":[{"count":10,"href":"https:\/\/semmelweis.hu\/sportkozpont\/wp-json\/wp\/v2\/pages\/871\/revisions"}],"predecessor-version":[{"id":4314,"href":"https:\/\/semmelweis.hu\/sportkozpont\/wp-json\/wp\/v2\/pages\/871\/revisions\/4314"}],"wp:attachment":[{"href":"https:\/\/semmelweis.hu\/sportkozpont\/wp-json\/wp\/v2\/media?parent=871"}],"wp:term":[{"taxonomy":"category","embeddable":true,"href":"https:\/\/semmelweis.hu\/sportkozpont\/wp-json\/wp\/v2\/categories?post=871"},{"taxonomy":"post_tag","embeddable":true,"href":"https:\/\/semmelweis.hu\/sportkozpont\/wp-json\/wp\/v2\/tags?post=871"}],"curies":[{"name":"wp","href":"https:\/\/api.w.org\/{rel}","templated":true}]}}