{"id":4370,"date":"2026-01-06T09:37:38","date_gmt":"2026-01-06T08:37:38","guid":{"rendered":"https:\/\/semmelweis.hu\/sportkozpont\/?page_id=4370"},"modified":"2026-01-30T13:11:01","modified_gmt":"2026-01-30T12:11:01","slug":"se-kiemelkedo-sportoloi-osztondij-palyazati-felhivas","status":"publish","type":"page","link":"https:\/\/semmelweis.hu\/sportkozpont\/oktatas\/oktatas\/se-kiemelkedo-sportoloi-osztondij-palyazati-felhivas\/","title":{"rendered":"SE Kiemelked\u0151 Sportol\u00f3i \u00f6szt\u00f6nd\u00edj p\u00e1ly\u00e1zati felh\u00edv\u00e1s"},"content":{"rendered":"<div class=\"responsive-tabs\">\n<h2 class=\"tabtitle\">2025\/2026\/2 szemeszter d\u00edjazottak<\/h2>\n<div class=\"tabcontent\">\n\n<p>A Kiemelked\u0151 Sportol\u00f3i \u00d6szt\u00f6nd\u00edjat elnyert hallgat\u00f3k az al\u00e1bbi kateg\u00f3ri\u00e1kban lettek nyertesek<\/p>\n<table style=\"width: 84.1819%;height: 379px\" width=\"757\">\n<tbody>\n<tr>\n<td style=\"width: 50.5481%\" width=\"355\"><strong>Kateg\u00f3ri\u00e1k<\/strong><\/td>\n<td style=\"width: 33.4254%\" width=\"282\"><strong>Nyertes Neve<\/strong><\/td>\n<td style=\"width: 28.5002%\" width=\"120\"><strong>\u00a0elnyert \u00f6sszeg<\/strong><br \/>\n<strong>(Ft\/h\u00f3)\u00a0<\/strong><\/td>\n<\/tr>\n<tr>\n<td style=\"width: 50.5481%\">SE legjobb n\u0151i \u00e9s f\u00e9rfi sportol\u00f3ja<\/td>\n<td style=\"width: 33.4254%\">T\u00f3th Bertalan \u00c1kos \/v\u00edv\u00e1s<\/td>\n<td style=\"width: 28.5002%\">200 000<\/td>\n<\/tr>\n<tr>\n<td style=\"width: 50.5481%\">SE Sport Klub legjobb n\u0151i \u00e9s f\u00e9rfi sportol\u00f3ja<\/td>\n<td style=\"width: 33.4254%\">Illy\u00e9s Laura Vanda \/\u00fasz\u00e1s<\/td>\n<td style=\"width: 28.5002%\">150 000<\/td>\n<\/tr>\n<tr>\n<td style=\"width: 50.5481%\">SE Sport Klub legjobb szakoszt\u00e1lya csapat\u00e1nak tagjai<\/td>\n<td style=\"width: 33.4254%\">Hajd\u00fa R\u00f3za \/v\u00eczilabda<\/td>\n<td style=\"width: 28.5002%\">200 000<\/td>\n<\/tr>\n<tr>\n<td style=\"width: 50.5481%\">MEFS g\u00e1l\u00e1n \u00c9v sportol\u00f3ja d\u00edjat nyert<\/td>\n<td style=\"width: 33.4254%\">Spiesz Anna \/v\u00ecv\u00e1s -arany fokozat<\/td>\n<td style=\"width: 28.5002%\">250 000<\/td>\n<\/tr>\n<tr>\n<td style=\"width: 50.5481%\">MEFS g\u00e1l\u00e1n \u00c9v sportol\u00f3ja d\u00edjat nyert<\/td>\n<td style=\"width: 33.4254%\">Somogyi Anna \/taekwon do- bronz fokozat<\/td>\n<td style=\"width: 28.5002%\">150 000<\/td>\n<\/tr>\n<tr>\n<td style=\"width: 50.5481%\">\u00a0<\/td>\n<td style=\"width: 33.4254%\">\u00a0<\/td>\n<td style=\"width: 28.5002%\">\u00a0<\/td>\n<\/tr>\n<\/tbody>\n<\/table>\n<p>&nbsp;<\/p>\n\n<\/div><h2 class=\"tabtitle\">2025\/2026\/ 2 p\u00e1ly\u00e1zati ki\u00edr\u00e1s<\/h2>\n<div class=\"tabcontent\">\n\n<p>Az SE Kiemelked\u0151 Sportol\u00f3i \u00f6szt\u00f6nd\u00edjban r\u00e9szes\u00fclhetnek azok a hallgat\u00f3k, akik az<br \/>\nEgyetem b\u00e1rmely Kar\u00e1n, k\u00e9pz\u00e9s\u00e9n az \u00f6szt\u00f6nd\u00edj p\u00e1ly\u00e1zat bead\u00e1sakor \u00e9s foly\u00f3s\u00edt\u00e1sakor<br \/>\nakt\u00edv hallgat\u00f3i jogviszonnyal rendelkeznek \u00e9s ezt megel\u0151z\u0151 tanulm\u00e1nyi id\u0151szakukban<\/p>\n<p>a) az Egyetem hallgat\u00f3jak\u00e9nt, vagy <br \/>\nb) az SE Sport Klub tagjak\u00e9nt <br \/>\nhazai vagy nemzetk\u00f6zi sportversenyen kiemelked\u0151 sportszakmai eredm\u00e9nyt \u00e9rnek el.<\/p>\n<p>\n<strong>1. A p\u00e1ly\u00e1zat be\u00e9rkez\u00e9s\u00e9nek hat\u00e1rideje: 2026. janu\u00e1r 19.<\/strong> <br \/>\nbeny\u00fajt\u00e1s\u00e1nak m\u00f3dja: elektronikus \u00faton a <a href=\"mailto:titkarsag.tsk@semmelweis.hu\">titkarsag.tsk@semmelweis.hu<\/a> e-mail c\u00edmre.<\/p>\n<p>\n<strong>2. Az elnyerhet\u0151 t\u00e1mogat\u00e1s \u00f6sszege:<\/strong> 150.000-250.000 Ft\/f\u0151\/h\u00f3nap f\u00e9l \u00e9v id\u0151tartamra<\/p>\n<p><strong>3. A p\u00e1ly\u00e1zathoz csatoland\u00f3 dokumentumok<\/strong><br \/>\na) \u00f6n\u00e9letrajz, <br \/>\nb) motiv\u00e1ci\u00f3s lev\u00e9l<br \/>\nc) edz\u0151 \u00e9s\/vagy szakoszt\u00e1lyvezet\u0151 aj\u00e1nl\u00e1sa, t\u00e1mogat\u00f3 nyilatkozata<br \/>\nd) sporteredm\u00e9nyeket tartalmaz\u00f3 egyes\u00fclet vagy sz\u00f6vets\u00e9g \u00e1ltal ki\u00e1ll\u00edtott igazol\u00e1s,<br \/>\ne) kit\u00f6lt\u00f6tt <a href=\"https:\/\/semmelweis.hu\/sportkozpont\/files\/2026\/01\/Kiemelkedo-sportoloi-osztondij_palyazati-adatlap.pdf\">p\u00e1ly\u00e1zati adatlap<\/a><\/p>\n<p><strong>4. A b\u00edr\u00e1l\u00f3 bizotts\u00e1g \u00f6sszet\u00e9tele<\/strong><br \/>\n1 f\u0151 Testnevel\u00e9si \u00e9s Sportk\u00f6zpont (TSK)igazgat\u00f3,<br \/>\n1 f\u0151 Semmelweis Egyetem Sport Klub szakoszt\u00e1lyi szakmai vezet\u0151,\u00a0<br \/>\n1 f\u0151 Testnevel\u00e9si \u00e9s Sportk\u00f6zpont (TSK) versenyeztet\u00e9s\u00e9rt felel\u0151s testnevel\u0151 tan\u00e1r.<\/p>\n<p>\n<strong>D\u00f6nt\u00e9s\u00e9nek szempontjai<\/strong>: A TSK megvizsg\u00e1lja a be\u00e9rkezett p\u00e1ly\u00e1zatokat, majd az \u00f6szt\u00f6nd\u00edjban r\u00e9szes\u00fcl\u0151 hallgat\u00f3k szem\u00e9ly\u00e9r\u0151l \u00e9s az \u00f6szt\u00f6nd\u00edj m\u00e9rt\u00e9k\u00e9r\u0151l a TSK \u00e1ltal elk\u00e9sz\u00edtett szakmai el\u0151terjeszt\u00e9s alapj\u00e1n a b\u00edr\u00e1l\u00f3 bizotts\u00e1g javaslatot tesz a rektor r\u00e9sz\u00e9re, aki d\u00f6nt a nyertes p\u00e1ly\u00e1z\u00f3kr\u00f3l.<\/p>\n<p><strong>Az \u00f6szt\u00f6nd\u00edj a k\u00f6vetkez\u0151 kateg\u00f3ri\u00e1kban \u00edt\u00e9lhet\u0151 oda:<\/strong><br \/>\na) az SE legjobb n\u0151i \u00e9s f\u00e9rfi sportol\u00f3ja,<br \/>\nb) SE Sport Klub legjobb n\u0151i \u00e9s f\u00e9rfi sportol\u00f3ja;<br \/>\nc) az SE Sport Klub legjobb szakoszt\u00e1lya csapat\u00e1nak tagjai; <br \/>\nd) a MEFS g\u00e1l\u00e1n \u00e9v sportol\u00f3ja d\u00edjat nyert.<\/p>\n<p>\n<strong>A d\u00f6nt\u00e9s hat\u00e1rideje:<\/strong> 2026. janu\u00e1r 21.<br \/>\nA d\u00f6nt\u00e9ssel szemben nincs helye tov\u00e1bbi jogorvoslatnak.<\/p>\n<p><strong>5. A p\u00e1ly\u00e1zati eredm\u00e9ny k\u00f6zz\u00e9t\u00e9tele<\/strong><br \/>\nA d\u00edjazottak list\u00e1j\u00e1nak k\u00f6zz\u00e9t\u00e9tele a beny\u00fajt\u00e1st\u00f3l sz\u00e1m\u00edtott 10. napon ker\u00fcl nyilv\u00e1noss\u00e1gra a Semmelweis Egyetem Sport Klub illetve az Egyetem honlapj\u00e1n.<\/p>\n<p><strong>6. Az \u00f6szt\u00f6nd\u00edj kifizet\u00e9se<\/strong><br \/>\nA b\u00edr\u00e1l\u00f3 bizotts\u00e1g a p\u00e1ly\u00e1zat elb\u00edr\u00e1l\u00e1s\u00e1t\u00f3l sz\u00e1m\u00edtott 3 napon bel\u00fcl a p\u00e1ly\u00e1zat eredm\u00e9ny\u00e9r\u0151l \u00e9rtes\u00edti az Oktat\u00e1si H\u00e1l\u00f3zat-ir\u00e1ny\u00edt\u00e1si Igazgat\u00f3s\u00e1got, amely gondoskodik a b\u00edr\u00e1l\u00f3 bizotts\u00e1g d\u00f6nt\u00e9se szerinti \u00fctemez\u00e9sben \u00e9s \u00f6sszegben a hallgat\u00f3 r\u00e9sz\u00e9re t\u00f6rt\u00e9n\u0151 kifizet\u00e9sr\u0151l, azzal, hogy havonta legk\u00e9s\u0151bb a t\u00e1rgyh\u00f3nap 10. napj\u00e1ig a sportol\u00f3i \u00f6szt\u00f6nd\u00edjat ki kell fizetni a hallgat\u00f3 r\u00e9sz\u00e9re.<\/p>\n<p>A p\u00e1ly\u00e1zattal kapcsolatban felmer\u00fclt k\u00e9rd\u00e9sekkel fordulhatnak V\u00e1rszegi Korn\u00e9li\u00e1hoz, a Testnevel\u00e9si \u00e9s Sportk\u00f6zpont igazgat\u00f3j\u00e1hoz a: <a href=\"mailto:varszegi.kornelia@semmelweis.hu\">varszegi.kornelia@semmelweis.hu<\/a> c\u00edmen.<\/p>\n<p>Budapest, 2026. janu\u00e1r 6.<\/p>\n<\/div><\/div>\n","protected":false},"excerpt":{"rendered":"<p>A Kiemelked\u0151 Sportol\u00f3i \u00d6szt\u00f6nd\u00edjat elnyert hallgat\u00f3k az al\u00e1bbi kateg\u00f3ri\u00e1kban lettek nyertesek Kateg\u00f3ri\u00e1k Nyertes Neve \u00a0elnyert \u00f6sszeg (Ft\/h\u00f3)\u00a0 SE legjobb n\u0151i \u00e9s f\u00e9rfi sportol\u00f3ja T\u00f3th Bertalan \u00c1kos \/v\u00edv\u00e1s 200 000 SE Sport Klub legjobb n\u0151i \u00e9s f\u00e9rfi sportol\u00f3ja Illy\u00e9s Laura Vanda \/\u00fasz\u00e1s 150 000 SE Sport Klub legjobb szakoszt\u00e1lya csapat\u00e1nak tagjai Hajd\u00fa R\u00f3za \/v\u00eczilabda 200 000 &hellip;<\/p>\n","protected":false},"author":101137,"featured_media":0,"parent":3166,"menu_order":1,"comment_status":"closed","ping_status":"closed","template":"","meta":{"_acf_changed":false,"footnotes":""},"categories":[12],"tags":[],"class_list":["post-4370","page","type-page","status-publish","hentry","category-palyazatok"],"acf":[],"_links":{"self":[{"href":"https:\/\/semmelweis.hu\/sportkozpont\/wp-json\/wp\/v2\/pages\/4370","targetHints":{"allow":["GET"]}}],"collection":[{"href":"https:\/\/semmelweis.hu\/sportkozpont\/wp-json\/wp\/v2\/pages"}],"about":[{"href":"https:\/\/semmelweis.hu\/sportkozpont\/wp-json\/wp\/v2\/types\/page"}],"author":[{"embeddable":true,"href":"https:\/\/semmelweis.hu\/sportkozpont\/wp-json\/wp\/v2\/users\/101137"}],"replies":[{"embeddable":true,"href":"https:\/\/semmelweis.hu\/sportkozpont\/wp-json\/wp\/v2\/comments?post=4370"}],"version-history":[{"count":8,"href":"https:\/\/semmelweis.hu\/sportkozpont\/wp-json\/wp\/v2\/pages\/4370\/revisions"}],"predecessor-version":[{"id":4388,"href":"https:\/\/semmelweis.hu\/sportkozpont\/wp-json\/wp\/v2\/pages\/4370\/revisions\/4388"}],"up":[{"embeddable":true,"href":"https:\/\/semmelweis.hu\/sportkozpont\/wp-json\/wp\/v2\/pages\/3166"}],"wp:attachment":[{"href":"https:\/\/semmelweis.hu\/sportkozpont\/wp-json\/wp\/v2\/media?parent=4370"}],"wp:term":[{"taxonomy":"category","embeddable":true,"href":"https:\/\/semmelweis.hu\/sportkozpont\/wp-json\/wp\/v2\/categories?post=4370"},{"taxonomy":"post_tag","embeddable":true,"href":"https:\/\/semmelweis.hu\/sportkozpont\/wp-json\/wp\/v2\/tags?post=4370"}],"curies":[{"name":"wp","href":"https:\/\/api.w.org\/{rel}","templated":true}]}}