{"id":4174,"date":"2025-04-02T10:07:34","date_gmt":"2025-04-02T08:07:34","guid":{"rendered":"https:\/\/semmelweis.hu\/sportkozpont\/?page_id=4174"},"modified":"2025-04-02T10:30:15","modified_gmt":"2025-04-02T08:30:15","slug":"futsal-csarnok-2025","status":"publish","type":"page","link":"https:\/\/semmelweis.hu\/sportkozpont\/futsal-csarnok-2025\/","title":{"rendered":"Futsal csarnok 2025."},"content":{"rendered":"<p>&nbsp;<\/p>\n<p>F\u00f6ldszintes k\u00f6nny\u0171szerkezetesfutsal csarnok \u00e9p\u00fcl a Sportk\u00f6zpontban<\/p>\n<p>l\u00e1tv\u00e1nyterve:<\/p>\n<p><a href=\"https:\/\/semmelweis.hu\/sportkozpont\/files\/2025\/04\/FUTSAL-CSARNOK.pdf\">FUTSAL CSARNOK<\/a><\/p>\n","protected":false},"excerpt":{"rendered":"<p>&nbsp;<br \/>\nF\u00f6ldszintes k\u00f6nny\u0171szerkezetesfutsal csarnok \u00e9p\u00fcl a Sportk\u00f6zpontban<br \/>\nl\u00e1tv\u00e1nyterve:<br \/>\n<a href=\"https:\/\/semmelweis.hu\/sportkozpont\/files\/2025\/04\/FUTSAL-CSARNOK.pdf\">FUTSAL CSARNOK<\/a><\/p>\n","protected":false},"author":101137,"featured_media":0,"parent":0,"menu_order":0,"comment_status":"closed","ping_status":"closed","template":"","meta":{"_acf_changed":false,"footnotes":""},"categories":[],"tags":[],"class_list":["post-4174","page","type-page","status-publish","hentry"],"acf":[],"_links":{"self":[{"href":"https:\/\/semmelweis.hu\/sportkozpont\/wp-json\/wp\/v2\/pages\/4174","targetHints":{"allow":["GET"]}}],"collection":[{"href":"https:\/\/semmelweis.hu\/sportkozpont\/wp-json\/wp\/v2\/pages"}],"about":[{"href":"https:\/\/semmelweis.hu\/sportkozpont\/wp-json\/wp\/v2\/types\/page"}],"author":[{"embeddable":true,"href":"https:\/\/semmelweis.hu\/sportkozpont\/wp-json\/wp\/v2\/users\/101137"}],"replies":[{"embeddable":true,"href":"https:\/\/semmelweis.hu\/sportkozpont\/wp-json\/wp\/v2\/comments?post=4174"}],"version-history":[{"count":4,"href":"https:\/\/semmelweis.hu\/sportkozpont\/wp-json\/wp\/v2\/pages\/4174\/revisions"}],"predecessor-version":[{"id":4179,"href":"https:\/\/semmelweis.hu\/sportkozpont\/wp-json\/wp\/v2\/pages\/4174\/revisions\/4179"}],"wp:attachment":[{"href":"https:\/\/semmelweis.hu\/sportkozpont\/wp-json\/wp\/v2\/media?parent=4174"}],"wp:term":[{"taxonomy":"category","embeddable":true,"href":"https:\/\/semmelweis.hu\/sportkozpont\/wp-json\/wp\/v2\/categories?post=4174"},{"taxonomy":"post_tag","embeddable":true,"href":"https:\/\/semmelweis.hu\/sportkozpont\/wp-json\/wp\/v2\/tags?post=4174"}],"curies":[{"name":"wp","href":"https:\/\/api.w.org\/{rel}","templated":true}]}}