{"id":415,"date":"2015-11-20T16:14:19","date_gmt":"2015-11-20T15:14:19","guid":{"rendered":"http:\/\/semmelweis.hu\/sportkozpont\/?page_id=415"},"modified":"2025-08-27T11:00:31","modified_gmt":"2025-08-27T09:00:31","slug":"informacio","status":"publish","type":"page","link":"https:\/\/semmelweis.hu\/sportkozpont\/oktatas\/informacio\/","title":{"rendered":"Tanulm\u00e1nyi t\u00e1j\u00e9koztat\u00f3 2025\/2026. \u00e9vi tan\u00e9vre"},"content":{"rendered":"<div class=\"responsive-tabs\">\n<h2 class=\"tabtitle\">\u00d3r\u00e1k I-XII.<\/h2>\n<div class=\"tabcontent\">\n\n<h4><strong>Testnevel\u00e9s I.<\/strong><\/h4>\n<p><strong><em>A\u00a0 t\u00e1rgy kiz\u00e1r\u00f3lag az \u00f3rarend szerinti testnevel\u00e9s \u00f3r\u00e1kon teljes\u00edthet\u0151.<\/em><\/strong><\/p>\n<p><strong>Testnevel\u00e9s \u00f3ra<\/strong><\/p>\n<p style=\"padding-left: 40px\"><strong>Az al\u00e1\u00edr\u00e1shoz sz\u00fcks\u00e9ges akt\u00edv r\u00e9szv\u00e9telek sz\u00e1ma: 10<\/strong> (az oktat\u00e1si sz\u00fcnetek sz\u00e1m\u00e1t\u00f3l f\u00fcggetlen\u00fcl). Elmaradt \u00f3ra p\u00f3tl\u00e1s\u00e1ra a szemesztert k\u00f6vet\u0151 h\u00e9ten van lehet\u0151s\u00e9g 2 alkalommal, 1-1 \u00f3r\u00e1t h\u00e9tk\u00f6znaponk\u00e9nt 8:00 \u2013 16:00 \u00f3ra k\u00f6z\u00f6tt. A gyakorlati jegy megszerz\u00e9s\u00e9hez gyakorlati feladat teljes\u00edt\u00e9se sz\u00fcks\u00e9ges.<\/p>\n<h4><strong>Testnevel\u00e9s II &#8211; IV.<\/strong><\/h4>\n<p><strong><em>A t\u00e1rgyak az \u00f3rarend szerinti testnevel\u00e9s \u00f3r\u00e1kon vagy a sport\u00e1gi edz\u00e9seken teljes\u00edthet\u0151ek.<\/em><\/strong><\/p>\n<p><strong>Testnevel\u00e9s \u00f3ra<\/strong><\/p>\n<p style=\"padding-left: 40px\"><strong>Az al\u00e1\u00edr\u00e1shoz sz\u00fcks\u00e9ges akt\u00edv r\u00e9szv\u00e9telek sz\u00e1ma: 10<\/strong> (az oktat\u00e1si sz\u00fcnetek sz\u00e1m\u00e1t\u00f3l f\u00fcggetlen\u00fcl). Elmaradt \u00f3ra p\u00f3tl\u00e1s\u00e1ra a szemesztert k\u00f6vet\u0151 h\u00e9ten van lehet\u0151s\u00e9g 2 alkalommal, 1-1 \u00f3r\u00e1t h\u00e9tk\u00f6znaponk\u00e9nt 8:00 \u2013 16:00 \u00f3ra k\u00f6z\u00f6tt. A gyakorlati jegy megszerz\u00e9s\u00e9hez gyakorlati feladat teljes\u00edt\u00e9se sz\u00fcks\u00e9ges.<\/p>\n<p style=\"padding-left: 40px\"><strong>Edz\u00e9s<\/strong><\/p>\n<p style=\"padding-left: 40px\">Azon hallgat\u00f3k sz\u00e1m\u00e1ra ker\u00fcl meghirdet\u00e9sre, akik rendelkeznek el\u0151k\u00e9pzetts\u00e9ggel az adott sport\u00e1gban, illetve ha sz\u00fcks\u00e9ges, speci\u00e1lis felszerel\u00e9ssel (j\u00e9gkorong). Heti 2&#215;90 perces elfoglalts\u00e1got jelent, jellemz\u0151en az esti \u00f3r\u00e1kban, illetve a m\u00e9rk\u0151z\u00e9seken val\u00f3 r\u00e9szv\u00e9telt.<\/p>\n<p style=\"padding-left: 40px\"><strong>Edz\u00e9st\u00edpusok:<\/strong> a Medikus Kupa 5 sport\u00e1ga: k\u00e9zilabda, kos\u00e1rlabda, labdar\u00fag\u00e1s, r\u00f6plabda, v\u00edzilabda,\u00a0 illetve: j\u00e9gkorong, n\u0151i labdar\u00fag\u00e1s, valamint cheerleading,\u00a0valamint a Semmelweis Egyetem Sport Klub (SESK) edz\u00e9sei<\/p>\n<p style=\"padding-left: 40px\"><strong>Az al\u00e1\u00edr\u00e1shoz sz\u00fcks\u00e9ges akt\u00edv r\u00e9szv\u00e9tel sz\u00e1ma: 15,<\/strong> melyet cs\u00f6kkent a versenyeken val\u00f3 szerepl\u00e9s (Medikus Kupa: -2, Egyetemi Bajnoks\u00e1g: -3).<\/p>\n<p style=\"padding-left: 40px\">P\u00f3tl\u00e1sra lehet\u0151s\u00e9g nincs.<\/p>\n<h4><strong>Testnevel\u00e9s V-VIII.\u00a0<\/strong><\/h4>\n<p><strong><em>A t\u00e1rgyak sport\u00e1gi foglalkoz\u00e1sokon vagy a sport\u00e1gi edz\u00e9seken teljes\u00edthet\u0151ek.<\/em><\/strong><\/p>\n<p>A Neptun rendszerben ingyenes \u00e9s ellen\u0151rizhet\u0151 k\u00f6lts\u00e9gt\u00e9r\u00edt\u00e9ses sportol\u00e1si lehet\u0151s\u00e9g(kurzus) ker\u00fclt meghirdet\u00e9sre. Az itt teljes\u00edt\u0151 hallgat\u00f3k jelenl\u00e9t\u00e9t folyamatosan r\u00f6gz\u00edtj\u00fck, sz\u00e1mukra <strong>10<\/strong> <strong>jelenl\u00e9t<\/strong> sz\u00fcks\u00e9ges (hetente egyszer) az al\u00e1\u00edr\u00e1s megszerz\u00e9s\u00e9hez (l\u00e1sd Helysz\u00ednek f\u00fcl). Az al\u00e1\u00edr\u00e1s a <strong>sport\u00e1gi edz\u00e9seken<\/strong> is megszerezhet\u0151, ennek felt\u00e9tele <strong>15 jelenl\u00e9t. (szeptember 8 &#8211; december 12, valamint febru\u00e1r 16 &#8211; m\u00e1jus 22 k\u00f6z\u00f6tt)\u00a0<\/strong><\/p>\n<p><strong>Edz\u00e9s<\/strong><\/p>\n<p style=\"padding-left: 40px\">Azon hallgat\u00f3k sz\u00e1m\u00e1ra ker\u00fcl meghirdet\u00e9sre, akik rendelkeznek el\u0151k\u00e9pzetts\u00e9ggel az adott sport\u00e1gban, illetve ha sz\u00fcks\u00e9ges, speci\u00e1lis felszerel\u00e9ssel (j\u00e9gkorong). Heti 2&#215;90 perces elfoglalts\u00e1got jelent, jellemz\u0151en az esti \u00f3r\u00e1kban, illetve a m\u00e9rk\u0151z\u00e9seken val\u00f3 r\u00e9szv\u00e9telt.<\/p>\n<p style=\"padding-left: 40px\"><strong>Edz\u00e9st\u00edpusok:<\/strong> a Medikus Kupa 5 sport\u00e1ga: k\u00e9zilabda, kos\u00e1rlabda, labdar\u00fag\u00e1s, r\u00f6plabda, v\u00edzilabda,\u00a0 illetve: j\u00e9gkorong, n\u0151i labdar\u00fag\u00e1s, cheerdance valamint cheerleading,\u00a0valamint a Semmelweis Egyetem Sport Klub (SESK) edz\u00e9sei<\/p>\n<p style=\"padding-left: 40px\"><strong>Az al\u00e1\u00edr\u00e1shoz sz\u00fcks\u00e9ges akt\u00edv r\u00e9szv\u00e9tel sz\u00e1ma: 15,<\/strong> melyet cs\u00f6kkent a versenyeken val\u00f3 szerepl\u00e9s (Medikus Kupa: -2, Egyetemi Bajnoks\u00e1g: -3).<\/p>\n<p style=\"padding-left: 40px\">P\u00f3tl\u00e1sra lehet\u0151s\u00e9g nincs.<\/p>\n<p>&nbsp;<\/p>\n<h4><strong>Testnevel\u00e9s IX-XII. <\/strong><\/h4>\n<h6><strong>t\u00e1rgyak elfogad\u00e1s\u00e1nak szempontrendszere<\/strong><\/h6>\n<p><strong>&#8222;A&#8221; :<\/strong> Az al\u00e1\u00edr\u00e1s megszerezhet\u0151 a <strong>sport\u00e1gi edz\u00e9seken<\/strong> , ennek minimum felt\u00e9tele <strong>15 jelenl\u00e9t.<\/strong><\/p>\n<p><strong>&#8222;B&#8221; : <\/strong>A Testnevel\u00e9s t\u00e1rgyon bel\u00fcl <strong>&#8222;\u00f6n\u00e1ll\u00f3 sporttev\u00e9kenys\u00e9g&#8221; kurzus<\/strong> vehet\u0151 fel.\u00a0Ebben az esetben<strong>\u00a0k\u00e9rd\u0151\u00edv<\/strong> ker\u00fcl kik\u00fcld\u00e9sre a hallgat\u00f3k sz\u00e1m\u00e1ra, mely a k\u00f6vetkez\u0151k\u00e9pp m\u0171k\u00f6dik:<\/p>\n<ul>\n<li>a szemeszter minden het\u00e9ben h\u00e9tf\u0151n ker\u00fcl kik\u00fcld\u00e9sre a k\u00e9rd\u0151\u00edv (szeptembert\u0151l &#8211; december 31-ig, ill. febru\u00e1rt\u00f3l m\u00e1jus 31-ig) melynek h\u00e9tf\u0151t\u0151l vas\u00e1rnapig van m\u00f3d a kit\u00f6lt\u00e9s\u00e9re (visszamen\u0151leg vagy el\u0151re nem v\u00e1laszolhat\u00f3 meg)<\/li>\n<li>a hallgat\u00f3 nyilatkozik a k\u00e9rd\u0151\u00edvben foglaltak val\u00f3s\u00e1gtartalm\u00e1r\u00f3l<\/li>\n<li>heti 1&#215;60 perc testmozg\u00e1s r\u00f6gz\u00edt\u00e9se <strong>(minimum 10 jelenl\u00e9t, hetente egyszer)<\/strong>\u00a0 az al\u00e1\u00edr\u00e1s minimum felt\u00e9tele. <strong>(A k\u00e9rd\u0151\u00edvek a k\u00f6vetkez\u0151 id\u0151szakban ker\u00fclnek kik\u00fcld\u00e9sre: szeptember 8- december 12, valamint febru\u00e1r 16 &#8211; m\u00e1jus 22 k\u00f6z\u00f6tt)<\/strong><\/li>\n<\/ul>\n<p><strong>Edz\u00e9s<\/strong><\/p>\n<p style=\"padding-left: 40px\">Azon hallgat\u00f3k sz\u00e1m\u00e1ra ker\u00fcl meghirdet\u00e9sre, akik rendelkeznek el\u0151k\u00e9pzetts\u00e9ggel az adott sport\u00e1gban, illetve ha sz\u00fcks\u00e9ges, speci\u00e1lis felszerel\u00e9ssel (j\u00e9gkorong). Heti 2&#215;90 perces elfoglalts\u00e1got jelent, jellemz\u0151en az esti \u00f3r\u00e1kban, illetve a m\u00e9rk\u0151z\u00e9seken val\u00f3 r\u00e9szv\u00e9telt.<\/p>\n<p style=\"padding-left: 40px\"><u>Edz\u00e9st\u00edpusok:<\/u> a Medikus Kupa 5 sport\u00e1ga: k\u00e9zilabda, kos\u00e1rlabda, labdar\u00fag\u00e1s, r\u00f6plabda, v\u00edzilabda,\u00a0 illetve: j\u00e9gkorong, n\u0151i labdar\u00fag\u00e1s, cheerdance valamint cheerleading,\u00a0valamint a Semmelweis Egyetem Sport Klub (SESK) edz\u00e9sei<\/p>\n<p style=\"padding-left: 40px\"><strong>Az al\u00e1\u00edr\u00e1shoz sz\u00fcks\u00e9ges akt\u00edv r\u00e9szv\u00e9tel sz\u00e1ma: 15,<\/strong> melyet cs\u00f6kkent a versenyeken val\u00f3 szerepl\u00e9s (Medikus Kupa: -2, Egyetemi Bajnoks\u00e1g: -3).<\/p>\n<p style=\"padding-left: 40px\">P\u00f3tl\u00e1sra lehet\u0151s\u00e9g nincs.<\/p>\n\n<\/div><h2 class=\"tabtitle\">Helysz\u00ednek<\/h2>\n<div class=\"tabcontent\">\n\n<h2>Helysz\u00ednek<\/h2>\n<p><strong>Testnevel\u00e9s \u00f3r\u00e1k helysz\u00edne (I-IV-ig):\u00a0<\/strong> <br \/>\nTestnevel\u00e9si \u00e9s Sportk\u00f6zpont<br \/>\n1107 Budapest, Z\u00e1gr\u00e1bi utca. 14.<\/p>\n<p>Gab\u00e1nyi L\u00e1szl\u00f3 Sportcsarnok<br \/>\n1116 Budapest, Hauszmann Alajos u 5.<\/p>\n<p>Semmelweis Egyetem <br \/>\nRaoul Wallenberg Szakgimn\u00e1ziuma \u00e9s Szakk\u00f6z\u00e9piskol\u00e1ja<br \/>\n1068 Budapest, Rippl R\u00f3nai utca 26.<\/p>\n<p>P\u00e9nz\u00fcgy\u0151r Sporttelep, r\u00f6plabdacsarnok<br \/>\n1103 Budapest, K\u0151\u00e9r u 2\/B,<\/p>\n<p>&nbsp;<\/p>\n<p>&nbsp;<\/p>\n<p><strong>Testnevel\u00e9s \u00f3r\u00e1k helysz\u00edne (V-VIII-ig &#8211; sport\u00e1gi \u00f3r\u00e1k):\u00a0<\/strong><\/p>\n<p><em><strong>V\u00e1laszthat\u00f3 sportok: <\/strong><\/em><\/p>\n<ul>\n<li><strong>A Testnevel\u00e9si \u00e9s Sportk\u00f6zpontban:<\/strong> Step aerobic, Boulder kezd\u0151, Funkcion\u00e1lis k\u00f6redz\u00e9s, Ultimate frizbi kezd\u0151, Labdar\u00fag\u00e1s kurzus (m\u0171f\u00fcves labdar\u00fag\u00f3p\u00e1ly\u00e1n), Tollaslabda,\u00a0<\/li>\n<li><strong>Egy\u00e9b helysz\u00edneken:<\/strong>\n<ul>\n<li>Golf: St.L\u0151rinc Golf Club, 1238 Bp, Szentl\u0151rinci \u00fat 19-21. (www.lorincgolf.hu)<\/li>\n<li>Tenisz: 1107 Bp, Z\u00e1gr\u00e1bi utca 14., illetve t\u00e9len (okt\u00f3ber 15-\u00e1prilis 15) s\u00e1torban salakp\u00e1ly\u00e1n<\/li>\n<li>Sportt\u00fara 1 -2 : a Budai hegyekben, a t\u00fara el\u0151tt kijel\u00f6lt helysz\u00ednen<\/li>\n<li>Falm\u00e1sz\u00e1s: M\u00dcFAL BME Sportk\u00f6zpont 1111 Budapest, Bertalan Lajos utca 4 &#8211; 6.<\/li>\n<li>Konditerem: BME \u00c9L \u00e9p\u00fclet 1111 Budapest, Bertalan Lajos utca 4 &#8211; 6.<\/li>\n<li>\u00dasz\u00f3csoport: NKE Ludovika Ar\u00e9na Uszoda 1083 Budapest, Ludovika t\u00e9r 2.<\/li>\n<li>Life1 fitness termek<\/li>\n<li>Go active fitness<\/li>\n<li>Afitness terem<\/li>\n<li>T-rex fitness terem<\/li>\n<\/ul>\n<\/li>\n<\/ul>\n<p><strong>Edz\u00e9sek helysz\u00ednei (II-XII &#8211; Medikus kupa)<\/strong><\/p>\n<ul>\n<li>\n<p>K\u00e9zilabda, kos\u00e1rlabda, labdar\u00fag\u00e1s n\u0151i &#8211; \u00e9s f\u00e9rfi, r\u00f6plabda: <br \/>\n1107 Budapest, Z\u00e1gr\u00e1bi u. 14.<\/p>\n<\/li>\n<li>\n<p>Cheerleading\u00a0 edz\u00e9sek h\u00e9tf\u0151n \u00e9s cs\u00fct\u00f6rt\u00f6k\u00f6n:<br \/>\n<span style=\"font-size: 1rem\">BEAC, Bogd\u00e1nfi \u00fati csarnok 1. p\u00e1ly\u00e1j\u00e1n <br \/>\n1117 Bp, Bogd\u00e1nfy utca 12.<\/span><\/p>\n<\/li>\n<li>\n<p>V\u00edzilabda: SE V\u00edzilabda Klub, <br \/>\n1124 Bp, Cs\u00f6rsz u. 18. (MOM)<\/p>\n<\/li>\n<li>\n<p>J\u00e9gkorong: FTC S\u00e1tras J\u00e9gp\u00e1lya<br \/>\n1097 Budapest, K\u00f6nyves K\u00e1lm\u00e1n krt. 28<br \/>\n(Az edz\u00e9sekr\u0151l aktu\u00e1lis inform\u00e1ci\u00f3 a facebookon a semmelweishockeyteam csoportban)<\/p>\n<\/li>\n<\/ul>\n\n<\/div><h2 class=\"tabtitle\">R\u00e9szv\u00e9tel felt\u00e9telei<\/h2>\n<div class=\"tabcontent\">\n\n<h2>A sportfoglalkoz\u00e1sokon val\u00f3 r\u00e9szv\u00e9tel felt\u00e9telei:<\/h2>\n<ul>\n<li style=\"text-align: justify\">A testnevel\u00e9si \u00f3ra gyakorlati t\u00e1rgy, akt\u00edv r\u00e9szv\u00e9tel k\u00f6telez\u0151 a tan\u00e1r instrukci\u00f3inak megfelel\u0151en. <strong>A t\u00e1j\u00e9koztat\u00f3 ut\u00e1n m\u00e1r az els\u0151 sportfoglalkoz\u00e1son akt\u00edv sporttev\u00e9kenys\u00e9g lesz!<\/strong><\/li>\n<li style=\"text-align: justify\">A foglalkoz\u00e1sokon sportfelszerel\u00e9sben kell r\u00e9szt venni, <strong>v\u00e1lt\u00f3cip\u0151 haszn\u00e1lata k\u00f6telez\u0151.<\/strong><\/li>\n<li style=\"text-align: justify\">A k\u00e9s\u0151n \u00e9rkez\u0151 hallgat\u00f3 az \u00f3ra megkezd\u00e9se ut\u00e1n nem kapcsol\u00f3dhat be a munk\u00e1ba, jelenl\u00e9t\u00e9vel az \u00f3r\u00e1t nem zavarhatja, erre az alkalomra jelenl\u00e9te nem ker\u00fcl r\u00f6gz\u00edt\u00e9sre.<\/li>\n<li style=\"text-align: justify\"><strong>Hetente egy a Neptunban felvett<\/strong>\u00a0<strong>\u00f3r\u00e1n lehet r\u00e9szt venni<\/strong>,\u00a0<\/li>\n<li><strong><a href=\"https:\/\/semmelweis.hu\/sportkozpont\/oktatas\/potlas\/\">P\u00f3tl\u00e1sra a szemesztert k\u00f6vet\u0151 h\u00e9ten van lehet\u0151s\u00e9g 2 alkalommal 1-1 \u00f3r\u00e1t h\u00e9tk\u00f6znaponk\u00e9nt.<\/a> Helysz\u00edne:<\/strong> SE Testnevel\u00e9s i\u00e9s Sportk\u00f6zpont (1107 Bp, Z\u00e1gr\u00e1bi utca 14.)<\/li>\n<li style=\"text-align: justify\">A hallgat\u00f3 k\u00f6teless\u00e9ge, hogy az \u00f3ra elej\u00e9n \u00e9s v\u00e9g\u00e9n a tan\u00e1rn\u00e1l jelentkezzen regisztr\u00e1l\u00e1sra. <strong>Minden hallgat\u00f3 kap egy saj\u00e1t Neptun k\u00f3db\u00f3l gener\u00e1lt vonalk\u00f3dos k\u00e1rty\u00e1t.<\/strong> Ezt a k\u00e1rty\u00e1t k\u00f6telez\u0151 minden foglalkoz\u00e1sra elhozni, mert <strong>ez alapj\u00e1n folyik az elektronikus regisztr\u00e1ci\u00f3!<\/strong><\/li>\n<li style=\"text-align: justify\">A hallgat\u00f3 saj\u00e1t \u00e9s t\u00e1rsai testi \u00e9ps\u00e9g\u00e9t nem vesz\u00e9lyeztetheti.<\/li>\n<li style=\"text-align: justify\">A hallgat\u00f3 az \u00e1ltala sz\u00e1nd\u00e9kosan vagy hanyags\u00e1gb\u00f3l okozott k\u00e1rt k\u00f6teles megt\u00e9r\u00edteni.<\/li>\n<\/ul>\n\n<\/div><h2 class=\"tabtitle\">Nyilv\u00e1ntart\u00e1s<\/h2>\n<div class=\"tabcontent\">\n\n<h2>Jelenl\u00e9t nyilv\u00e1ntart\u00e1sa<\/h2>\n<p>A hallgat\u00f3 k\u00f6teless\u00e9ge, hogy az \u00f3ra elej\u00e9n \u00e9s v\u00e9g\u00e9n regisztr\u00e1ltassa mag\u00e1t a tan\u00e1rn\u00e1l. Az els\u0151 \u00f3r\u00e1n minden hallgat\u00f3 kap a saj\u00e1t Neptun k\u00f3dj\u00e1val, nev\u00e9vel \u00e9s vonalk\u00f3dj\u00e1val ell\u00e1tott k\u00e1rty\u00e1t, melyet minden \u00f3r\u00e1ra el kell hoznia, mivel az elektronikus regisztr\u00e1ci\u00f3 ez alapj\u00e1n t\u00f6rt\u00e9nik. <strong>Ut\u00f3lagos regisztr\u00e1ci\u00f3ra nincs lehet\u0151s\u00e9g! <\/strong><\/p>\n<p><strong>Az elvesztett k\u00e1rtya p\u00f3tl\u00e1sa 1 hetet vesz ig\u00e9nybe.<\/strong><\/p>\n<h4>\u00a0<\/h4>\n<h4><strong>testnevel\u00e9s \u00d3r\u00e1k al\u00f3li Felment\u00e9sek<\/strong><\/h4>\n<p class=\"text\"><strong><span class=\"text__Char\">R\/2\/2022. (VII.21.) SZ. REKTORI UTAS\u00cdT\u00c1S<\/span><\/strong><\/p>\n<p class=\"Normal\"><strong><span class=\"Normal__Char\">Testnevel\u00e9s tant\u00e1rgy \u00f3r\u00e1inak l\u00e1togat\u00e1sa al\u00f3li felment\u00e9sre ir\u00e1nyul\u00f3 hallgat\u00f3i ig\u00e9nyek elb\u00edr\u00e1l\u00e1s\u00e1nak folyamata<\/span><\/strong><\/p>\n<p><a href=\"https:\/\/semmelweis.hu\/jogigfoig\/2022\/07\/22\/r-2-2022-vii-21-sz-rektori-utasitas-testneveles-tantargy-orainak-latogatasa-aloli-felmentesre-iranyulo-hallgatoi-igenyek-elbiralasanak-folyamata\/\">https:\/\/semmelweis.hu\/jogigfoig\/2022\/07\/22\/r-2-2022-vii-21-sz-rektori-utasitas-testneveles-tantargy-orainak-latogatasa-aloli-felmentesre-iranyulo-hallgatoi-igenyek-elbiralasanak-folyamata\/<\/a><\/p>\n<p>Sport\u00e1gi felment\u00e9s ig\u00e9nyl\u00e9sn\u00e9l az al\u00e1bbi igazol\u00e1st is sz\u00fcks\u00e9ges felt\u00f6lteni:<\/p>\n<p><a href=\"https:\/\/semmelweis.hu\/sportkozpont\/files\/2022\/08\/Sportagi-igazolas-felmenteshez-STEFI..pdf\">Sport\u00e1gi igazol\u00e1s felment\u00e9shez<\/a><\/p>\n<p>&nbsp;<\/p>\n<p>Sporttal kapcsolatos b\u00e1rmilyen jelleg\u0171 probl\u00e9m\u00e1val emailen a <a href=\"mailto:titkarsag.tsk@semmelweis.hu\">titkarsag.tsk@semmelweis.hu<\/a> c\u00edmen, valamint az <a href=\"https:\/\/semmelweis.hu\/sportkozpont\/oktatas\/ugyfelfogadas\/\">\u00fcgyf\u00e9lfogad\u00e1si id\u0151ben v\u00e1rjuk a megkeres\u00e9seket<\/a><\/p>\n\n<\/div><h2 class=\"tabtitle\">Szabadid\u0151sport<\/h2>\n<div class=\"tabcontent\">\n\n<h2>Szabadid\u0151sport<\/h2>\n<p>A Semmelweis Egyetem hallgat\u00f3i az ESMTK Pesterzs\u00e9beti Uszod\u00e1ban (1204 Bp, Zodony u. 1.) \u00a0eg\u00e9sz \u00e9vben t\u00e9r\u00edt\u00e9smentesen \u00faszhatnak \u00e9rv\u00e9nyes di\u00e1kigazolv\u00e1ny bemutat\u00e1s\u00e1val.<\/p>\n<p>A Z\u00e1gr\u00e1bi \u00fati sporttelepen a recepci\u00f3n a szabad kapacit\u00e1s f\u00fcggv\u00e9ny\u00e9ben el\u0151zetes telefonos bejelentkez\u00e9ssel (+36\/20-825-0667) vagy e-mailen a <a href=\"mailto:sport.booking@semmelweis.hu\">sport.booking@semmelweis.hu<\/a> c\u00edmen,\u00a0 <a href=\"https:\/\/semmelweis.hu\/sportkozpont\/palyaberles\/\">b\u00e9relhetik a sportcsarnokot, illetve a szabadt\u00e9ri p\u00e1ly\u00e1kat szabad kapacit\u00e1s f\u00fcggv\u00e9ny\u00e9ben, \u00e9rv\u00e9nyes di\u00e1kigazolv\u00e1ny bemutat\u00e1s\u00e1val, a mindenkori b\u00e9rleti d\u00edj 50%-\u00e1\u00e9rt<\/a>.<\/p>\n<\/div><\/div>\n","protected":false},"excerpt":{"rendered":"<p>Testnevel\u00e9s I. A\u00a0 t\u00e1rgy kiz\u00e1r\u00f3lag az \u00f3rarend szerinti testnevel\u00e9s \u00f3r\u00e1kon teljes\u00edthet\u0151. Testnevel\u00e9s \u00f3ra Az al\u00e1\u00edr\u00e1shoz sz\u00fcks\u00e9ges akt\u00edv r\u00e9szv\u00e9telek sz\u00e1ma: 10 (az oktat\u00e1si sz\u00fcnetek sz\u00e1m\u00e1t\u00f3l f\u00fcggetlen\u00fcl). Elmaradt \u00f3ra p\u00f3tl\u00e1s\u00e1ra a szemesztert k\u00f6vet\u0151 h\u00e9ten van lehet\u0151s\u00e9g 2 alkalommal, 1-1 \u00f3r\u00e1t h\u00e9tk\u00f6znaponk\u00e9nt 8:00 \u2013 16:00 \u00f3ra k\u00f6z\u00f6tt. A gyakorlati jegy megszerz\u00e9s\u00e9hez gyakorlati feladat teljes\u00edt\u00e9se sz\u00fcks\u00e9ges. Testnevel\u00e9s II &#8211; &hellip;<\/p>\n","protected":false},"author":347,"featured_media":0,"parent":444,"menu_order":3,"comment_status":"closed","ping_status":"closed","template":"","meta":{"_acf_changed":false,"footnotes":""},"categories":[],"tags":[],"class_list":["post-415","page","type-page","status-publish","hentry"],"acf":[],"_links":{"self":[{"href":"https:\/\/semmelweis.hu\/sportkozpont\/wp-json\/wp\/v2\/pages\/415","targetHints":{"allow":["GET"]}}],"collection":[{"href":"https:\/\/semmelweis.hu\/sportkozpont\/wp-json\/wp\/v2\/pages"}],"about":[{"href":"https:\/\/semmelweis.hu\/sportkozpont\/wp-json\/wp\/v2\/types\/page"}],"author":[{"embeddable":true,"href":"https:\/\/semmelweis.hu\/sportkozpont\/wp-json\/wp\/v2\/users\/347"}],"replies":[{"embeddable":true,"href":"https:\/\/semmelweis.hu\/sportkozpont\/wp-json\/wp\/v2\/comments?post=415"}],"version-history":[{"count":12,"href":"https:\/\/semmelweis.hu\/sportkozpont\/wp-json\/wp\/v2\/pages\/415\/revisions"}],"predecessor-version":[{"id":4276,"href":"https:\/\/semmelweis.hu\/sportkozpont\/wp-json\/wp\/v2\/pages\/415\/revisions\/4276"}],"up":[{"embeddable":true,"href":"https:\/\/semmelweis.hu\/sportkozpont\/wp-json\/wp\/v2\/pages\/444"}],"wp:attachment":[{"href":"https:\/\/semmelweis.hu\/sportkozpont\/wp-json\/wp\/v2\/media?parent=415"}],"wp:term":[{"taxonomy":"category","embeddable":true,"href":"https:\/\/semmelweis.hu\/sportkozpont\/wp-json\/wp\/v2\/categories?post=415"},{"taxonomy":"post_tag","embeddable":true,"href":"https:\/\/semmelweis.hu\/sportkozpont\/wp-json\/wp\/v2\/tags?post=415"}],"curies":[{"name":"wp","href":"https:\/\/api.w.org\/{rel}","templated":true}]}}