{"id":3529,"date":"2022-10-13T14:13:05","date_gmt":"2022-10-13T12:13:05","guid":{"rendered":"https:\/\/semmelweis.hu\/sportkozpont\/?page_id=3529"},"modified":"2025-09-17T10:29:52","modified_gmt":"2025-09-17T08:29:52","slug":"aufruf-zur-einreichung-von-bewerbungen-fur-die-auszeichnung-gut-im-studium-gut-im-sport","status":"publish","type":"page","link":"https:\/\/semmelweis.hu\/sportkozpont\/en\/callforapplication\/german\/aufruf-zur-einreichung-von-bewerbungen-fur-die-auszeichnung-gut-im-studium-gut-im-sport\/","title":{"rendered":"Aufruf zur Einreichung von Bewerbungen f\u00fcr die Auszeichnung \u201eGut im Studium \u2013 Gut im Sport\u201c 2025\/2026"},"content":{"rendered":"<p>Das Zentrum f\u00fcr K\u00f6rpererziehung und Sport der Semmelweis Universit\u00e4t verk\u00fcndet eine Ausschreibung zur Verleihung der Auszeichnung <em>\u201eGut im Studium \u2013 Gut im Sport<\/em>\u201c.<\/p>\n<p>&nbsp;<\/p>\n<ol>\n<li><strong> Bedingungen f\u00fcr die Einreichung einer Bewerbung<\/strong><\/li>\n<\/ol>\n<p>(1) Die Auszeichnung kann einem\/einer im Direktstudium bzw. in der Graduiertenausbildung eingeschriebenen Studierenden der Semmelweis Universit\u00e4t verliehen werden, der\/die<\/p>\n<p>a) in den zwei Semestern vor der Ausschreibung zur Einreichung von Bewerbungen \u00fcber einen gewichteten Notendurchschnitt von 4,00 oder besser verf\u00fcgt,<\/p>\n<p>b) wegen unzureichender Studienergebnisse kein Jahr wiederholt hat,<\/p>\n<p>c) nicht unter der Wirkung einer Disziplinarstrafe steht bzw. stand und<\/p>\n<p>d) in den zwei Semestern vor der Ausschreibung zur Einreichung von Bewerbungen eine der in der Anlage 7 aufgef\u00fchrten sportlichen Anforderungen dokumentiert erf\u00fcllt hat und<\/p>\n<p>e) in den zwei Semestern vor der Ausschreibung zur Einreichung von Bewerbungen in einer in der Anlage 7 aufgef\u00fchrten wissenschaftlichen Arbeit dokumentiert Leistungen erbracht hat.<\/p>\n<p>(2) Hinsichtlich Absatzes (1) Buchstabe d) darf der\/die Studierende das bereits erzielte Sportergebnis bei der Einreichung der Bewerbung nur einmal anrechnen lassen und sich in Zukunft nicht auf dieses erzielte Ergebnis berufen.<\/p>\n<p>&nbsp;<\/p>\n<p>Das <strong>Bewerbungsformular<\/strong> und der <strong>kurze CV<\/strong> zum Studium und zur Sportt\u00e4tigkeit des Bewerbers \/ der Bewerberin kann bis zum <strong>15. November 2025<\/strong>\u00a0eingereicht werden: pers\u00f6nlich bis 15 Uhr im K\u00f6rperkultur- und Sportzentrum der Semmelweis Universit\u00e4t oder per Post (1107 Budapest, Z\u00e1gr\u00e1bi utca 14.) bis 24.00 Uhr.<\/p>\n<p>&nbsp;<\/p>\n<p><strong>Bewerbungsformular <\/strong>zum Herunterladen<\/p>\n<p><a href=\"https:\/\/semmelweis.hu\/sportkozpont\/files\/2022\/10\/Bewerbungsformular_Gut_im_Studium_Gut_im_Sport.docx\">Bewerbungsformular_Gut_im_Studium_Gut_im_Sport<\/a><\/p>\n<p><a href=\"https:\/\/semmelweis.hu\/sportkozpont\/files\/2022\/10\/Bewerbungsformular_Gut_im_Studium_Gut_im_Sport.pdf\">Bewerbungsformular_Gut_im_Studium_Gut_im_Sport<\/a><\/p>\n<p>2.<\/p>\n<p>Eine vom Direktor des Zentrums f\u00fcr K\u00f6rpererziehung und Sport der Universit\u00e4t geleitete 5-k\u00f6pftige Jury bewertet die Bewerbungen.<\/p>\n<p>Die Jury stellt aufgrund der zusammengefassten Punkte zur Pr\u00e4mierung der ersten sechs Platzierten jeweils gesondert f\u00fcr Frauen und M\u00e4nner eine Reihenfolge auf.<\/p>\n<p>Bei gleichen Punktzahlen unterbreitet der Stellvertretende Rektor f\u00fcr Bildungsfragen einen Vorschlag zur Reihenfolge.<\/p>\n<p>Der Senat der Universit\u00e4t entscheidet aufgrund der Vorlage des Stellvertretenden Rektors f\u00fcr Bildungsfragen \u00fcber die Vergabe der Auszeichnung \u201eGut im Studium \u2013 Gut im Sport\u201d an die w\u00fcrdigen Studierenden.<\/p>\n<p>Die Verleihung der Auszeichnung erfolgt auf der am Nationalfeiertag (15. M\u00e4rz) veranstalteten Feier.<\/p>\n<p>\u00dcber die mit der Bewerbung verbundenen detaillierten Bedingungen und Regeln verf\u00fcgt die mit dem Beschluss des Senats der Universit\u00e4t Nr. 33\/2022. (V.13.) angenommene Ordnung, die von Interessenten im Internet auf der Unterseite der Hauptverwaltung f\u00fcr Rechts- und Verwaltungsfragen (https:\/\/semmelweis.hu\/jogigfoig\/dokumentumtar\/szabalyzattar\/hallgatoi-kituntetesekrol-szolo-szabalyzat\/) oder im Zentrum f\u00fcr K\u00f6rpererziehung und Sport (1107 Budapest, Z\u00e1gr\u00e1bi utca 14) eingesehen werden kann.<\/p>\n<p>&nbsp;<\/p>\n<p>Budapest, den 16. September 2025<\/p>\n<p>&nbsp;<\/p>\n<p>Korn\u00e9lia V\u00e1rszegi<\/p>\n<p>Direktorin<\/p>\n<p>K\u00f6rperkultur- und Sportzentrum<\/p>\n","protected":false},"excerpt":{"rendered":"<p>Das Zentrum f\u00fcr K\u00f6rpererziehung und Sport der Semmelweis Universit\u00e4t verk\u00fcndet eine Ausschreibung zur Verleihung der Auszeichnung \u201eGut im Studium \u2013 Gut im Sport\u201c. &nbsp; Bedingungen f\u00fcr die Einreichung einer Bewerbung (1) Die Auszeichnung kann einem\/einer im Direktstudium bzw. in der Graduiertenausbildung eingeschriebenen Studierenden der Semmelweis Universit\u00e4t verliehen werden, der\/die a) in den zwei Semestern vor &hellip;<\/p>\n","protected":false},"author":101137,"featured_media":0,"parent":3781,"menu_order":2,"comment_status":"closed","ping_status":"closed","template":"","meta":{"_acf_changed":false,"footnotes":""},"categories":[],"tags":[],"class_list":["post-3529","page","type-page","status-publish","hentry"],"acf":[],"_links":{"self":[{"href":"https:\/\/semmelweis.hu\/sportkozpont\/wp-json\/wp\/v2\/pages\/3529","targetHints":{"allow":["GET"]}}],"collection":[{"href":"https:\/\/semmelweis.hu\/sportkozpont\/wp-json\/wp\/v2\/pages"}],"about":[{"href":"https:\/\/semmelweis.hu\/sportkozpont\/wp-json\/wp\/v2\/types\/page"}],"author":[{"embeddable":true,"href":"https:\/\/semmelweis.hu\/sportkozpont\/wp-json\/wp\/v2\/users\/101137"}],"replies":[{"embeddable":true,"href":"https:\/\/semmelweis.hu\/sportkozpont\/wp-json\/wp\/v2\/comments?post=3529"}],"version-history":[{"count":7,"href":"https:\/\/semmelweis.hu\/sportkozpont\/wp-json\/wp\/v2\/pages\/3529\/revisions"}],"predecessor-version":[{"id":4309,"href":"https:\/\/semmelweis.hu\/sportkozpont\/wp-json\/wp\/v2\/pages\/3529\/revisions\/4309"}],"up":[{"embeddable":true,"href":"https:\/\/semmelweis.hu\/sportkozpont\/wp-json\/wp\/v2\/pages\/3781"}],"wp:attachment":[{"href":"https:\/\/semmelweis.hu\/sportkozpont\/wp-json\/wp\/v2\/media?parent=3529"}],"wp:term":[{"taxonomy":"category","embeddable":true,"href":"https:\/\/semmelweis.hu\/sportkozpont\/wp-json\/wp\/v2\/categories?post=3529"},{"taxonomy":"post_tag","embeddable":true,"href":"https:\/\/semmelweis.hu\/sportkozpont\/wp-json\/wp\/v2\/tags?post=3529"}],"curies":[{"name":"wp","href":"https:\/\/api.w.org\/{rel}","templated":true}]}}