{"id":20,"date":"2025-12-19T09:55:39","date_gmt":"2025-12-19T08:55:39","guid":{"rendered":"http:\/\/semmelweis-egyetem.hu\/sportkozpont\/?page_id=20"},"modified":"2026-01-09T10:37:53","modified_gmt":"2026-01-09T09:37:53","slug":"felmentesek","status":"publish","type":"page","link":"https:\/\/semmelweis.hu\/sportkozpont\/oktatas\/felmentesek\/","title":{"rendered":"Felment\u00e9si k\u00e9relem 2025\/2026\/2 (2026. janu\u00e1r 12. 8:00 &#8211; 2026. janu\u00e1r 27. 23.59)"},"content":{"rendered":"<p>Testnevel\u00e9s \u00f3r\u00e1k al\u00f3li felment\u00e9s ig\u00e9nyl\u00e9s\u00e9nek le\u00edr\u00e1sa:\u00a0<\/p>\n<p><strong>R\/1\/2024. (I.08.) sz\u00e1m\u00fa rektori utas\u00edt\u00e1s<\/strong><\/p>\n<p><strong>Testnevel\u00e9s\u00a0<\/strong><strong>tant\u00e1rgy<\/strong>\u00a0<strong>\u00f3r\u00e1inak l\u00e1togat\u00e1sa al\u00f3li felment\u00e9sre ir\u00e1nyul\u00f3 hallgat\u00f3i ig\u00e9nyek elb\u00edr\u00e1l\u00e1s\u00e1nak folyamat\u00e1r\u00f3l sz\u00f3l\u00f3 R\/2\/2022. (VII.21.) sz\u00e1m\u00fa rektori utas\u00edt\u00e1s m\u00f3dos\u00edt\u00e1s\u00e1r\u00f3l<\/strong><\/p>\n<blockquote class=\"wp-embedded-content\" data-secret=\"W3dCooYDs4\"><p><a href=\"https:\/\/semmelweis.hu\/jogigfoig\/2022\/07\/22\/r-2-2022-vii-21-sz-rektori-utasitas-testneveles-tantargy-orainak-latogatasa-aloli-felmentesre-iranyulo-hallgatoi-igenyek-elbiralasanak-folyamata\/\">R\/2\/2022. (VII. 21.) sz\u00e1m\u00fa rektori utas\u00edt\u00e1s Testnevel\u00e9s tant\u00e1rgy \u00f3r\u00e1inak l\u00e1togat\u00e1sa al\u00f3li felment\u00e9sre ir\u00e1nyul\u00f3 hallgat\u00f3i ig\u00e9nyek elb\u00edr\u00e1l\u00e1s\u00e1nak folyamata (az E\/8\/2022. (X. 24.) sz\u00e1m\u00fa rektori-kancell\u00e1ri utas\u00edt\u00e1s, az R\/3\/2022. (XII. 21.) sz\u00e1m\u00fa rektori utas\u00edt\u00e1s \u00e9s az R\/1\/2024. (I. 08.) sz\u00e1m\u00fa rektori utas\u00edt\u00e1s m\u00f3dos\u00edt\u00f3 rendelkez\u00e9seivel egys\u00e9ges szerkezetben)<\/a><\/p><\/blockquote>\n<p><iframe loading=\"lazy\" class=\"wp-embedded-content\" sandbox=\"allow-scripts\" security=\"restricted\" style=\"position: absolute; visibility: hidden;\" title=\"&#8220;R\/2\/2022. (VII. 21.) sz\u00e1m\u00fa rektori utas\u00edt\u00e1s Testnevel\u00e9s tant\u00e1rgy \u00f3r\u00e1inak l\u00e1togat\u00e1sa al\u00f3li felment\u00e9sre ir\u00e1nyul\u00f3 hallgat\u00f3i ig\u00e9nyek elb\u00edr\u00e1l\u00e1s\u00e1nak folyamata (az E\/8\/2022. (X. 24.) sz\u00e1m\u00fa rektori-kancell\u00e1ri utas\u00edt\u00e1s, az R\/3\/2022. (XII. 21.) sz\u00e1m\u00fa rektori utas\u00edt\u00e1s \u00e9s az R\/1\/2024. (I. 08.) sz\u00e1m\u00fa rektori utas\u00edt\u00e1s m\u00f3dos\u00edt\u00f3 rendelkez\u00e9seivel egys\u00e9ges szerkezetben)&#8221; &#8212; Jogi \u00e9s Igazgat\u00e1si F\u0151igazgat\u00f3s\u00e1g\" src=\"https:\/\/semmelweis.hu\/jogigfoig\/2022\/07\/22\/r-2-2022-vii-21-sz-rektori-utasitas-testneveles-tantargy-orainak-latogatasa-aloli-felmentesre-iranyulo-hallgatoi-igenyek-elbiralasanak-folyamata\/embed\/#?secret=wHno1ftTPT#?secret=W3dCooYDs4\" data-secret=\"W3dCooYDs4\" width=\"600\" height=\"338\" frameborder=\"0\" marginwidth=\"0\" marginheight=\"0\" scrolling=\"no\"><\/iframe><\/p>\n<p>&nbsp;<\/p>\n<p>Seg\u00e9dlet a Felment\u00e9s folyamat\u00e1hoz:<\/p>\n<p><a href=\"https:\/\/semmelweis.hu\/sportkozpont\/files\/2022\/09\/STEFI_hallgatoi-utmutato_20220902_HUN_final.pdf\">STEFI_hallgatoi utmutato_20220902_HUN_final<\/a><\/p>\n<p>&nbsp;<\/p>\n<p><strong style=\"font-size: 1rem\">Eg\u00e9szs\u00e9g\u00fcgyi felment\u00e9s<\/strong><\/p>\n<p>A felment\u00e9si <strong>k\u00e9relmet a Neptun rendszerbe<\/strong> kell beny\u00fajtani, majd a csatoland\u00f3 orvosi <strong>dokumetumokat a STEFI rendszerbe (www.stefi.semmelweis.hu) <\/strong>kell felt\u00f6lteni, ez\u00e9rt javasolt a dokument\u00e1ci\u00f3 miel\u0151bbi beszerz\u00e9se. Az orvosi dokumentum tartalmi \u00e9s formai krit\u00e9riumai a k\u00f6vetkez\u0151k:<\/p>\n<ul>\n<li>amennyiben az \u00e1llapot nem v\u00e9gleges, \u00fagy 1 \u00e9vn\u00e9l nem r\u00e9gebbi,<\/li>\n<li>magyar vagy angol nyelven \u00edr\u00f3dott, g\u00e9pelt (nem k\u00e9z\u00edr\u00e1s!),<\/li>\n<li>tartalmazza a hallgat\u00f3 adatait, az orvos diagn\u00f3zis\u00e1t, ter\u00e1pi\u00e1t (ha van), a felment\u00e9s m\u00e9rt\u00e9k\u00e9t (teljes\/r\u00e9szleges) \u00e9s idej\u00e9t.<\/li>\n<\/ul>\n<p><strong>K\u00e9relmez\u00e9si id\u0151szak: 2026. janu\u00e1r 12. 8.00 \u2013 2026. janu\u00e1r 27. 23.59.<\/strong><\/p>\n<p><strong>Dokumentum felt\u00f6lt\u00e9si id\u0151szak:szint\u00e9n 2026. janu\u00e1r 12. 8.00 \u2013 2026. janu\u00e1r 28. 23.59.<\/strong><\/p>\n<p><strong>Az id\u0151pontfoglal\u00e1s \u00e9s konzult\u00e1ci\u00f3s id\u0151szak (2026. janu\u00e1r 29 &#8211; febru\u00e1r 10.) a <a href=\"https:\/\/stefi.semmelweis.hu\/login\">STEFI<\/a> oldal\u00e1n el\u00e9rhet\u0151!<\/strong><\/p>\n<p>A nem megfelel\u0151 dokumentumok elutas\u00edt\u00e1sra ker\u00fclnek.<\/p>\n<p>K\u00e9rd\u00e9s eset\u00e9n keress\u00e9k a Sportk\u00f6zpontot a \u00a0<a href=\"mailto:titkarsag.tsk@semmelweis.hu\">titkarsag.tsk@semmelweis.hu<\/a> c\u00edmen.<\/p>\n<p>ETK hallgat\u00f3k k\u00e9rem keress\u00e9k a Karon So\u00f3s G\u00e1bor tan\u00e1r urat <a href=\"mailto:soos.gabor1@semmelweis.hu\">soos.gabor1@semmelweis.hu<\/a> c\u00edmen.<\/p>\n<p>&nbsp;<\/p>\n<p><strong>Sportol\u00f3i felment\u00e9s (versenysportol\u00f3k sz\u00e1m\u00e1ra)<\/strong><\/p>\n<p>A felment\u00e9si k\u00e9relemhez csatoland\u00f3 igazol\u00f3 dokumentumok felt\u00f6lt\u00e9se <strong>2026. janu\u00e1r 12. 8.00 \u2013 2026. janu\u00e1r 27. 23.59.<\/strong><strong>\u00a0<\/strong>\u00a0percig lehets\u00e9ges, ez\u00e9rt javasolt a dokument\u00e1ci\u00f3 miel\u0151bbi beszerz\u00e9se. <strong>A k\u00e9relemhez a k\u00f6vetkez\u0151 al\u00e1\u00edr\u00e1ssal, d\u00e1tummal \u00e9s pecs\u00e9ttel ell\u00e1tott igazol\u00e1sok felt\u00f6lt\u00e9se sz\u00fcks\u00e9ges:<\/strong><\/p>\n<ul>\n<li style=\"list-style-type: none\">\n<ul>\n<li>\n<p><span style=\"font-size: 1rem\">sportegyes\u00fcleti igazol\u00e1s <\/span><\/p>\n<\/li>\n<li>\n<p>sport\u00e1gi szaksz\u00f6vets\u00e9gi igazol\u00e1s (ezekhez egy formanyomtatv\u00e1ny rendelkez\u00e9sre \u00e1ll)<\/p>\n<\/li>\n<li>\n<p><a href=\"https:\/\/semmelweis.hu\/sportkozpont\/files\/2024\/06\/Sportagi-igazolas-felmenteshez.pdf\">Sport\u00e1gi igazol\u00e1s felment\u00e9shez AOK, FOK, GYTK, EKK<\/a><\/p>\n<\/li>\n<li>\n<p><a href=\"https:\/\/semmelweis.hu\/sportkozpont\/files\/2025\/07\/Sportagi-felmentes-urlap-ETK-hallgatok-szamara.docx\">Sport\u00e1gi felment\u00e9s \u0171rlap ETK hallgat\u00f3k sz\u00e1m\u00e1ra<\/a><\/p>\n<\/li>\n<\/ul>\n<\/li>\n<\/ul>\n<p>&nbsp;<\/p>\n","protected":false},"excerpt":{"rendered":"<p>Testnevel\u00e9s \u00f3r\u00e1k al\u00f3li felment\u00e9s ig\u00e9nyl\u00e9s\u00e9nek le\u00edr\u00e1sa:\u00a0 R\/1\/2024. (I.08.) sz\u00e1m\u00fa rektori utas\u00edt\u00e1s Testnevel\u00e9s\u00a0tant\u00e1rgy\u00a0\u00f3r\u00e1inak l\u00e1togat\u00e1sa al\u00f3li felment\u00e9sre ir\u00e1nyul\u00f3 hallgat\u00f3i ig\u00e9nyek elb\u00edr\u00e1l\u00e1s\u00e1nak folyamat\u00e1r\u00f3l sz\u00f3l\u00f3 R\/2\/2022. (VII.21.) sz\u00e1m\u00fa rektori utas\u00edt\u00e1s m\u00f3dos\u00edt\u00e1s\u00e1r\u00f3l <a href=\"https:\/\/semmelweis.hu\/jogigfoig\/2022\/07\/22\/r-2-2022-vii-21-sz-rektori-utasitas-testneveles-tantargy-orainak-latogatasa-aloli-felmentesre-iranyulo-hallgatoi-igenyek-elbiralasanak-folyamata\/\">R\/2\/2022. (VII. 21.) sz\u00e1m\u00fa rektori utas\u00edt\u00e1s Testnevel\u00e9s tant\u00e1rgy \u00f3r\u00e1inak l\u00e1togat\u00e1sa al\u00f3li felment\u00e9sre ir\u00e1nyul\u00f3 hallgat\u00f3i ig\u00e9nyek elb\u00edr\u00e1l\u00e1s\u00e1nak folyamata (az E\/8\/2022. (X. 24.) sz\u00e1m\u00fa rektori-kancell\u00e1ri utas\u00edt\u00e1s, az R\/3\/2022. (XII. 21.) sz\u00e1m\u00fa rektori utas\u00edt\u00e1s \u00e9s az R\/1\/2024. (I. 08.) sz\u00e1m\u00fa rektori utas\u00edt\u00e1s m\u00f3dos\u00edt\u00f3 rendelkez\u00e9seivel egys\u00e9ges szerkezetben)<\/a> &nbsp; Seg\u00e9dlet a Felment\u00e9s folyamat\u00e1hoz: <a href=\"https:\/\/semmelweis.hu\/sportkozpont\/files\/2022\/09\/STEFI_hallgatoi-utmutato_20220902_HUN_final.pdf\">STEFI_hallgatoi utmutato_20220902_HUN_final<\/a> &nbsp; Eg\u00e9szs\u00e9g\u00fcgyi felment\u00e9s A felment\u00e9si k\u00e9relmet a Neptun rendszerbe kell beny\u00fajtani, majd a csatoland\u00f3 orvosi dokumetumokat a STEFI rendszerbe (www.stefi.semmelweis.hu) kell felt\u00f6lteni, ez\u00e9rt &hellip;<\/p>\n","protected":false},"author":8,"featured_media":0,"parent":444,"menu_order":6,"comment_status":"closed","ping_status":"closed","template":"","meta":{"_acf_changed":false,"footnotes":""},"categories":[],"tags":[],"class_list":["post-20","page","type-page","status-publish","hentry"],"acf":[],"_links":{"self":[{"href":"https:\/\/semmelweis.hu\/sportkozpont\/wp-json\/wp\/v2\/pages\/20","targetHints":{"allow":["GET"]}}],"collection":[{"href":"https:\/\/semmelweis.hu\/sportkozpont\/wp-json\/wp\/v2\/pages"}],"about":[{"href":"https:\/\/semmelweis.hu\/sportkozpont\/wp-json\/wp\/v2\/types\/page"}],"author":[{"embeddable":true,"href":"https:\/\/semmelweis.hu\/sportkozpont\/wp-json\/wp\/v2\/users\/8"}],"replies":[{"embeddable":true,"href":"https:\/\/semmelweis.hu\/sportkozpont\/wp-json\/wp\/v2\/comments?post=20"}],"version-history":[{"count":11,"href":"https:\/\/semmelweis.hu\/sportkozpont\/wp-json\/wp\/v2\/pages\/20\/revisions"}],"predecessor-version":[{"id":4365,"href":"https:\/\/semmelweis.hu\/sportkozpont\/wp-json\/wp\/v2\/pages\/20\/revisions\/4365"}],"up":[{"embeddable":true,"href":"https:\/\/semmelweis.hu\/sportkozpont\/wp-json\/wp\/v2\/pages\/444"}],"wp:attachment":[{"href":"https:\/\/semmelweis.hu\/sportkozpont\/wp-json\/wp\/v2\/media?parent=20"}],"wp:term":[{"taxonomy":"category","embeddable":true,"href":"https:\/\/semmelweis.hu\/sportkozpont\/wp-json\/wp\/v2\/categories?post=20"},{"taxonomy":"post_tag","embeddable":true,"href":"https:\/\/semmelweis.hu\/sportkozpont\/wp-json\/wp\/v2\/tags?post=20"}],"curies":[{"name":"wp","href":"https:\/\/api.w.org\/{rel}","templated":true}]}}

Felmentési kérelem 2025/2026/2 (2026. január 12. 8:00 &#8211; 2026. január 27. 23.59)

<p>Testnevelés órák alóli felmentés igénylésének leírása: </p>
<p><strong>R/1/2024. (I.08.) számú rektori utasítás</strong></p>
<p><strong>Testnevelés </strong><strong>tantárgy</strong> <strong>óráinak látogatása alóli felmentésre irányuló hallgatói igények elbírálásának folyamatáról szóló R/2/2022. (VII.21.) számú rektori utasítás módosításáról</strong></p>
<blockquote class="wp-embedded-content" data-secret="W3dCooYDs4"><p><a href="https://semmelweis.hu/jogigfoig/2022/07/22/r-2-2022-vii-21-sz-rektori-utasitas-testneveles-tantargy-orainak-latogatasa-aloli-felmentesre-iranyulo-hallgatoi-igenyek-elbiralasanak-folyamata/">R/2/2022. (VII. 21.) számú rektori utasítás Testnevelés tantárgy óráinak látogatása alóli felmentésre irányuló hallgatói igények elbírálásának folyamata (az E/8/2022. (X. 24.) számú rektori-kancellári utasítás, az R/3/2022. (XII. 21.) számú rektori utasítás és az R/1/2024. (I. 08.) számú rektori utasítás módosító rendelkezéseivel egységes szerkezetben)</a></p></blockquote>
<p><iframe loading="lazy" class="wp-embedded-content" sandbox="allow-scripts" security="restricted" style="position: absolute; visibility: hidden;" title="&#8220;R/2/2022. (VII. 21.) számú rektori utasítás Testnevelés tantárgy óráinak látogatása alóli felmentésre irányuló hallgatói igények elbírálásának folyamata (az E/8/2022. (X. 24.) számú rektori-kancellári utasítás, az R/3/2022. (XII. 21.) számú rektori utasítás és az R/1/2024. (I. 08.) számú rektori utasítás módosító rendelkezéseivel egységes szerkezetben)&#8221; &#8212; Jogi és Igazgatási Főigazgatóság" src="https://semmelweis.hu/jogigfoig/2022/07/22/r-2-2022-vii-21-sz-rektori-utasitas-testneveles-tantargy-orainak-latogatasa-aloli-felmentesre-iranyulo-hallgatoi-igenyek-elbiralasanak-folyamata/embed/#?secret=wHno1ftTPT#?secret=W3dCooYDs4" data-secret="W3dCooYDs4" width="600" height="338" frameborder="0" marginwidth="0" marginheight="0" scrolling="no"></iframe></p>
<p>&nbsp;</p>
<p>Segédlet a Felmentés folyamatához:</p>
<p><a href="https://semmelweis.hu/sportkozpont/files/2022/09/STEFI_hallgatoi-utmutato_20220902_HUN_final.pdf">STEFI_hallgatoi utmutato_20220902_HUN_final</a></p>
<p>&nbsp;</p>
<p><strong style="font-size: 1rem">Egészségügyi felmentés</strong></p>
<p>A felmentési <strong>kérelmet a Neptun rendszerbe</strong> kell benyújtani, majd a csatolandó orvosi <strong>dokumetumokat a STEFI rendszerbe (www.stefi.semmelweis.hu) </strong>kell feltölteni, ezért javasolt a dokumentáció mielőbbi beszerzése. Az orvosi dokumentum tartalmi és formai kritériumai a következők:</p>
<ul>
<li>amennyiben az állapot nem végleges, úgy 1 évnél nem régebbi,</li>
<li>magyar vagy angol nyelven íródott, gépelt (nem kézírás!),</li>
<li>tartalmazza a hallgató adatait, az orvos diagnózisát, terápiát (ha van), a felmentés mértékét (teljes/részleges) és idejét.</li>
</ul>
<p><strong>Kérelmezési időszak: 2026. január 12. 8.00 – 2026. január 27. 23.59.</strong></p>
<p><strong>Dokumentum feltöltési időszak:szintén 2026. január 12. 8.00 – 2026. január 28. 23.59.</strong></p>
<p><strong>Az időpontfoglalás és konzultációs időszak (2026. január 29 &#8211; február 10.) a <a href="https://stefi.semmelweis.hu/login">STEFI</a> oldalán elérhető!</strong></p>
<p>A nem megfelelő dokumentumok elutasításra kerülnek.</p>
<p>Kérdés esetén keressék a Sportközpontot a  <a href="mailto:titkarsag.tsk@semmelweis.hu">titkarsag.tsk@semmelweis.hu</a> címen.</p>
<p>ETK hallgatók kérem keressék a Karon Soós Gábor tanár urat <a href="mailto:soos.gabor1@semmelweis.hu">soos.gabor1@semmelweis.hu</a> címen.</p>
<p>&nbsp;</p>
<p><strong>Sportolói felmentés (versenysportolók számára)</strong></p>
<p>A felmentési kérelemhez csatolandó igazoló dokumentumok feltöltése <strong>2026. január 12. 8.00 – 2026. január 27. 23.59.</strong><strong> </strong> percig lehetséges, ezért javasolt a dokumentáció mielőbbi beszerzése. <strong>A kérelemhez a következő aláírással, dátummal és pecséttel ellátott igazolások feltöltése szükséges:</strong></p>
<ul>
<li style="list-style-type: none">
<ul>
<li>
<p><span style="font-size: 1rem">sportegyesületi igazolás </span></p>
</li>
<li>
<p>sportági szakszövetségi igazolás (ezekhez egy formanyomtatvány rendelkezésre áll)</p>
</li>
<li>
<p><a href="https://semmelweis.hu/sportkozpont/files/2024/06/Sportagi-igazolas-felmenteshez.pdf">Sportági igazolás felmentéshez AOK, FOK, GYTK, EKK</a></p>
</li>
<li>
<p><a href="https://semmelweis.hu/sportkozpont/files/2025/07/Sportagi-felmentes-urlap-ETK-hallgatok-szamara.docx">Sportági felmentés űrlap ETK hallgatók számára</a></p>
</li>
</ul>
</li>
</ul>
<p>&nbsp;</p>

<p>Testnevelés órák alóli felmentés igénylésének leírása:  R/1/2024. (I.08.) számú rektori utasítás Testnevelés tantárgy óráinak látogatása alóli felmentésre irányuló hallgatói igények elbírálásának folyamatáról szóló R/2/2022. (VII.21.) számú rektori utasítás módosításáról <a href="https://semmelweis.hu/jogigfoig/2022/07/22/r-2-2022-vii-21-sz-rektori-utasitas-testneveles-tantargy-orainak-latogatasa-aloli-felmentesre-iranyulo-hallgatoi-igenyek-elbiralasanak-folyamata/">R/2/2022. (VII. 21.) számú rektori utasítás Testnevelés tantárgy óráinak látogatása alóli felmentésre irányuló hallgatói igények elbírálásának folyamata (az E/8/2022. (X. 24.) számú rektori-kancellári utasítás, az R/3/2022. (XII. 21.) számú rektori utasítás és az R/1/2024. (I. 08.) számú rektori utasítás módosító rendelkezéseivel egységes szerkezetben)</a> &nbsp; Segédlet a Felmentés folyamatához: <a href="https://semmelweis.hu/sportkozpont/files/2022/09/STEFI_hallgatoi-utmutato_20220902_HUN_final.pdf">STEFI_hallgatoi utmutato_20220902_HUN_final</a> &nbsp; Egészségügyi felmentés A felmentési kérelmet a Neptun rendszerbe kell benyújtani, majd a csatolandó orvosi dokumetumokat a STEFI rendszerbe (www.stefi.semmelweis.hu) kell feltölteni, ezért &hellip;</p>
