{"id":1455,"date":"2016-12-07T14:35:43","date_gmt":"2016-12-07T13:35:43","guid":{"rendered":"http:\/\/semmelweis.hu\/sportkozpont\/?page_id=1455"},"modified":"2024-06-05T15:09:00","modified_gmt":"2024-06-05T13:09:00","slug":"latvanytervek","status":"publish","type":"page","link":"https:\/\/semmelweis.hu\/sportkozpont\/fejlesztesi-terveink\/latvanytervek\/","title":{"rendered":"L\u00e1tv\u00e1nytervek"},"content":{"rendered":"<p>Ha a Prezi bemutat\u00f3 be\u00e1gyaz\u00e1sa nem jelenik meg \u00d6nn\u00e9l, <a href=\"https:\/\/prezi.com\/kygtxrijvycz\/semmelweiss-egyetem-uszoda-es-sportcsarnok\/\" target=\"_blank\" rel=\"noopener\"><strong>k\u00e9rj\u00fck, kattintson erre a linkre<\/strong><\/a> \u00e9s n\u00e9zze meg a l\u00e1tv\u00e1nyterveket a prezi.com oldalon.<\/p>\n<p style=\"text-align: center;\">\n<!-- iframe plugin v.4.9 wordpress.org\/plugins\/iframe\/ -->\n<iframe loading=\"lazy\" id=\"iframe_container\" src=\"https:\/\/prezi.com\/embed\/kygtxrijvycz\/?bgcolor=ffffff&#038;lock_to_path=0&#038;autoplay=0&#038;autohide_ctrls=0&#038;landing_data=bHVZZmNaNDBIWnNjdEVENDRhZDFNZGNIUE43MHdLNWpsdFJLb2ZHanI0cXdXZFF1REFKTVY3a01VdW1XM3BINGR3PT0&#038;landing_sign=EO4PWGdNVLqIvYP4-eUB3eiLkBzsk87qWzEE99JICyg\" width=\"902\" height=\"656\" frameborder=\"0\" allowfullscreen=\"allowfullscreen\" scrolling=\"yes\" class=\"iframe-class\"><\/iframe>\n<\/p>\n","protected":false},"excerpt":{"rendered":"<p>Ha a Prezi bemutat\u00f3 be\u00e1gyaz\u00e1sa nem jelenik meg \u00d6nn\u00e9l, <a href=\"https:\/\/prezi.com\/kygtxrijvycz\/semmelweiss-egyetem-uszoda-es-sportcsarnok\/\" target=\"_blank\" rel=\"noopener\">k\u00e9rj\u00fck, kattintson erre a linkre<\/a> \u00e9s n\u00e9zze meg a l\u00e1tv\u00e1nyterveket a prezi.com oldalon.<\/p>\n","protected":false},"author":12,"featured_media":0,"parent":1450,"menu_order":2,"comment_status":"closed","ping_status":"closed","template":"template-fullwidth.php","meta":{"_acf_changed":false,"footnotes":""},"categories":[],"tags":[],"class_list":["post-1455","page","type-page","status-publish","hentry"],"acf":[],"_links":{"self":[{"href":"https:\/\/semmelweis.hu\/sportkozpont\/wp-json\/wp\/v2\/pages\/1455","targetHints":{"allow":["GET"]}}],"collection":[{"href":"https:\/\/semmelweis.hu\/sportkozpont\/wp-json\/wp\/v2\/pages"}],"about":[{"href":"https:\/\/semmelweis.hu\/sportkozpont\/wp-json\/wp\/v2\/types\/page"}],"author":[{"embeddable":true,"href":"https:\/\/semmelweis.hu\/sportkozpont\/wp-json\/wp\/v2\/users\/12"}],"replies":[{"embeddable":true,"href":"https:\/\/semmelweis.hu\/sportkozpont\/wp-json\/wp\/v2\/comments?post=1455"}],"version-history":[{"count":10,"href":"https:\/\/semmelweis.hu\/sportkozpont\/wp-json\/wp\/v2\/pages\/1455\/revisions"}],"predecessor-version":[{"id":4001,"href":"https:\/\/semmelweis.hu\/sportkozpont\/wp-json\/wp\/v2\/pages\/1455\/revisions\/4001"}],"up":[{"embeddable":true,"href":"https:\/\/semmelweis.hu\/sportkozpont\/wp-json\/wp\/v2\/pages\/1450"}],"wp:attachment":[{"href":"https:\/\/semmelweis.hu\/sportkozpont\/wp-json\/wp\/v2\/media?parent=1455"}],"wp:term":[{"taxonomy":"category","embeddable":true,"href":"https:\/\/semmelweis.hu\/sportkozpont\/wp-json\/wp\/v2\/categories?post=1455"},{"taxonomy":"post_tag","embeddable":true,"href":"https:\/\/semmelweis.hu\/sportkozpont\/wp-json\/wp\/v2\/tags?post=1455"}],"curies":[{"name":"wp","href":"https:\/\/api.w.org\/{rel}","templated":true}]}}