{"id":1297,"date":"2016-08-03T11:34:31","date_gmt":"2016-08-03T09:34:31","guid":{"rendered":"http:\/\/semmelweis.hu\/sportkozpont\/?page_id=1297"},"modified":"2024-03-07T15:23:40","modified_gmt":"2024-03-07T14:23:40","slug":"palyaberles","status":"publish","type":"page","link":"https:\/\/semmelweis.hu\/sportkozpont\/palyaberles\/","title":{"rendered":"P\u00e1lyab\u00e9rl\u00e9s"},"content":{"rendered":"<div class=\"keretes w-100\">\n<h4><strong>B\u00e9relhet\u0151 k\u00fcl- \u00e9s belt\u00e9ri p\u00e1ly\u00e1k:<\/strong><\/h4>\n<p><strong>1107 Budapest, Z\u00e1gr\u00e1bi utca 14.<br \/>\n<\/strong>El\u0151zetes bejelentkez\u00e9s \u00e9s p\u00e1lyafoglal\u00e1s:<strong> <a href=\"tel:+36208250667\">+36 20 825 0667<\/a><\/strong> <br \/>\n<b><a href=\"sport.booking@semmelweis.hu\">sport.booking@semmelweis.hu<\/a>\u00a0<\/b><\/p>\n<h1><span style=\"font-size: 14pt\">Aktu\u00e1lis (Brutt\u00f3) b\u00e9rleti d\u00edjaink <br \/>\n2024. m\u00e1rcius 1-t\u0151l\u00a0<\/span><\/h1>\n<\/div>\n<h1>Tornacsarnok<\/h1>\n<ul style=\"list-style-type: square\">\n<li>felfestett p\u00e1ly\u00e1k (k\u00e9zilabda, kos\u00e1rlabda, r\u00f6plabda, tollaslabda,)<\/li>\n<li>kos\u00e1rpal\u00e1nk, h\u00e1l\u00f3k, ping pong asztalok, stb.<\/li>\n<\/ul>\n<h4><strong>Sporttev\u00e9kenys\u00e9g eset\u00e9n<\/strong><\/h4>\n<p><strong>H\u00e9tk\u00f6znap 08-21:30 \u00f3ra k\u00f6z\u00f6tt<\/strong><br \/>\n<strong> H\u00e9tv\u00e9g\u00e9n 07-21:30 \u00f3ra k\u00f6z\u00f6tt<\/strong><\/p>\n<ul style=\"list-style-type: square\">\n<li>K\u00fcls\u0151s: 19 000 Ft \/ \u00f3ra<\/li>\n<li>Egyetemi polg\u00e1rok: 9 500 Ft \/ \u00f3ra<\/li>\n<\/ul>\n<h4><strong>Egy\u00e9b tev\u00e9kenys\u00e9g eset\u00e9n<\/strong><\/h4>\n<p><strong>H\u00e9tk\u00f6znap 08-21:30 \u00f3ra k\u00f6z\u00f6tt<\/strong><br \/>\n<strong> H\u00e9tv\u00e9g\u00e9n 07-21:30 \u00f3ra k\u00f6z\u00f6tt<\/strong><\/p>\n<ul style=\"list-style-type: square\">\n<li>K\u00fcls\u0151s: 30 000 Ft \/ \u00f3ra<\/li>\n<li>Egyetemi polg\u00e1rok: 15 000 Ft \/ \u00f3ra<\/li>\n<\/ul>\n<h1>M\u0171f\u00fcves labdar\u00fag\u00f3p\u00e1lya<\/h1>\n<p><strong>H\u00e9tk\u00f6znap <\/strong><strong>08-16 \u00f3ra k\u00f6z\u00f6tt<br \/>\n<\/strong><strong>H\u00e9tv\u00e9g\u00e9n 7-16 \u00f3ra k\u00f6z\u00f6tt\u00a0\u00a0<\/strong><\/p>\n<ul style=\"list-style-type: square\">\n<li>K\u00fcls\u0151s: 13 000 Ft \/ \u00f3ra<\/li>\n<li>Egyetemi polg\u00e1rok: 6 500 Ft \/ \u00f3ra<\/li>\n<\/ul>\n<p><strong><br \/>\n<\/strong><strong> H\u00e9tk\u00f6znap 16-21:30 \u00f3ra k\u00f6z\u00f6tt<br \/>\nH\u00e9tv\u00e9g\u00e9n 16-21:30 \u00f3ra k\u00f6z\u00f6tt<\/strong><\/p>\n<ul style=\"list-style-type: square\">\n<li>K\u00fcls\u0151s: 16 000 Ft \/ \u00f3ra<\/li>\n<li>Egyetemi polg\u00e1rok: 8 000 Ft \/ \u00f3ra<\/li>\n<\/ul>\n<h1>Salakos \u00e9s rekort\u00e1n teniszp\u00e1lya<\/h1>\n<p><strong>H\u00e9tk\u00f6znap <\/strong><strong>08-16 \u00f3ra k\u00f6z\u00f6tt<br \/>\n<\/strong><strong>H\u00e9tv\u00e9g\u00e9n 7-16 \u00f3ra k\u00f6z\u00f6tt\u00a0\u00a0<\/strong><\/p>\n<ul style=\"list-style-type: square\">\n<li>K\u00fcls\u0151s: 3 500 Ft \/ \u00f3ra<\/li>\n<li>Egyetemi polg\u00e1rok: 1 750 Ft \/ \u00f3ra<\/li>\n<\/ul>\n<p><strong><br \/>\n<\/strong><strong> H\u00e9tk\u00f6znap 16-21:30 \u00f3ra k\u00f6z\u00f6tt<br \/>\nH\u00e9tv\u00e9g\u00e9n 16-21:30 \u00f3ra k\u00f6z\u00f6tt<\/strong><\/p>\n<ul style=\"list-style-type: square\">\n<li>K\u00fcls\u0151s: 4 500 Ft \/ \u00f3ra<\/li>\n<li>Egyetemi polg\u00e1rok: 2 250 Ft \/ \u00f3ra<\/li>\n<\/ul>\n<h1>F\u00fcves labdar\u00fag\u00f3 p\u00e1lya<\/h1>\n<p><strong>H\u00e9tk\u00f6znap 08-18 \u00f3ra k\u00f6z\u00f6tt<\/strong><br \/>\n<strong> H\u00e9tv\u00e9g\u00e9n 07-18 \u00f3ra k\u00f6z\u00f6tt<\/strong><\/p>\n<ul style=\"list-style-type: square\">\n<li>K\u00fcls\u0151s: 10 000 Ft \/ \u00f3ra<\/li>\n<li>Egyetemi polg\u00e1rok: 5 000 Ft \/ \u00f3ra<\/li>\n<\/ul>\n<h1>teljes Sporttelep<\/h1>\n<p>Lehet\u0151s\u00e9get \u00e9s helysz\u00ednt k\u00edn\u00e1lunk csal\u00e1di sportnapok, c\u00e9ges rendezv\u00e9nyek lebonyol\u00edt\u00e1s\u00e1hoz. \u00a0<br \/>\nK\u00e9rd\u00e9sekkel \u00e9s \u00e1raj\u00e1nlatk\u00e9r\u00e9ssel kapcsolatban keress\u00e9k a Sportk\u00f6zpont igazgat\u00f3j\u00e1t: varszegi.kornelia@semmelweis.hu c\u00edmen.<\/p>\n<ul style=\"list-style-type: disc\">\n<li>K\u00fcls\u0151s: <span style=\"font-size: 1rem\">07-21 \u00f3ra k\u00f6z\u00f6tt 950 000 Ft \/ nap<\/span><\/li>\n<li>Egyetemi: <span style=\"font-size: 1rem\">07-21 \u00f3ra k\u00f6z\u00f6tt 475 000 Ft \/ nap<\/span><\/li>\n<\/ul>\n<p><em>Az egyetemi szervezeti egys\u00e9gek sz\u00e1m\u00e1ra ingyenesen biztos\u00edtunk sportp\u00e1ly\u00e1kat Csapat\u00e9p\u00edt\u0151 rendezv\u00e9nyeikhez!<\/em><\/p>\n<hr \/>\n<h1>\u00d6lt\u00f6z\u0151szekr\u00e9ny kulcs p\u00f3tl\u00e1sa<\/h1>\n<p>Amennyiben az \u00f6lt\u00f6z\u0151szekr\u00e9ny kulcsa elveszett vagy haszn\u00e1lhatatlann\u00e1 v\u00e1lt, a p\u00f3tl\u00e1s k\u00f6lts\u00e9ge <span style=\"font-size: 1rem\"><strong>alkalmank\u00e9nt 1250 Ft<\/strong>.<\/span><\/p>\n","protected":false},"excerpt":{"rendered":"<p>B\u00e1rki sz\u00e1m\u00e1ra lehet\u0151s\u00e9g van a tan\u00f3r\u00e1kon k\u00edv\u00fcli id\u0151szakban \u00e9s h\u00e9tv\u00e9g\u00e9n a sportcsarnokot \u00e9s a k\u00fclt\u00e9ri sportp\u00e1ly\u00e1kat kib\u00e9relni. <\/p>\n<p>Az id\u0151pontokr\u00f3l \u00e9s az \u00e1rakr\u00f3l (hallgat\u00f3knak \u00e9s munkat\u00e1rsaknak kedvezm\u00e9nyes \u00e1ron) az al\u00e1bbi linken lehet t\u00e1j\u00e9koz\u00f3dni. <\/p>\n","protected":false},"author":101137,"featured_media":3380,"parent":0,"menu_order":4,"comment_status":"closed","ping_status":"closed","template":"","meta":{"_acf_changed":false,"footnotes":""},"categories":[],"tags":[],"class_list":["post-1297","page","type-page","status-publish","has-post-thumbnail","hentry"],"acf":[],"_links":{"self":[{"href":"https:\/\/semmelweis.hu\/sportkozpont\/wp-json\/wp\/v2\/pages\/1297","targetHints":{"allow":["GET"]}}],"collection":[{"href":"https:\/\/semmelweis.hu\/sportkozpont\/wp-json\/wp\/v2\/pages"}],"about":[{"href":"https:\/\/semmelweis.hu\/sportkozpont\/wp-json\/wp\/v2\/types\/page"}],"author":[{"embeddable":true,"href":"https:\/\/semmelweis.hu\/sportkozpont\/wp-json\/wp\/v2\/users\/101137"}],"replies":[{"embeddable":true,"href":"https:\/\/semmelweis.hu\/sportkozpont\/wp-json\/wp\/v2\/comments?post=1297"}],"version-history":[{"count":12,"href":"https:\/\/semmelweis.hu\/sportkozpont\/wp-json\/wp\/v2\/pages\/1297\/revisions"}],"predecessor-version":[{"id":3924,"href":"https:\/\/semmelweis.hu\/sportkozpont\/wp-json\/wp\/v2\/pages\/1297\/revisions\/3924"}],"wp:featuredmedia":[{"embeddable":true,"href":"https:\/\/semmelweis.hu\/sportkozpont\/wp-json\/wp\/v2\/media\/3380"}],"wp:attachment":[{"href":"https:\/\/semmelweis.hu\/sportkozpont\/wp-json\/wp\/v2\/media?parent=1297"}],"wp:term":[{"taxonomy":"category","embeddable":true,"href":"https:\/\/semmelweis.hu\/sportkozpont\/wp-json\/wp\/v2\/categories?post=1297"},{"taxonomy":"post_tag","embeddable":true,"href":"https:\/\/semmelweis.hu\/sportkozpont\/wp-json\/wp\/v2\/tags?post=1297"}],"curies":[{"name":"wp","href":"https:\/\/api.w.org\/{rel}","templated":true}]}}