{"id":1286,"date":"2016-08-03T10:27:25","date_gmt":"2016-08-03T08:27:25","guid":{"rendered":"http:\/\/semmelweis.hu\/sportkozpont\/?page_id=1286"},"modified":"2025-04-02T10:03:09","modified_gmt":"2025-04-02T08:03:09","slug":"szolgaltatasok","status":"publish","type":"page","link":"https:\/\/semmelweis.hu\/sportkozpont\/szolgaltatasok\/","title":{"rendered":"T\u00e9r\u00edt\u00e9smentes \u00e9s kedvezm\u00e9nyes sportszolg\u00e1ltat\u00e1sok"},"content":{"rendered":"<h1>T\u00e9r\u00edt\u00e9smentes mozg\u00e1si lehet\u0151s\u00e9g:<\/h1>\n<p>A szakember \u00e1ltal vezetett \u00f3r\u00e1kon minden \u0151szi \u2013 \u00e9s tavaszi szemeszterben az al\u00e1bbi helysz\u00edneken v\u00e1rjuk kedves munkat\u00e1rsainkat!<\/p>\n<p>\u0150sszel, szeptember m\u00e1sodik het\u00e9t\u0151l &#8211; december m\u00e1sodik het\u00e9ig<\/p>\n<p>Tavasszal febru\u00e1r m\u00e1sodik het\u00e9t\u0151l m\u00e1jus m\u00e1sodik het\u00e9ig<\/p>\n<h4><strong>Z\u00e1gr\u00e1bi utcai tornaterem<\/strong><\/h4>\n<div class=\"keretes w-100\">\n<p><strong>Step aerobic\u00a0<\/strong>\u00a0 \u00a0 \u00a0 \u00a0 \u00a0h\u00e9tf\u0151 18:00 \u2013 19:00<\/p>\n<p><strong>Bless You Gym<\/strong> (n\u0151i zen\u00e9s alakform\u00e1l\u00f3 konditorna) cs\u00fct\u00f6rt\u00f6k 17:00 &#8211; 18:00<\/p>\n<p><strong>Salsa<\/strong> cs\u00fct\u00f6rt\u00f6k 18:00 &#8211; 19:00<\/p>\n<\/div>\n<h4><strong>K\u00f6zponti Igazgat\u00e1si \u00c9p\u00fclet<\/strong> <br \/>\n(\u00dcll\u0151i \u00fat 26. alagsori tornaszoba)<\/h4>\n<div class=\"keretes w-100\">\n<p>Kiz\u00e1r\u00f3lag Semmelweis Egyetem munkat\u00e1rsak r\u00e9sz\u00e9re\u00a0<\/p>\n<p><strong>Tart\u00e1sjav\u00edt\u00f3 kondicion\u00e1l\u00f3 torna<\/strong> <br \/>\nkedd 16:15 &#8211; 17:15 <br \/>\ncs\u00fct\u00f6rt\u00f6k 16:15 &#8211; 17:15<\/p>\n<p>\u00c9redkl\u0151dni tudnak V\u00e1rszegi Korn\u00e9li\u00e1n\u00e1l a +36-20\/825-0611 telefonsz\u00e1mon.<\/p>\n<\/div>\n<h1>Kedvezm\u00e9nyes p\u00e1lyab\u00e9rl\u00e9s<\/h1>\n<p><strong>B\u00e9relhet\u0151 k\u00fcl- \u00e9s belt\u00e9ri p\u00e1ly\u00e1k:<\/strong> a sportcsarnokban a tan\u00f3r\u00e1kon k\u00edv\u00fcli id\u0151szakban \u00e9s h\u00e9tv\u00e9g\u00e9n van lehet\u0151s\u00e9g p\u00e1ly\u00e1kat b\u00e9relni kedvezm\u00e9nyes \u00e1ron. <a href=\"https:\/\/semmelweis.hu\/sportkozpont\/palyaberles\/\">R\u00e9szletek \u2192<\/a><\/p>\n<p><strong>Tov\u00e1bbi kedvezm\u00e9nyes sportol\u00e1si lehet\u0151s\u00e9gek:<\/strong> az egyetem Csal\u00e1dbar\u00e1t Programj\u00e1nak honlapj\u00e1n \u00e9rhet\u0151k el. <a href=\"https:\/\/semmelweis.hu\/csaladbarat\/kedvezmenyek\/\" target=\"_blank\" rel=\"noopener\">R\u00e9szletek \u2192<\/a><\/p>\n<h1>Rendezv\u00e9nyhelysz\u00edn biztos\u00edt\u00e1s<\/h1>\n<p><strong>Az egyetemi szervezeti egys\u00e9gek <\/strong>sz\u00e1m\u00e1ra<strong> ingyenesen <\/strong>biztos\u00edtunk sportp\u00e1ly\u00e1kat\u00a0<strong> Csapat\u00e9p\u00edt\u0151 rendezv\u00e9nyeikhez!<\/strong><\/p>\n<p>&nbsp;<\/p>\n","protected":false},"excerpt":{"rendered":"<p>T\u00e9r\u00edt\u00e9smentes mozg\u00e1si lehet\u0151s\u00e9g: A szakember \u00e1ltal vezetett \u00f3r\u00e1kon minden \u0151szi \u2013 \u00e9s tavaszi szemeszterben az al\u00e1bbi helysz\u00edneken v\u00e1rjuk kedves munkat\u00e1rsainkat! \u0150sszel, szeptember m\u00e1sodik het\u00e9t\u0151l &#8211; december m\u00e1sodik het\u00e9ig Tavasszal febru\u00e1r m\u00e1sodik het\u00e9t\u0151l m\u00e1jus m\u00e1sodik het\u00e9ig Z\u00e1gr\u00e1bi utcai tornaterem Step aerobic\u00a0\u00a0 \u00a0 \u00a0 \u00a0 \u00a0h\u00e9tf\u0151 18:00 \u2013 19:00 Bless You Gym (n\u0151i zen\u00e9s alakform\u00e1l\u00f3 konditorna) cs\u00fct\u00f6rt\u00f6k &hellip;<\/p>\n","protected":false},"author":101137,"featured_media":0,"parent":0,"menu_order":2,"comment_status":"closed","ping_status":"closed","template":"","meta":{"_acf_changed":false,"footnotes":""},"categories":[],"tags":[],"class_list":["post-1286","page","type-page","status-publish","hentry"],"acf":[],"_links":{"self":[{"href":"https:\/\/semmelweis.hu\/sportkozpont\/wp-json\/wp\/v2\/pages\/1286","targetHints":{"allow":["GET"]}}],"collection":[{"href":"https:\/\/semmelweis.hu\/sportkozpont\/wp-json\/wp\/v2\/pages"}],"about":[{"href":"https:\/\/semmelweis.hu\/sportkozpont\/wp-json\/wp\/v2\/types\/page"}],"author":[{"embeddable":true,"href":"https:\/\/semmelweis.hu\/sportkozpont\/wp-json\/wp\/v2\/users\/101137"}],"replies":[{"embeddable":true,"href":"https:\/\/semmelweis.hu\/sportkozpont\/wp-json\/wp\/v2\/comments?post=1286"}],"version-history":[{"count":11,"href":"https:\/\/semmelweis.hu\/sportkozpont\/wp-json\/wp\/v2\/pages\/1286\/revisions"}],"predecessor-version":[{"id":4172,"href":"https:\/\/semmelweis.hu\/sportkozpont\/wp-json\/wp\/v2\/pages\/1286\/revisions\/4172"}],"wp:attachment":[{"href":"https:\/\/semmelweis.hu\/sportkozpont\/wp-json\/wp\/v2\/media?parent=1286"}],"wp:term":[{"taxonomy":"category","embeddable":true,"href":"https:\/\/semmelweis.hu\/sportkozpont\/wp-json\/wp\/v2\/categories?post=1286"},{"taxonomy":"post_tag","embeddable":true,"href":"https:\/\/semmelweis.hu\/sportkozpont\/wp-json\/wp\/v2\/tags?post=1286"}],"curies":[{"name":"wp","href":"https:\/\/api.w.org\/{rel}","templated":true}]}}