{"id":1166,"date":"2016-04-27T10:54:18","date_gmt":"2016-04-27T08:54:18","guid":{"rendered":"http:\/\/semmelweis.hu\/sportkozpont\/?page_id=1166"},"modified":"2024-02-07T11:17:28","modified_gmt":"2024-02-07T10:17:28","slug":"testneveles-oran-valo-reszvetel-nyomon-kovetese","status":"publish","type":"page","link":"https:\/\/semmelweis.hu\/sportkozpont\/oktatas\/testneveles-oran-valo-reszvetel-nyomon-kovetese\/","title":{"rendered":"Testnevel\u00e9s jelenl\u00e9t"},"content":{"rendered":"<p>A r\u00f6gz\u00edtett \u00f3rai jelenl\u00e9t az al\u00e1bbi fel\u00fcleten bel\u00e9p\u00e9st k\u00f6vet\u0151en ellen\u0151rizhet\u0151 saj\u00e1t neptun k\u00f3d \u00e9s jelsz\u00f3 megad\u00e1s\u00e1val: <a href=\"https:\/\/jenyi.semmelweis.hu\/\">https:\/\/jenyi.semmelweis.hu\/<\/a><\/p>\n<p style=\"text-align: left\">Esetleges elt\u00e9r\u00e9s eset\u00e9n k\u00e9rem, hogy vegy\u00e9k fel vel\u00fcnk a kapcsoaltot e-mailen: <a href=\"mailto:titkarsag.tsk@semmelweis.hu\">titkarsag.tsk@semmelweis.hu<\/a><\/p>\n<p>&nbsp;<\/p>\n<p>&nbsp;<\/p>\n","protected":false},"excerpt":{"rendered":"<p>A r\u00f6gz\u00edtett \u00f3rai jelenl\u00e9t az al\u00e1bbi fel\u00fcleten bel\u00e9p\u00e9st k\u00f6vet\u0151en ellen\u0151rizhet\u0151 saj\u00e1t neptun k\u00f3d \u00e9s jelsz\u00f3 megad\u00e1s\u00e1val: <a href=\"https:\/\/jenyi.semmelweis.hu\/\">https:\/\/jenyi.semmelweis.hu\/<\/a><br \/>\nEsetleges elt\u00e9r\u00e9s eset\u00e9n k\u00e9rem, hogy vegy\u00e9k fel vel\u00fcnk a kapcsoaltot e-mailen: <a href=\"mailto:titkarsag.tsk@semmelweis.hu\">titkarsag.tsk@semmelweis.hu<\/a><br \/>\n&nbsp;<br \/>\n&nbsp;<\/p>\n","protected":false},"author":347,"featured_media":0,"parent":444,"menu_order":7,"comment_status":"closed","ping_status":"closed","template":"","meta":{"_acf_changed":false,"footnotes":""},"categories":[],"tags":[],"class_list":["post-1166","page","type-page","status-publish","hentry"],"acf":[],"_links":{"self":[{"href":"https:\/\/semmelweis.hu\/sportkozpont\/wp-json\/wp\/v2\/pages\/1166","targetHints":{"allow":["GET"]}}],"collection":[{"href":"https:\/\/semmelweis.hu\/sportkozpont\/wp-json\/wp\/v2\/pages"}],"about":[{"href":"https:\/\/semmelweis.hu\/sportkozpont\/wp-json\/wp\/v2\/types\/page"}],"author":[{"embeddable":true,"href":"https:\/\/semmelweis.hu\/sportkozpont\/wp-json\/wp\/v2\/users\/347"}],"replies":[{"embeddable":true,"href":"https:\/\/semmelweis.hu\/sportkozpont\/wp-json\/wp\/v2\/comments?post=1166"}],"version-history":[{"count":10,"href":"https:\/\/semmelweis.hu\/sportkozpont\/wp-json\/wp\/v2\/pages\/1166\/revisions"}],"predecessor-version":[{"id":3906,"href":"https:\/\/semmelweis.hu\/sportkozpont\/wp-json\/wp\/v2\/pages\/1166\/revisions\/3906"}],"up":[{"embeddable":true,"href":"https:\/\/semmelweis.hu\/sportkozpont\/wp-json\/wp\/v2\/pages\/444"}],"wp:attachment":[{"href":"https:\/\/semmelweis.hu\/sportkozpont\/wp-json\/wp\/v2\/media?parent=1166"}],"wp:term":[{"taxonomy":"category","embeddable":true,"href":"https:\/\/semmelweis.hu\/sportkozpont\/wp-json\/wp\/v2\/categories?post=1166"},{"taxonomy":"post_tag","embeddable":true,"href":"https:\/\/semmelweis.hu\/sportkozpont\/wp-json\/wp\/v2\/tags?post=1166"}],"curies":[{"name":"wp","href":"https:\/\/api.w.org\/{rel}","templated":true}]}}