{"id":81,"date":"2022-03-08T10:04:32","date_gmt":"2022-03-08T09:04:32","guid":{"rendered":"https:\/\/semmelweis.hu\/sportklub\/?page_id=81"},"modified":"2025-10-01T09:52:07","modified_gmt":"2025-10-01T07:52:07","slug":"kosarlabda","status":"publish","type":"page","link":"https:\/\/semmelweis.hu\/sportklub\/szakosztalyok\/kosarlabda\/","title":{"rendered":"Kos\u00e1rlabda"},"content":{"rendered":"<h4>Szakoszt\u00e1lyvezet\u0151:<\/h4>\n<h5>Prof. Dr. Kellermayer Mikl\u00f3s<\/h5>\n<p>Biofizikai \u00e9s Sug\u00e1rbiol\u00f3giai Int\u00e9zet, igazgat\u00f3 (labdar\u00fag\u00e1s, atl\u00e9tika)<\/p>\n<h5>N\u0151i csapat edz\u0151je: Weisz Mikl\u00f3s<\/h5>\n<p>Telefon: +36 20 825 0612 <br \/>\nE-mail: <a href=\"mailto:weisz.miklos@semmelweis.hu\">weisz.miklos@semmelweis.hu<\/a><\/p>\n<h5>F\u00e9rfi csapat edz\u0151je: J\u00f3kai M\u00e1ty\u00e1s<\/h5>\n<p>E-mail: <a href=\"mailto:matyas.jokai@gmail.com\">matyas.jokai@gmail.com<\/a><\/p>\n<div class=\"keretes w-100\">\n<p><strong>Helysz\u00edn:<\/strong><\/p>\n<p>Semmelweis Egyetem Testnevel\u00e9si \u00e9s Sportk\u00f6zpont<br \/>\n1107 Budapest, Z\u00e1gr\u00e1bi u. 14.<\/p>\n<p><strong>Edz\u00e9sek id\u0151pontja:<\/strong><\/p>\n<p>h\u00e9tf\u0151: 19.00-20.30<br \/>\nszerda: 19.30-21.00<\/p>\n<p><span style=\"font-size: 14pt;\"><span style=\"color: #ff6600;\"><strong>Figyelem!<\/strong><\/span> Az edz\u00e9sek l\u00e1togat\u00e1s\u00e1hoz halad\u00f3 szint\u0171 kos\u00e1rlabda tud\u00e1s sz\u00fcks\u00e9ges.<\/span><\/p>\n<\/div>\n<hr \/>\n<h4><strong>Az edz\u00e9seken val\u00f3 r\u00e9szv\u00e9tel felt\u00e9tele\u00a0<\/strong><\/h4>\n<ul>\n<li>\n<p><strong> a szakoszt\u00e1lyba t\u00f6rt\u00e9n\u0151 bel\u00e9p\u00e9s<\/strong><br \/>\nA bel\u00e9p\u00e9si nyilatkozat let\u00f6lthet\u0151 a <a href=\"https:\/\/semmelweis.hu\/sportklub\/dokumentumok\/\"><strong>Dokumentumok men\u00fcpontb\u00f3l \u2192<\/strong><\/a> vagy el\u00e9rhet\u0151 a port\u00e1n is\u00a0<\/p>\n<\/li>\n<li>\n<p><strong>a 18.000 Ft \/ szemeszter<\/strong> <strong>tag- \u00e9s szakoszt\u00e1lyi d\u00edj befizet\u00e9se <br \/>\n(k\u00fcls\u0151s\u00f6knek 36.000 Ft)<\/strong><\/p>\n<\/li>\n<li><strong>egyes\u00fcleti online regisztr\u00e1ci\u00f3<\/strong>: <a href=\"https:\/\/egyesuletonline.hu\/regisztracio\/se-sk\">https:\/\/egyesuletonline.hu\/regisztracio\/se-sk<\/a><\/li>\n<\/ul>\n<hr \/>\n\n<p><strong><a href=\"https:\/\/semmelweis.hu\/sportklub\/tag\/kosarlabda\/\">A kos\u00e1rlabda meccsek ki\u00edr\u00e1sai \u00e9s egy\u00e9b cikkek ezen a fel\u00fcleten olvashat\u00f3ak (folyamatosan friss\u00fcl) \u2192<\/a><\/strong><\/p>\n<p><img loading=\"lazy\" decoding=\"async\" class=\"aligncenter size-full wp-image-364\" src=\"https:\/\/semmelweis.hu\/sportklub\/files\/2022\/04\/medikus-csopikep2.jpg\" alt=\"\" width=\"1200\" height=\"591\" srcset=\"https:\/\/semmelweis.hu\/sportklub\/files\/2022\/04\/medikus-csopikep2.jpg 1200w, https:\/\/semmelweis.hu\/sportklub\/files\/2022\/04\/medikus-csopikep2-400x197.jpg 400w, https:\/\/semmelweis.hu\/sportklub\/files\/2022\/04\/medikus-csopikep2-1024x504.jpg 1024w, https:\/\/semmelweis.hu\/sportklub\/files\/2022\/04\/medikus-csopikep2-768x378.jpg 768w, https:\/\/semmelweis.hu\/sportklub\/files\/2022\/04\/medikus-csopikep2-753x371.jpg 753w\" sizes=\"auto, (max-width: 1200px) 100vw, 1200px\" \/><\/p>\n<h6>\u00a0<\/h6>\n","protected":false},"excerpt":{"rendered":"<p>Szakoszt\u00e1lyvezet\u0151: Prof. Dr. Kellermayer Mikl\u00f3s Biofizikai \u00e9s Sug\u00e1rbiol\u00f3giai Int\u00e9zet, igazgat\u00f3 (labdar\u00fag\u00e1s, atl\u00e9tika) N\u0151i csapat edz\u0151je: Weisz Mikl\u00f3s Telefon: +36 20 825 0612 E-mail: <a href=\"mailto:weisz.miklos@semmelweis.hu\">weisz.miklos@semmelweis.hu<\/a> F\u00e9rfi csapat edz\u0151je: J\u00f3kai M\u00e1ty\u00e1s E-mail: <a href=\"mailto:matyas.jokai@gmail.com\">matyas.jokai@gmail.com<\/a> Helysz\u00edn: Semmelweis Egyetem Testnevel\u00e9si \u00e9s Sportk\u00f6zpont 1107 Budapest, Z\u00e1gr\u00e1bi u. 14. Edz\u00e9sek id\u0151pontja: h\u00e9tf\u0151: 19.00-20.30 szerda: 19.30-21.00 Figyelem! Az edz\u00e9sek l\u00e1togat\u00e1s\u00e1hoz halad\u00f3 szint\u0171 kos\u00e1rlabda tud\u00e1s sz\u00fcks\u00e9ges. &hellip;<\/p>\n","protected":false},"author":101997,"featured_media":0,"parent":130,"menu_order":0,"comment_status":"closed","ping_status":"closed","template":"","meta":{"_acf_changed":false,"footnotes":""},"categories":[34],"tags":[],"class_list":["post-81","page","type-page","status-publish","hentry","category-aktiv-szakosztalyok"],"acf":[],"_links":{"self":[{"href":"https:\/\/semmelweis.hu\/sportklub\/wp-json\/wp\/v2\/pages\/81","targetHints":{"allow":["GET"]}}],"collection":[{"href":"https:\/\/semmelweis.hu\/sportklub\/wp-json\/wp\/v2\/pages"}],"about":[{"href":"https:\/\/semmelweis.hu\/sportklub\/wp-json\/wp\/v2\/types\/page"}],"author":[{"embeddable":true,"href":"https:\/\/semmelweis.hu\/sportklub\/wp-json\/wp\/v2\/users\/101997"}],"replies":[{"embeddable":true,"href":"https:\/\/semmelweis.hu\/sportklub\/wp-json\/wp\/v2\/comments?post=81"}],"version-history":[{"count":11,"href":"https:\/\/semmelweis.hu\/sportklub\/wp-json\/wp\/v2\/pages\/81\/revisions"}],"predecessor-version":[{"id":1279,"href":"https:\/\/semmelweis.hu\/sportklub\/wp-json\/wp\/v2\/pages\/81\/revisions\/1279"}],"up":[{"embeddable":true,"href":"https:\/\/semmelweis.hu\/sportklub\/wp-json\/wp\/v2\/pages\/130"}],"wp:attachment":[{"href":"https:\/\/semmelweis.hu\/sportklub\/wp-json\/wp\/v2\/media?parent=81"}],"wp:term":[{"taxonomy":"category","embeddable":true,"href":"https:\/\/semmelweis.hu\/sportklub\/wp-json\/wp\/v2\/categories?post=81"},{"taxonomy":"post_tag","embeddable":true,"href":"https:\/\/semmelweis.hu\/sportklub\/wp-json\/wp\/v2\/tags?post=81"}],"curies":[{"name":"wp","href":"https:\/\/api.w.org\/{rel}","templated":true}]}}