{"id":1115,"date":"2025-09-18T10:01:57","date_gmt":"2025-09-18T08:01:57","guid":{"rendered":"https:\/\/semmelweis.hu\/sportklub\/?page_id=1115"},"modified":"2025-10-01T11:29:39","modified_gmt":"2025-10-01T09:29:39","slug":"table-tennis-ping-pong","status":"publish","type":"page","link":"https:\/\/semmelweis.hu\/sportklub\/en\/sports\/table-tennis-ping-pong\/","title":{"rendered":"Table tennis (ping-pong)"},"content":{"rendered":"<h4>HEAD OF SPORT:<\/h4>\n<h5>Prof. Dr. Hermann P\u00e9ter<\/h5>\n<p>Vice-rector for education<\/p>\n<h5>Coach: Andr\u00e1s Mikl\u00f3s<\/h5>\n<p><span style=\"font-size: 14pt;\">(DVTK Head of table tennis department)<\/span><\/p>\n<p>Phone: <a href=\"tel:+36709331983\">+36 70 933 1983<\/a><\/p>\n<h5>Contact: Fodor Krisztina<\/h5>\n<p><a href=\"mailto:asztalitenisz@semmelweis.hu\">asztalitenisz@semmelweis.hu<\/a><\/p>\n<div class=\"keretes w-100\">\n<p style=\"text-align: left;\"><strong>Location:\u00a0<\/strong><span style=\"font-size: 14pt;\">Markusovszky Lajos College &#8211; 1089 Budapest, Szenes Iv\u00e1n t\u00e9r 7. (renovated basement)<\/span><\/p>\n<p><em><span style=\"font-size: 14pt;\">From the Nagyv\u00e1rad Square (M3 metro) 6 minutes, NET (Nagyv\u00e1radt\u00e9ri Theoretical Block) is also a few minutes away from the dormitory. The Institute of Anatomy, and the EOK (Theoretical Educational Block) are 1 metro stop away.<\/span><\/em><\/p>\n<p style=\"text-align: left;\"><strong>Training schedule Tuesday &amp; Thursday <\/strong>(twice a week)<strong>:<\/strong><\/p>\n<p style=\"text-align: left;\"><span style=\"font-size: 14pt;\">Beginner, amateur training: <\/span><span style=\"font-size: 14pt;\">17:00-18:00<br \/>\n<\/span><span style=\"font-size: 14pt;\">Professional training: 18:00-19:30<\/span><\/p>\n<p><strong><span style=\"font-size: 14pt;\">We have 3 tables in the room, where a total of 6 people can play at the same time. If there are more than 6 participants in the training, waiting will be necessary. Please take this into consideration. Thank you!<\/span><\/strong><\/p>\n<\/div>\n<hr \/>\n<h4><strong>CONDITION FOR PARTICIPATION IN TRAINING:<\/strong><\/h4>\n<ul>\n<li><strong>Joining the Sport Club<\/strong> by filled and signed application form <em>(download below)<\/em><\/li>\n<li><strong>Paying the semester membership and section fee payment: <\/strong>\n<ul>\n<li>Semmelweis members: students and employee 18.000 HUF \/ semester<\/li>\n<li>External members: HUF 36.000 \/ semester<\/li>\n<\/ul>\n<\/li>\n<\/ul>\n<h5>Declaration of joining the Association:<\/h5>\n<p>\u00a0for <strong>Semmelweis members<\/strong>:<\/p>\n<ul style=\"list-style-type: square;\">\n<li><a href=\"https:\/\/semmelweis.hu\/sportklub\/files\/2025\/09\/SESK_belepesi_nyilatkozat_EN_-egyetemi_polgar.pdf\">Declaration Of Joining The Association<\/a><\/li>\n<li><a href=\"https:\/\/semmelweis.hu\/sportklub\/files\/2025\/09\/SESK_belepesi_nyilatkozat_DE_egyetemi_polgar.pdf\">Beitrittserkl\u00e4rung\u00a0<\/a><\/li>\n<\/ul>\n<p>for <strong>external member:<\/strong><\/p>\n<ul style=\"list-style-type: square;\">\n<li><a href=\"https:\/\/semmelweis.hu\/sportklub\/files\/2025\/09\/SESK_belepesi_nyilatkozat_EN_kulsos.pdf\">Declaration Of Joining The Association<\/a><\/li>\n<li><a href=\"https:\/\/semmelweis.hu\/sportklub\/files\/2025\/09\/SESK_belepesi_nyilatkozat_DE_kulsos.pdf\">Beitrittserkl\u00e4rung\u00a0<\/a><\/li>\n<\/ul>\n<hr \/>\n\n","protected":false},"excerpt":{"rendered":"<p>HEAD OF SPORT: Prof. Dr. Hermann P\u00e9ter Vice-rector for education Coach: Andr\u00e1s Mikl\u00f3s (DVTK Head of table tennis department) Phone: <a href=\"tel:+36709331983\">+36 70 933 1983<\/a> Contact: Fodor Krisztina <a href=\"mailto:asztalitenisz@semmelweis.hu\">asztalitenisz@semmelweis.hu<\/a> Location:\u00a0Markusovszky Lajos College &#8211; 1089 Budapest, Szenes Iv\u00e1n t\u00e9r 7. (renovated basement) From the Nagyv\u00e1rad Square (M3 metro) 6 minutes, NET (Nagyv\u00e1radt\u00e9ri Theoretical Block) is also a few minutes away from the &hellip;<\/p>\n","protected":false},"author":102043,"featured_media":0,"parent":1089,"menu_order":0,"comment_status":"closed","ping_status":"closed","template":"","meta":{"_acf_changed":false,"footnotes":""},"categories":[],"tags":[],"class_list":["post-1115","page","type-page","status-publish","hentry"],"acf":[],"_links":{"self":[{"href":"https:\/\/semmelweis.hu\/sportklub\/wp-json\/wp\/v2\/pages\/1115","targetHints":{"allow":["GET"]}}],"collection":[{"href":"https:\/\/semmelweis.hu\/sportklub\/wp-json\/wp\/v2\/pages"}],"about":[{"href":"https:\/\/semmelweis.hu\/sportklub\/wp-json\/wp\/v2\/types\/page"}],"author":[{"embeddable":true,"href":"https:\/\/semmelweis.hu\/sportklub\/wp-json\/wp\/v2\/users\/102043"}],"replies":[{"embeddable":true,"href":"https:\/\/semmelweis.hu\/sportklub\/wp-json\/wp\/v2\/comments?post=1115"}],"version-history":[{"count":10,"href":"https:\/\/semmelweis.hu\/sportklub\/wp-json\/wp\/v2\/pages\/1115\/revisions"}],"predecessor-version":[{"id":1321,"href":"https:\/\/semmelweis.hu\/sportklub\/wp-json\/wp\/v2\/pages\/1115\/revisions\/1321"}],"up":[{"embeddable":true,"href":"https:\/\/semmelweis.hu\/sportklub\/wp-json\/wp\/v2\/pages\/1089"}],"wp:attachment":[{"href":"https:\/\/semmelweis.hu\/sportklub\/wp-json\/wp\/v2\/media?parent=1115"}],"wp:term":[{"taxonomy":"category","embeddable":true,"href":"https:\/\/semmelweis.hu\/sportklub\/wp-json\/wp\/v2\/categories?post=1115"},{"taxonomy":"post_tag","embeddable":true,"href":"https:\/\/semmelweis.hu\/sportklub\/wp-json\/wp\/v2\/tags?post=1115"}],"curies":[{"name":"wp","href":"https:\/\/api.w.org\/{rel}","templated":true}]}}