{"id":1112,"date":"2025-09-18T09:59:56","date_gmt":"2025-09-18T07:59:56","guid":{"rendered":"https:\/\/semmelweis.hu\/sportklub\/?page_id=1112"},"modified":"2025-10-01T09:12:56","modified_gmt":"2025-10-01T07:12:56","slug":"volleyball","status":"publish","type":"page","link":"https:\/\/semmelweis.hu\/sportklub\/en\/sports\/volleyball\/","title":{"rendered":"Volleyball"},"content":{"rendered":"<h4>Head of sport:<\/h4>\n<h5>Prof.\u00a0 P\u00e9ter Nyir\u00e1dy<\/h5>\n<p>Dean- Faculty of Medicin, Director of Urology Clinic<\/p>\n<h5>Coach of the women&#8217;s team: Balogh No\u00e9mi<\/h5>\n<p>Phone: +36205252061<br \/>\nE-mail: <a href=\"mailto:baloghnoemi054@gmail.com\">baloghnoemi054@gmail.com<\/a>;\u00a0<a href=\"mailto:roplabda.sesk@gmail.com\">roplabda.sesk@gmail.com<\/a><\/p>\n<h5>Coach of the men&#8217;s team: Dr. Kov\u00e1cs Attila\u00a0<\/h5>\n<p><a href=\"mailto:vizipacsi69@gmail.com\"><span style=\"color: #000000\">E- mail:<\/span>\u00a0 vizi.paci69@gmail.com<\/a><\/p>\n<div class=\"keretes w-100\">\n<p><strong>Location:<\/strong><br \/>\nSemmelweis University\u00a0<\/p>\n<p>1107 Budapest, Z\u00e1gr\u00e1bi u. 14.<\/p>\n<p><strong>\u00a0Training shedule:<\/strong><br \/>\nTuesday, Thursday: 19.00-20.30<\/p>\n<p>Participation in the first training session is free of charge.<\/p>\n<\/div>\n<div class=\"w-100\">\n<hr \/>\n<h4><strong>CONDITION FOR PARTICIPATION IN TRAINING:<\/strong><\/h4>\n<ul>\n<li><strong>Joining the Sport Club<\/strong> by filled and signed application form <em>(download below)<\/em><\/li>\n<li><strong>Paying the semester membership and section fee payment: <\/strong>\n<ul>\n<li>Semmelweis members: students and employee 18.000 HUF \/ semester<\/li>\n<li>External members: HUF 36.000 \/ semester<\/li>\n<\/ul>\n<\/li>\n<\/ul>\n<h5>Declaration of joining the Association:<\/h5>\n<p>\u00a0for <strong>Semmelweis members<\/strong>:<\/p>\n<ul style=\"list-style-type: square;\">\n<li><a href=\"https:\/\/semmelweis.hu\/sportklub\/files\/2025\/09\/SESK_belepesi_nyilatkozat_EN_-egyetemi_polgar.pdf\">Declaration Of Joining The Association<\/a><\/li>\n<li><a href=\"https:\/\/semmelweis.hu\/sportklub\/files\/2025\/09\/SESK_belepesi_nyilatkozat_DE_egyetemi_polgar.pdf\">Beitrittserkl\u00e4rung\u00a0<\/a><\/li>\n<\/ul>\n<p>for <strong>external member:<\/strong><\/p>\n<ul style=\"list-style-type: square;\">\n<li><a href=\"https:\/\/semmelweis.hu\/sportklub\/files\/2025\/09\/SESK_belepesi_nyilatkozat_EN_kulsos.pdf\">Declaration Of Joining The Association<\/a><\/li>\n<li><a href=\"https:\/\/semmelweis.hu\/sportklub\/files\/2025\/09\/SESK_belepesi_nyilatkozat_DE_kulsos.pdf\">Beitrittserkl\u00e4rung\u00a0<\/a><\/li>\n<\/ul>\n<hr \/>\n\n<\/div>\n","protected":false},"excerpt":{"rendered":"<p>Head of sport: Prof.\u00a0 P\u00e9ter Nyir\u00e1dy Dean- Faculty of Medicin, Director of Urology Clinic Coach of the women&#8217;s team: Balogh No\u00e9mi Phone: +36205252061 E-mail: <a href=\"mailto:baloghnoemi054@gmail.com\">baloghnoemi054@gmail.com<\/a> ;\u00a0 <a href=\"mailto:roplabda.sesk@gmail.com\">roplabda.sesk@gmail.com<\/a> Coach of the men&#8217;s team: Dr. Kov\u00e1cs Attila\u00a0 <a href=\"mailto:vizipacsi69@gmail.com\">E- mail:\u00a0 vizi.paci69@gmail.com<\/a> Location: Semmelweis University\u00a0 1107 Budapest, Z\u00e1gr\u00e1bi u. 14. \u00a0Training shedule: Tuesday, Thursday: 19.00-20.30 Participation in the first training session is free of &hellip;<\/p>\n","protected":false},"author":102043,"featured_media":0,"parent":1089,"menu_order":0,"comment_status":"closed","ping_status":"closed","template":"","meta":{"_acf_changed":false,"footnotes":""},"categories":[],"tags":[],"class_list":["post-1112","page","type-page","status-publish","hentry"],"acf":[],"_links":{"self":[{"href":"https:\/\/semmelweis.hu\/sportklub\/wp-json\/wp\/v2\/pages\/1112","targetHints":{"allow":["GET"]}}],"collection":[{"href":"https:\/\/semmelweis.hu\/sportklub\/wp-json\/wp\/v2\/pages"}],"about":[{"href":"https:\/\/semmelweis.hu\/sportklub\/wp-json\/wp\/v2\/types\/page"}],"author":[{"embeddable":true,"href":"https:\/\/semmelweis.hu\/sportklub\/wp-json\/wp\/v2\/users\/102043"}],"replies":[{"embeddable":true,"href":"https:\/\/semmelweis.hu\/sportklub\/wp-json\/wp\/v2\/comments?post=1112"}],"version-history":[{"count":5,"href":"https:\/\/semmelweis.hu\/sportklub\/wp-json\/wp\/v2\/pages\/1112\/revisions"}],"predecessor-version":[{"id":1247,"href":"https:\/\/semmelweis.hu\/sportklub\/wp-json\/wp\/v2\/pages\/1112\/revisions\/1247"}],"up":[{"embeddable":true,"href":"https:\/\/semmelweis.hu\/sportklub\/wp-json\/wp\/v2\/pages\/1089"}],"wp:attachment":[{"href":"https:\/\/semmelweis.hu\/sportklub\/wp-json\/wp\/v2\/media?parent=1112"}],"wp:term":[{"taxonomy":"category","embeddable":true,"href":"https:\/\/semmelweis.hu\/sportklub\/wp-json\/wp\/v2\/categories?post=1112"},{"taxonomy":"post_tag","embeddable":true,"href":"https:\/\/semmelweis.hu\/sportklub\/wp-json\/wp\/v2\/tags?post=1112"}],"curies":[{"name":"wp","href":"https:\/\/api.w.org\/{rel}","templated":true}]}}