{"id":108,"date":"2022-03-08T10:48:17","date_gmt":"2022-03-08T09:48:17","guid":{"rendered":"https:\/\/semmelweis.hu\/sportklub\/?page_id=108"},"modified":"2025-11-06T17:24:26","modified_gmt":"2025-11-06T16:24:26","slug":"tenisz","status":"publish","type":"page","link":"https:\/\/semmelweis.hu\/sportklub\/szakosztalyok\/tenisz\/","title":{"rendered":"Tenisz"},"content":{"rendered":"<h4>Szakoszt\u00e1lyvezet\u0151k:<\/h4>\n<h5>Prof. Dr. Ferdinandy P\u00e9ter<\/h5>\n<p>tudom\u00e1nyos \u00e9s innov\u00e1ci\u00f3s rektorhelyettes<\/p>\n<h5>Dr. Zsembery \u00c1kos<\/h5>\n<p>Or\u00e1lbiol\u00f3giai Tansz\u00e9k vezet\u0151je<\/p>\n<p><strong>Szervez\u0151\/kapcsolattart\u00f3: <\/strong>Dr. Zsembery \u00c1kos <br \/>\nTel. sz\u00e1m: +36 20 4633766 <br \/>\nE-mail:\u00a0 <a href=\"mailto:zsembery.akos@dent.semmelweis-univ.hu\">zsembery.akos@semmelweis.hu<\/a><\/p>\n<p><a href=\"https:\/\/semmelweis.hu\/sportklub\/tag\/tenisz\/\">Legfrissebb h\u00edreink \u2192<\/a><\/p>\n<div class=\"keretes w-100\">\n<p><strong>BVSC sporttelep 2022.10.11.-t\u0151l<\/strong><br \/>\nSz\u0151nyi \u00fat 2., bej\u00e1rat a Teleki Blanka utca fel\u0151l<br \/>\n&#8211; kedd 17.00-19.00<br \/>\n&#8211; El\u0151zetes egyeztet\u00e9s sz\u00fcks\u00e9ges!<\/p>\n<p><strong>Po\u00e9n Teniszklub 2022. 10.15.-t\u0151l<\/strong><\/p>\n<p>1113 Budapest, Hamzsab\u00e9gi \u00fat 52.<\/p>\n<p>szombat 16.00-18.00<\/p>\n<\/div>\n<div><hr \/>\n<h4><strong>Az edz\u00e9seken val\u00f3 r\u00e9szv\u00e9tel felt\u00e9tele\u00a0<\/strong><\/h4>\n<ul>\n<li>\n<p><strong> a szakoszt\u00e1lyba t\u00f6rt\u00e9n\u0151 bel\u00e9p\u00e9s<\/strong><br \/>\nA bel\u00e9p\u00e9si nyilatkozat let\u00f6lthet\u0151 a <a href=\"https:\/\/semmelweis.hu\/sportklub\/dokumentumok\/\"><strong>Dokumentumok men\u00fcpontb\u00f3l \u2192<\/strong><\/a> vagy el\u00e9rhet\u0151 a port\u00e1n is\u00a0<\/p>\n<\/li>\n<li>\n<p><strong>a 18.000 Ft \/ szemeszter<\/strong> <strong>tag- \u00e9s szakoszt\u00e1lyi d\u00edj befizet\u00e9se <br \/>\n(k\u00fcls\u0151s\u00f6knek 36.000 Ft)<\/strong><\/p>\n<\/li>\n<li><strong>egyes\u00fcleti online regisztr\u00e1ci\u00f3<\/strong>: <a href=\"https:\/\/egyesuletonline.hu\/regisztracio\/se-sk\">https:\/\/egyesuletonline.hu\/regisztracio\/se-sk<\/a><\/li>\n<\/ul>\n<hr \/>\n<\/div>\n<div>\u00a0<\/div>\n<div>Tov\u00e1bbi inform\u00e1ci\u00f3\/ More info:<\/div>\n<div>\n<p>Kedves Leend\u0151 Sportt\u00e1rsunk!<\/p>\n<p>K\u00f6sz\u00f6nj\u00fck sz\u00e9pen \u00e9rdekl\u0151d\u00e9s\u00e9t a Semmelweis Egyetem Sport Klub Tenisz Csapata ir\u00e1nt. Jelenleg a Budapest Csapatbajnoks\u00e1gokon j\u00e1tszunk h\u00e1rom f\u00e9rfi \u00e9s egy n\u0151i csapattal, de a j\u00f6v\u0151ben az Orsz\u00e1g Bajnoks\u00e1gon is tervez\u00fcnk r\u00e9szt venni.<\/p>\n<p>A csatlakoz\u00e1shoz a tenisz szakoszt\u00e1lyba h\u00e1rom f\u0151 l\u00e9pest kell megtennie:<\/p>\n<p>1) T\u00f6ltse ki ezt a Google Formst, amiben az adatokon k\u00edv\u00fcl a tenisz j\u00e1t\u00e9k\u00e1r\u00f3l tudhatunk meg t\u00f6bbet: https:\/\/forms.gle\/v6gbNwxgVEAdVsPo7.<\/p>\n<p>2) Elk\u00fcldeni a Hallgat\u00f3i csoport koordin\u00e1tornak \u00e9s a Szakoszt\u00e1lyvezet\u0151 email\u00e9re egy 3-4 perces vide\u00f3t a tenisz j\u00e1t\u00e9kr\u00f3l. Ez lehet olyan vide\u00f3, ahol a fallal j\u00e1tszik, vagy \u00fct\u0151partnerrel, a l\u00e9nyeg az, hogy ebben a p\u00e1r percben a j\u00e1t\u00e9k\u00e1t kicsit megismerhess\u00fck.<\/p>\n<p>3) Mindezek ut\u00e1n adatai r\u00f6gz\u00edtve lesznek, \u00e9s megh\u00edv\u00e1sra ker\u00fcl egy vagy t\u00f6bb pr\u00f3ba\u00fct\u00f6get\u00e9sre, ami tervezetten az \u0151szi szezon v\u00e9gen (okt\u00f3ber els\u0151 hete) \u00e9s a tavaszi szezon elej\u00e9n (m\u00e1rcius els\u0151 hete) lesz megrendezve. K\u00fcl\u00f6nleges esetekben, p\u00e1ly\u00e1k \u00e9s j\u00e1t\u00e9kosok f\u00fcggv\u00e9ny\u00e9ben m\u00e1s id\u0151ben is sor ker\u00fclhet prob\u00e1kra.<\/p>\n<p>A felt\u00f6lt\u00f6tt anyagok \u00e9s megk\u00fcld\u00f6tt vide\u00f3kat folyamatosan ellen\u0151rizz\u00fck, \u00e9s \u00e9rtes\u00edteni fogjuk a pr\u00f3baid\u0151szak el\u0151tt k\u00e9t h\u00e9ttel!<\/p>\n<p>Addig k\u00e9rn\u00e9nk sz\u00e9pen sz\u00edves t\u00fcrelm\u00fcket &#8211; a t\u00e9li szezon limit\u00e1lt p\u00e1lya kapacit\u00e1ssal j\u00e1r, \u00e9s emiatt ilyenkor nem \u00e1ll m\u00f3dunkba rendszeres pr\u00f3b\u00e1kat tartani.<\/p>\n<p>K\u00f6sz\u00f6nj\u00fck sz\u00e9pen a meg\u00e9rt\u00e9st \u00e9s az egy\u00fcttm\u0171k\u00f6d\u00e9st!<\/p>\n<p>Hallgat\u00f3i koordin\u00e1tor: Leiti Vikt\u00f3ria (vicki.leiti@gmail.com)<\/p>\n<p>Szakoszt\u00e1lyvezet\u0151: Dr. Zsembery \u00c1kos (zsembery.akos@semmelweis.hu)<\/p>\n<p>_________________________________________________________________<\/p>\n<p>Dear Future Teammate!<\/p>\n<p>Thank you for your interest in the Semmelweis Sport Club Tennis Team. We currently compete in the Budapest Championships with three men\u2019s and one women\u2019s team, but we are looking to expand to play in the National Championships in the near future!<\/p>\n<p>Joining the Tennis Team is comprised of three main steps:<\/p>\n<p>1) Fill out this Google Forms, which asks about basic information as well as your background with tennis: https:\/\/forms.gle\/v6gbNwxgVEAdVsPo7.<\/p>\n<p>2) Send a 3-4 minute video of you playing tennis to the Coordinator of the Student Team and the Head of the Division (emails below). This can be a video of you playing with the wall or with a hitting partner, the main purpose is so that we can get a feel for your tennis game.<\/p>\n<p>3) Upon receiving the filled Google Forms and the video, we will invite you to one or more tryouts, which will be scheduled to take place at the end of the fall season (first week of October), and the beginning of the spring season (first week of March). Exceptional tryouts may be offered, depending on the availability of courts and team members.<\/p>\n<p>The Google Forms and the sent material will be reviewed regularly and we will inform you of the exact locations\/times of the tryouts two weeks in advance!<\/p>\n<p>We thank you for your patience, as unfortunately during the winter season we have limited court availability, so during this time period we cannot offer tryouts regularly.<\/p>\n<p>Thank you for your cooperation and understanding!<\/p>\n<p>Student Team Coordinator: Vikt\u00f3ria Leiti (vicki.leiti@gmail.com)<\/p>\n<p>Head of Division: Dr. \u00c1kos Zsembery (zsembery.akos@semmelweis.hu)<\/p>\n<\/div>\n<div>\u00a0<\/div>\n[slb_exclude]<div data-carousel-extra='{\"blog_id\":239,\"permalink\":\"https:\\\/\\\/semmelweis.hu\\\/sportklub\\\/szakosztalyok\\\/tenisz\\\/\"}' class=\"tiled-gallery type-rectangular\" data-original-width=\"753\"><div class=\"gallery-row\" style=\"width: 748px; height: 330px;\"><div class=\"gallery-group images-1\" style=\"width: 499px; height: 334px;\"><div class=\"tiled-gallery-item tiled-gallery-item-large\"><a href=\"https:\/\/semmelweis.hu\/sportklub\/files\/2022\/03\/RS12401_KA-IMG_2115-scr.jpg\"><img loading=\"lazy\" decoding=\"async\" data-attachment-id=\"110\" data-orig-file=\"https:\/\/semmelweis.hu\/sportklub\/files\/2022\/03\/RS12401_KA-IMG_2115-scr.jpg\" data-orig-size=\"950,633\" data-comments-opened=\"0\" data-image-meta=\"{&quot;aperture&quot;:&quot;0&quot;,&quot;credit&quot;:&quot;&quot;,&quot;camera&quot;:&quot;&quot;,&quot;caption&quot;:&quot;&quot;,&quot;created_timestamp&quot;:&quot;0&quot;,&quot;copyright&quot;:&quot;&quot;,&quot;focal_length&quot;:&quot;0&quot;,&quot;iso&quot;:&quot;0&quot;,&quot;shutter_speed&quot;:&quot;0&quot;,&quot;title&quot;:&quot;&quot;,&quot;orientation&quot;:&quot;0&quot;}\" data-image-title=\"RS12401_KA-IMG_2115-scr\" data-image-description=\"\" data-medium-file=\"https:\/\/semmelweis.hu\/sportklub\/files\/2022\/03\/RS12401_KA-IMG_2115-scr-400x267.jpg\" data-large-file=\"https:\/\/semmelweis.hu\/sportklub\/files\/2022\/03\/RS12401_KA-IMG_2115-scr.jpg\" src=\"https:\/\/semmelweis.hu\/sportklub\/files\/2022\/03\/RS12401_KA-IMG_2115-scr-495x330.jpg\" width=\"495\" height=\"330\" align=\"left\" title=\"\" \/><\/a><\/div><\/div><div class=\"gallery-group images-2\" style=\"width: 249px; height: 334px;\"><div class=\"tiled-gallery-item tiled-gallery-item-small\"><a href=\"https:\/\/semmelweis.hu\/sportklub\/files\/2022\/03\/RS12403_KA-IMG_2167-scr.jpg\"><img loading=\"lazy\" decoding=\"async\" data-attachment-id=\"109\" data-orig-file=\"https:\/\/semmelweis.hu\/sportklub\/files\/2022\/03\/RS12403_KA-IMG_2167-scr.jpg\" data-orig-size=\"950,633\" data-comments-opened=\"0\" data-image-meta=\"{&quot;aperture&quot;:&quot;0&quot;,&quot;credit&quot;:&quot;&quot;,&quot;camera&quot;:&quot;&quot;,&quot;caption&quot;:&quot;&quot;,&quot;created_timestamp&quot;:&quot;0&quot;,&quot;copyright&quot;:&quot;&quot;,&quot;focal_length&quot;:&quot;0&quot;,&quot;iso&quot;:&quot;0&quot;,&quot;shutter_speed&quot;:&quot;0&quot;,&quot;title&quot;:&quot;&quot;,&quot;orientation&quot;:&quot;0&quot;}\" data-image-title=\"RS12403_KA-IMG_2167-scr\" data-image-description=\"\" data-medium-file=\"https:\/\/semmelweis.hu\/sportklub\/files\/2022\/03\/RS12403_KA-IMG_2167-scr-400x267.jpg\" data-large-file=\"https:\/\/semmelweis.hu\/sportklub\/files\/2022\/03\/RS12403_KA-IMG_2167-scr.jpg\" src=\"https:\/\/semmelweis.hu\/sportklub\/files\/2022\/03\/RS12403_KA-IMG_2167-scr-245x163.jpg\" width=\"245\" height=\"163\" align=\"left\" title=\"\" \/><\/a><\/div><div class=\"tiled-gallery-item tiled-gallery-item-small\"><a href=\"https:\/\/semmelweis.hu\/sportklub\/files\/2022\/03\/RS51816_KA-20160720-IMG_5351-scr.jpg\"><img loading=\"lazy\" decoding=\"async\" data-attachment-id=\"111\" data-orig-file=\"https:\/\/semmelweis.hu\/sportklub\/files\/2022\/03\/RS51816_KA-20160720-IMG_5351-scr.jpg\" data-orig-size=\"950,633\" data-comments-opened=\"0\" data-image-meta=\"{&quot;aperture&quot;:&quot;0&quot;,&quot;credit&quot;:&quot;&quot;,&quot;camera&quot;:&quot;&quot;,&quot;caption&quot;:&quot;&quot;,&quot;created_timestamp&quot;:&quot;0&quot;,&quot;copyright&quot;:&quot;&quot;,&quot;focal_length&quot;:&quot;0&quot;,&quot;iso&quot;:&quot;0&quot;,&quot;shutter_speed&quot;:&quot;0&quot;,&quot;title&quot;:&quot;&quot;,&quot;orientation&quot;:&quot;0&quot;}\" data-image-title=\"RS51816_KA-20160720-IMG_5351-scr\" data-image-description=\"\" data-medium-file=\"https:\/\/semmelweis.hu\/sportklub\/files\/2022\/03\/RS51816_KA-20160720-IMG_5351-scr-400x267.jpg\" data-large-file=\"https:\/\/semmelweis.hu\/sportklub\/files\/2022\/03\/RS51816_KA-20160720-IMG_5351-scr.jpg\" src=\"https:\/\/semmelweis.hu\/sportklub\/files\/2022\/03\/RS51816_KA-20160720-IMG_5351-scr-245x163.jpg\" width=\"245\" height=\"163\" align=\"left\" title=\"\" \/><\/a><\/div><\/div><\/div><\/div>[\/slb_exclude]\n","protected":false},"excerpt":{"rendered":"<p>Szakoszt\u00e1lyvezet\u0151k: Prof. Dr. Ferdinandy P\u00e9ter tudom\u00e1nyos \u00e9s innov\u00e1ci\u00f3s rektorhelyettes Dr. Zsembery \u00c1kos Or\u00e1lbiol\u00f3giai Tansz\u00e9k vezet\u0151je Szervez\u0151\/kapcsolattart\u00f3: Dr. Zsembery \u00c1kos Tel. sz\u00e1m: +36 20 4633766 E-mail:\u00a0 <a href=\"mailto:zsembery.akos@dent.semmelweis-univ.hu\">zsembery.akos@semmelweis.hu<\/a> <a href=\"https:\/\/semmelweis.hu\/sportklub\/tag\/tenisz\/\">Legfrissebb h\u00edreink \u2192<\/a> BVSC sporttelep 2022.10.11.-t\u0151l Sz\u0151nyi \u00fat 2., bej\u00e1rat a Teleki Blanka utca fel\u0151l &#8211; kedd 17.00-19.00 &#8211; El\u0151zetes egyeztet\u00e9s sz\u00fcks\u00e9ges! Po\u00e9n Teniszklub 2022. 10.15.-t\u0151l 1113 Budapest, Hamzsab\u00e9gi \u00fat 52. szombat 16.00-18.00 &hellip;<\/p>\n","protected":false},"author":101997,"featured_media":0,"parent":130,"menu_order":0,"comment_status":"closed","ping_status":"closed","template":"","meta":{"_acf_changed":false,"footnotes":""},"categories":[34],"tags":[],"class_list":["post-108","page","type-page","status-publish","hentry","category-aktiv-szakosztalyok"],"acf":[],"_links":{"self":[{"href":"https:\/\/semmelweis.hu\/sportklub\/wp-json\/wp\/v2\/pages\/108","targetHints":{"allow":["GET"]}}],"collection":[{"href":"https:\/\/semmelweis.hu\/sportklub\/wp-json\/wp\/v2\/pages"}],"about":[{"href":"https:\/\/semmelweis.hu\/sportklub\/wp-json\/wp\/v2\/types\/page"}],"author":[{"embeddable":true,"href":"https:\/\/semmelweis.hu\/sportklub\/wp-json\/wp\/v2\/users\/101997"}],"replies":[{"embeddable":true,"href":"https:\/\/semmelweis.hu\/sportklub\/wp-json\/wp\/v2\/comments?post=108"}],"version-history":[{"count":11,"href":"https:\/\/semmelweis.hu\/sportklub\/wp-json\/wp\/v2\/pages\/108\/revisions"}],"predecessor-version":[{"id":1377,"href":"https:\/\/semmelweis.hu\/sportklub\/wp-json\/wp\/v2\/pages\/108\/revisions\/1377"}],"up":[{"embeddable":true,"href":"https:\/\/semmelweis.hu\/sportklub\/wp-json\/wp\/v2\/pages\/130"}],"wp:attachment":[{"href":"https:\/\/semmelweis.hu\/sportklub\/wp-json\/wp\/v2\/media?parent=108"}],"wp:term":[{"taxonomy":"category","embeddable":true,"href":"https:\/\/semmelweis.hu\/sportklub\/wp-json\/wp\/v2\/categories?post=108"},{"taxonomy":"post_tag","embeddable":true,"href":"https:\/\/semmelweis.hu\/sportklub\/wp-json\/wp\/v2\/tags?post=108"}],"curies":[{"name":"wp","href":"https:\/\/api.w.org\/{rel}","templated":true}]}}