{"id":419,"date":"2021-11-11T10:39:06","date_gmt":"2021-11-11T09:39:06","guid":{"rendered":"https:\/\/semmelweis.hu\/semmelweisiskola\/?page_id=419"},"modified":"2025-10-28T09:36:03","modified_gmt":"2025-10-28T08:36:03","slug":"boldog-iskola","status":"publish","type":"page","link":"https:\/\/semmelweis.hu\/semmelweisiskola\/oktatas\/boldog-iskola\/","title":{"rendered":"Boldog Iskola"},"content":{"rendered":"<p><img loading=\"lazy\" decoding=\"async\" class=\" wp-image-420 alignright\" src=\"https:\/\/semmelweis.hu\/semmelweisiskola\/files\/2021\/11\/boldogiskola-379x400.png\" alt=\"\" width=\"306\" height=\"323\" \/><\/p>\n<p style=\"text-align: center\"><strong>BOLDOG ISKOLA<\/strong><\/p>\n<p>A 2025\/26-as tan\u00e9vben iskol\u00e1nk sikerrel vett r\u00e9szt a <b>Jobb Veled a Vil\u00e1g Alap\u00edtv\u00e1ny<\/b>\u00a0\u00e1ltal m\u0171k\u00f6dtetett\u00a0<b>Boldogs\u00e1g Int\u00e9zet<\/b>\u00a0ny\u00edlt p\u00e1ly\u00e1zat\u00e1n, melyet a magyarorsz\u00e1gi \u00e9s hat\u00e1ron t\u00fali nevel\u00e9si-oktat\u00e1si int\u00e9zm\u00e9nyek sz\u00e1m\u00e1ra \u00edrtak ki.<\/p>\n<p>Az Alap\u00edtv\u00e1ny 2014-ben ind\u00edtotta el\u00a0<strong>Boldogs\u00e1g\u00f3ra<\/strong>\u00a0programj\u00e1t, melynek f\u0151v\u00e9dn\u00f6ke\u00a0<strong>Prof. Dr. Bagdy Em\u0151ke.<\/strong>\u00a0Megfogalmaz\u00e1sa szerint:<\/p>\n<blockquote>\n<p>Arra t\u00f6reksz\u00fcnk, hogy a Boldogs\u00e1g\u00f3r\u00e1k der\u0171s \u00e9s \u00e9lm\u00e9ny gazdag feladatai, j\u00e1t\u00e9kai, valamint gyakorlatai fokr\u00f3l fokra kibontakoztass\u00e1k a der\u0171t \u00e9s \u00e9letszeretetet. Gyermekeink \u00edgy a j\u00f6v\u0151be vetett hittel, b\u00e1tran j\u00e1rj\u00e1k v\u00e9gig a feln\u0151tts\u00e9ghez vezet\u0151 utat, majd boldogs\u00e1gra k\u00e9pes emberr\u00e9 v\u00e1lhatnak.<\/p>\n<\/blockquote>\n<p>A program kiemelt k\u00fcldet\u00e9se, hogy a\u00a0<strong>pozit\u00edv pszichol\u00f3gia<\/strong>\u00a0eredm\u00e9nyeire \u00e9p\u00edtve adjon \u00f6tleteket \u00e9s m\u00f3dszertani seg\u00edts\u00e9get a boldogs\u00e1gra val\u00f3 k\u00e9pess\u00e9g fejleszt\u00e9s\u00e9hez az iskol\u00e1s koroszt\u00e1ly sz\u00e1m\u00e1ra.<\/p>\n<p>Iskol\u00e1nk c\u00e9lja a\u00a0<strong>\u201eBoldog iskola\u201d<\/strong>\u00a0c\u00edm elnyer\u00e9se, v\u00e1rhat\u00f3an a di\u00e1kok \u00e9s az iskolavezet\u00e9s nagy \u00f6r\u00f6m\u00e9re.\u00a0 A majdani c\u00edm megszerz\u00e9se egyben a tov\u00e1bbi k\u00f6z\u00f6s szakmai munka kezdete. Alapvet\u0151, hogy az int\u00e9zm\u00e9ny pedag\u00f3giai programj\u00e1ban \u00e9s munkaterv\u00e9ben megfogalmaz\u00f3djanak a\u00a0<strong>\u201eBoldog iskola\u201d<\/strong>\u00a0krit\u00e9riumai, \u00e9s az iskola eg\u00e9sz pedag\u00f3giai szeml\u00e9let\u00e9be be\u00e9p\u00fclj\u00f6n a\u00a0<strong>Boldogs\u00e1g-program<\/strong><em>.<\/em><\/p>\n<p>A boldogs\u00e1g k\u00fcl\u00f6nb\u00f6z\u0151 \u00f6sszetev\u0151i, felt\u00e9telei, az egyes t\u00e9mak\u00f6r\u00f6k sorrendje, ill. a program f\u0151 r\u00e9szei, alappill\u00e9rei:<\/p>\n<ol>\n<li>Boldogs\u00e1gfokoz\u00f3 h\u00e1la<\/li>\n<li>Optimizmus gyakorl\u00e1sa<\/li>\n<li>Kapcsolatok \u00e1pol\u00e1sa<\/li>\n<li>Boldog\u00edt\u00f3 j\u00f3cselekedetek<\/li>\n<li>C\u00e9lok kit\u0171z\u00e9se \u00e9s el\u00e9r\u00e9se<\/li>\n<li>Megk\u00fczd\u00e9si strat\u00e9gi\u00e1k<\/li>\n<li>Apr\u00f3 \u00f6r\u00f6m\u00f6k \u00e9lvezete<\/li>\n<li>Megbocs\u00e1t\u00e1s<\/li>\n<li>Testmozg\u00e1s<\/li>\n<li>Fenntarthat\u00f3 boldogs\u00e1g<\/li>\n<\/ol>\n<p>&nbsp;<\/p>\n<p>A program szelleme szerint minden pedag\u00f3gusnak t\u00f6rekednie kell arra, hogy<\/p>\n<ul>\n<li>\u00e9rdekesek legyenek a tan\u00f3r\u00e1k;<\/li>\n<li>az oszt\u00e1ly \u00f6sszetart\u00e1s\u00e1t fokozni kell;<\/li>\n<li>szem\u00e9lyis\u00e9gfejleszt\u00e9sre legyen lehet\u0151s\u00e9g;<\/li>\n<li>a jobb legyen a viselked\u00e9s, a j\u00f3 kapcsolatokat alak\u00edtsunk ki;<\/li>\n<li>\u201e\u00e9rezd j\u00f3l magad a b\u0151r\u00f6dben\u201d szeml\u00e9let megteremt\u00e9se;<\/li>\n<li>di\u00e1kok tanuljanak meg \u00f6r\u00f6met tal\u00e1lni: j\u00e1t\u00e9kban, feladatban, munk\u00e1ban;<\/li>\n<li>adjunk m\u00f3dot a lelket \u00e9p\u00edt\u0151 \u00e9nekl\u00e9sre, \u00e9s a testet fejleszt\u0151 mozg\u00e1sra, sportra;<\/li>\n<li>a gyerekek \u00f6nbecs\u00fcl\u00e9se fejl\u0151dhessen azokn\u00e1l, akik annak hi\u00e1ny\u00e1ban vannak;<\/li>\n<li>a tan\u00e1rok kedvesek legyenek,<\/li>\n<li>sok kir\u00e1ndul\u00e1sra ker\u00fclj\u00f6n sor,<\/li>\n<li>\u00e9rdekes rendezv\u00e9nyek, versenyek legyenek az iskol\u00e1ban,<\/li>\n<li>j\u00f3 programok legyenek,<\/li>\n<li>er\u0151s\u00edteni kell a pedag\u00f3giai munk\u00e1ban a pozit\u00edv szeml\u00e9letet, az \u00e9let szeretet\u00e9t.<\/li>\n<\/ul>\n<p>Megval\u00f3s\u00edt\u00e1s\u00e1nak lehets\u00e9ges terei:<\/p>\n<ul>\n<li>oszt\u00e1lyf\u0151n\u00f6ki \u00f3r\u00e1k,<\/li>\n<li>b\u00e1rmilyen egy\u00e9b tan\u00f3r\u00e1k,<\/li>\n<li>kultur\u00e1lis-, sport \u00e9s egy\u00e9b szabadid\u0151s foglalkoz\u00e1sok.<\/li>\n<\/ul>\n<p>C\u00e9lunk:<\/p>\n<p>Boldogs\u00e1giskola legyen a Semmelweis!<\/p>\n<p style=\"text-align: right\">\u201eHa az \u00e9lett\u0151l egy citromot kapsz, k\u00e9sz\u00edts bel\u0151le limon\u00e1d\u00e9t.\u201d<\/p>\n<p style=\"text-align: right\">(dr. Bagdy Em\u0151ke)<\/p>\n","protected":false},"excerpt":{"rendered":"<p>BOLDOG ISKOLA A 2025\/26-as tan\u00e9vben iskol\u00e1nk sikerrel vett r\u00e9szt a Jobb Veled a Vil\u00e1g Alap\u00edtv\u00e1ny\u00a0\u00e1ltal m\u0171k\u00f6dtetett\u00a0Boldogs\u00e1g Int\u00e9zet\u00a0ny\u00edlt p\u00e1ly\u00e1zat\u00e1n, melyet a magyarorsz\u00e1gi \u00e9s hat\u00e1ron t\u00fali nevel\u00e9si-oktat\u00e1si int\u00e9zm\u00e9nyek sz\u00e1m\u00e1ra \u00edrtak ki. Az Alap\u00edtv\u00e1ny 2014-ben ind\u00edtotta el\u00a0Boldogs\u00e1g\u00f3ra\u00a0programj\u00e1t, melynek f\u0151v\u00e9dn\u00f6ke\u00a0Prof. Dr. Bagdy Em\u0151ke.\u00a0Megfogalmaz\u00e1sa szerint: Arra t\u00f6reksz\u00fcnk, hogy a Boldogs\u00e1g\u00f3r\u00e1k der\u0171s \u00e9s \u00e9lm\u00e9ny gazdag feladatai, j\u00e1t\u00e9kai, valamint gyakorlatai fokr\u00f3l fokra &hellip;<\/p>\n","protected":false},"author":101934,"featured_media":0,"parent":380,"menu_order":13,"comment_status":"closed","ping_status":"closed","template":"","meta":{"_acf_changed":false,"footnotes":""},"categories":[],"tags":[],"class_list":["post-419","page","type-page","status-publish","hentry"],"acf":[],"_links":{"self":[{"href":"https:\/\/semmelweis.hu\/semmelweisiskola\/wp-json\/wp\/v2\/pages\/419","targetHints":{"allow":["GET"]}}],"collection":[{"href":"https:\/\/semmelweis.hu\/semmelweisiskola\/wp-json\/wp\/v2\/pages"}],"about":[{"href":"https:\/\/semmelweis.hu\/semmelweisiskola\/wp-json\/wp\/v2\/types\/page"}],"author":[{"embeddable":true,"href":"https:\/\/semmelweis.hu\/semmelweisiskola\/wp-json\/wp\/v2\/users\/101934"}],"replies":[{"embeddable":true,"href":"https:\/\/semmelweis.hu\/semmelweisiskola\/wp-json\/wp\/v2\/comments?post=419"}],"version-history":[{"count":7,"href":"https:\/\/semmelweis.hu\/semmelweisiskola\/wp-json\/wp\/v2\/pages\/419\/revisions"}],"predecessor-version":[{"id":3602,"href":"https:\/\/semmelweis.hu\/semmelweisiskola\/wp-json\/wp\/v2\/pages\/419\/revisions\/3602"}],"up":[{"embeddable":true,"href":"https:\/\/semmelweis.hu\/semmelweisiskola\/wp-json\/wp\/v2\/pages\/380"}],"wp:attachment":[{"href":"https:\/\/semmelweis.hu\/semmelweisiskola\/wp-json\/wp\/v2\/media?parent=419"}],"wp:term":[{"taxonomy":"category","embeddable":true,"href":"https:\/\/semmelweis.hu\/semmelweisiskola\/wp-json\/wp\/v2\/categories?post=419"},{"taxonomy":"post_tag","embeddable":true,"href":"https:\/\/semmelweis.hu\/semmelweisiskola\/wp-json\/wp\/v2\/tags?post=419"}],"curies":[{"name":"wp","href":"https:\/\/api.w.org\/{rel}","templated":true}]}}