{"id":187,"date":"2021-10-27T09:38:17","date_gmt":"2021-10-27T07:38:17","guid":{"rendered":"https:\/\/semmelweis.hu\/semmelweisiskola\/?page_id=187"},"modified":"2025-05-13T07:23:29","modified_gmt":"2025-05-13T05:23:29","slug":"vezetoseg","status":"publish","type":"page","link":"https:\/\/semmelweis.hu\/semmelweisiskola\/iskolarol\/vezetoseg\/","title":{"rendered":"Vezet\u0151s\u00e9g"},"content":{"rendered":"<p style=\"text-align: center\"><strong>ISKOL\u00c1NK VEZET\u0150S\u00c9GE \u00c9S BEOSZT\u00c1SA<\/strong><\/p>\n<p><strong>Zaja Roland<\/strong> <br \/>\n<em>Igazgat\u00f3<\/em><\/p>\n<p>H\u00e9tf\u0151: 08:00-16:00 szem\u00e9lyesen<\/p>\n<p><strong>Email:<\/strong> zaja.roland@semmelweis.hu<\/p>\n<p><span style=\"font-size: 1rem\"><strong>Telefon:<\/strong> +36 (70)797-9703, +36 (70)797-9704, +36 (1) 282-9877<\/span><\/p>\n<hr width=\"80%\" \/>\n<p><strong>T\u00f6r\u00f6k Ildik\u00f3<\/strong><em> <br \/>\nIgazgat\u00f3helyettes(\u00e1ltal\u00e1nos)<\/em><\/p>\n<p>Kedd \u00e9s Cs\u00fct\u00f6rt\u00f6k: 08:00-16:00 szem\u00e9lyesen<\/p>\n<p><strong>Email:<\/strong> torok.ildiko1@semmelweis.hu<\/p>\n<p><span style=\"font-size: 1rem\"><strong>Telefon:<\/strong> +36 (70)797-9703, +36 (70)797-9704, +36 (1) 282-9877<\/span><\/p>\n<hr width=\"80%\" \/>\n<p><strong>R\u00e9p\u00e1si Marcell L\u00e1szl\u00f3\u00a0<em><br \/>\n<\/em><\/strong><em>Igazgat\u00f3helyettes(szakmai)<\/em><\/p>\n<p>Szerda : 08:00 -16:00 szem\u00e9lyesen<\/p>\n<p><strong>Email: <\/strong>repasi.marcell.laszlo@semmelweis.hu<\/p>\n<p><strong>Telefon:<\/strong> +36 (70)797-9703, +36 (70)797-9704, +36 (1) 282-9877<\/p>\n<hr \/>\n<p><strong>Cs\u00f6rnyei-Kelemen \u00c1gnes <em><br \/>\n<\/em><\/strong><em>Igazgat\u00f3helyettes(gyakorlati oktat\u00e1svezet\u0151)<\/em><\/p>\n<p>P\u00e9ntek: 07:00 -15:00 szem\u00e9lyesen<\/p>\n<p><strong>Email: <\/strong>kelemen.agnes@semmelweis.hu<\/p>\n<p><strong>Telefon:<\/strong> +36 (70)797-9703, +36 (70)797-9704, +36 (1) 282-9877<\/p>\n<hr \/>\n<p>&nbsp;<\/p>\n","protected":false},"excerpt":{"rendered":"<p>ISKOL\u00c1NK VEZET\u0150S\u00c9GE \u00c9S BEOSZT\u00c1SA Zaja Roland Igazgat\u00f3 H\u00e9tf\u0151: 08:00-16:00 szem\u00e9lyesen Email: zaja.roland@semmelweis.hu Telefon: +36 (70)797-9703, +36 (70)797-9704, +36 (1) 282-9877 T\u00f6r\u00f6k Ildik\u00f3 Igazgat\u00f3helyettes(\u00e1ltal\u00e1nos) Kedd \u00e9s Cs\u00fct\u00f6rt\u00f6k: 08:00-16:00 szem\u00e9lyesen Email: torok.ildiko1@semmelweis.hu Telefon: +36 (70)797-9703, +36 (70)797-9704, +36 (1) 282-9877 R\u00e9p\u00e1si Marcell L\u00e1szl\u00f3\u00a0 Igazgat\u00f3helyettes(szakmai) Szerda : 08:00 -16:00 szem\u00e9lyesen Email: repasi.marcell.laszlo@semmelweis.hu Telefon: +36 (70)797-9703, +36 (70)797-9704, +36 &hellip;<\/p>\n","protected":false},"author":101934,"featured_media":0,"parent":531,"menu_order":7,"comment_status":"closed","ping_status":"closed","template":"","meta":{"_acf_changed":false,"footnotes":""},"categories":[],"tags":[],"class_list":["post-187","page","type-page","status-publish","hentry"],"acf":[],"_links":{"self":[{"href":"https:\/\/semmelweis.hu\/semmelweisiskola\/wp-json\/wp\/v2\/pages\/187","targetHints":{"allow":["GET"]}}],"collection":[{"href":"https:\/\/semmelweis.hu\/semmelweisiskola\/wp-json\/wp\/v2\/pages"}],"about":[{"href":"https:\/\/semmelweis.hu\/semmelweisiskola\/wp-json\/wp\/v2\/types\/page"}],"author":[{"embeddable":true,"href":"https:\/\/semmelweis.hu\/semmelweisiskola\/wp-json\/wp\/v2\/users\/101934"}],"replies":[{"embeddable":true,"href":"https:\/\/semmelweis.hu\/semmelweisiskola\/wp-json\/wp\/v2\/comments?post=187"}],"version-history":[{"count":12,"href":"https:\/\/semmelweis.hu\/semmelweisiskola\/wp-json\/wp\/v2\/pages\/187\/revisions"}],"predecessor-version":[{"id":3421,"href":"https:\/\/semmelweis.hu\/semmelweisiskola\/wp-json\/wp\/v2\/pages\/187\/revisions\/3421"}],"up":[{"embeddable":true,"href":"https:\/\/semmelweis.hu\/semmelweisiskola\/wp-json\/wp\/v2\/pages\/531"}],"wp:attachment":[{"href":"https:\/\/semmelweis.hu\/semmelweisiskola\/wp-json\/wp\/v2\/media?parent=187"}],"wp:term":[{"taxonomy":"category","embeddable":true,"href":"https:\/\/semmelweis.hu\/semmelweisiskola\/wp-json\/wp\/v2\/categories?post=187"},{"taxonomy":"post_tag","embeddable":true,"href":"https:\/\/semmelweis.hu\/semmelweisiskola\/wp-json\/wp\/v2\/tags?post=187"}],"curies":[{"name":"wp","href":"https:\/\/api.w.org\/{rel}","templated":true}]}}