{"id":140,"date":"2021-10-26T11:55:26","date_gmt":"2021-10-26T09:55:26","guid":{"rendered":"https:\/\/semmelweis.hu\/semmelweisiskola\/?page_id=140"},"modified":"2021-11-24T14:47:21","modified_gmt":"2021-11-24T13:47:21","slug":"a-dolgozatiras-szabalyai","status":"publish","type":"page","link":"https:\/\/semmelweis.hu\/semmelweisiskola\/oktatas\/szabalyaink\/a-dolgozatiras-szabalyai\/","title":{"rendered":"A dolgozat\u00edr\u00e1s szab\u00e1lyai"},"content":{"rendered":"<div style=\"text-align: center;\"><strong>A DOLGOZAT\u00cdR\u00c1S SZAB\u00c1LYAI<\/strong><\/p>\n<p><strong>A tanul\u00f3k t\u00e1j\u00e9koztat\u00e1sa<\/strong><\/p>\n<ul>\n<li style=\"text-align: left;\">a dolgozat\u00edr\u00e1sr\u00f3l a tanul\u00f3kat el\u0151zetesen mindig t\u00e1j\u00e9koztatjuk, kiv\u00e9ve, ha az a napi tananyag \u00edr\u00e1sbeli sz\u00e1monk\u00e9r\u00e9s\u00e9re vagy az alapk\u00e9szs\u00e9gek m\u00e9r\u00e9s\u00e9re \u00e9p\u00fcl<\/li>\n<li style=\"text-align: left;\">a t\u00e9maz\u00e1r\u00f3 dolgozatok id\u0151pontj\u00e1t \u2013 amelyet az oszt\u00e1lyban tan\u00edt\u00f3 pedag\u00f3gusok el\u0151zetesen egyeztettek egym\u00e1ssal \u2013 legal\u00e1bb egy h\u00e9ttel kor\u00e1bban k\u00f6z\u00f6lj\u00fck a tanul\u00f3kkal<\/li>\n<li style=\"text-align: left;\">az \u00e9vfolyamszint\u0171 dolgozatok k\u00f6r\u00fclbel\u00fcli id\u0151pontj\u00e1r\u00f3l \u00e9s a tervezett t\u00e9m\u00e1r\u00f3l szeptember v\u00e9g\u00e9ig t\u00e1j\u00e9koztatjuk a tanul\u00f3kat<\/li>\n<li style=\"text-align: left;\">a dolgozat-el\u0151k\u00e9sz\u00edt\u0151, \u00f6sszefoglal\u00f3 \u00f3r\u00e1n a szaktan\u00e1r pontosan k\u00f6r\u00fclhat\u00e1rolja a dolgozat t\u00e9m\u00e1j\u00e1t, kiemeli a hangs\u00falyos ter\u00fcleteket, \u00e9s lehet\u0151s\u00e9g szerint szempontokat is ad a felk\u00e9sz\u00fcl\u00e9shez.<\/li>\n<\/ul>\n<p><strong>Az \u00edr\u00e1sbeli sz\u00e1monk\u00e9r\u00e9s rendje<\/strong><\/p>\n<ul>\n<li style=\"text-align: left;\">az \u00edr\u00e1sbeli feladatok kidolgoz\u00e1sra sz\u00e1nt id\u0151nek ar\u00e1nyban kell \u00e1llnia a k\u00e9rd\u00e9sek, feladatok mennyis\u00e9g\u00e9vel, neh\u00e9zs\u00e9gi fok\u00e1val \u00e9s a kidolgoz\u00e1s elv\u00e1rt m\u00e9lys\u00e9g\u00e9vel, r\u00e9szletess\u00e9g\u00e9vel<\/li>\n<li style=\"text-align: left;\">a k\u00fcl\u00f6nleges b\u00e1n\u00e1sm\u00f3dot ig\u00e9nyl\u0151 tanul\u00f3knak (SNI, BTM) \u2013 az igazgat\u00f3i hat\u00e1rozat alapj\u00e1n \u2013 t\u00f6bbletid\u0151t biztos\u00edtunk a feladatok kidolgoz\u00e1s\u00e1ra<\/li>\n<li style=\"text-align: left;\">a bels\u0151 m\u00e9r\u00e9sek \u00e9s a t\u00e9maz\u00e1r\u00f3 dolgozatok kiz\u00e1r\u00f3lag a t\u00f6rzsanyagra, illetve a k\u00fcl\u00f6nb\u00f6z\u0151 k\u00e9pess\u00e9gek vizsg\u00e1lat\u00e1ra \u00e9p\u00fclnek<\/li>\n<li style=\"text-align: left;\">a \u201epr\u00f3ba\u00e9retts\u00e9gik\u00e9nt\u201d \u00edratott dolgozatokra ugyanannyi id\u0151t kell biztos\u00edtani, mint az \u00edr\u00e1sbeli vizsg\u00e1n az adott feladatr\u00e9szre vagy teljes dolgozatra<\/li>\n<li style=\"text-align: left;\">egy tan\u00edt\u00e1si napon csak egy \u00e1tfog\u00f3 dolgozat (t\u00e9maz\u00e1r\u00f3, \u00e9vfolyamfelm\u00e9r\u0151) \u00e9s mellette legfeljebb egy kisebb dolgozat \u00edrathat\u00f3<\/li>\n<li style=\"text-align: left;\">a t\u00e9maz\u00e1r\u00f3 vagy \u00e9vfolyamszint\u0171 dolgozat meg\u00edr\u00e1s\u00e1ra halad\u00e9kot kap az a tanul\u00f3, aki el\u0151tte betegs\u00e9ge miatt egy h\u00e9tig vagy ann\u00e1l hosszabb ideig hi\u00e1nyzott<\/li>\n<li style=\"text-align: left;\">az \u00edr\u00e1sbeli felel\u00e9s al\u00f3l \u2013 k\u00e9r\u00e9s\u00e9re \u2013 mentes\u00fcl a tanul\u00f3 a h\u00e1romn\u00e1l t\u00f6bb napos hi\u00e1nyz\u00e1st k\u00f6vet\u0151 els\u0151 tan\u00edt\u00e1si \u00f3r\u00e1n, ha pedig k\u00e9t h\u00e9tig vagy ann\u00e1l hosszabb ideig hi\u00e1nyzott, a tan\u00e1r halad\u00e9kot ad sz\u00e1m\u00e1ra a tananyag bep\u00f3tol\u00e1s\u00e1ra<\/li>\n<li style=\"text-align: left;\">a tanulm\u00e1nyok alatti vizsg\u00e1k (oszt\u00e1lyoz\u00f3, jav\u00edt\u00f3, p\u00f3tl\u00f3, k\u00fcl\u00f6nb\u00f6zeti) rendj\u00e9t a 20\/2012. (VIII. 31.) EMMI rendelet 67-72. \u00a7-a, illetve a Nevel\u00e9si program 11. fejezete szab\u00e1lyozza.<\/li>\n<\/ul>\n<p><strong>Az \u00edr\u00e1sbeli munk\u00e1k \u00e9rt\u00e9kel\u00e9se<\/strong><\/p>\n<ul>\n<li style=\"text-align: left;\">a t\u00e9maz\u00e1r\u00f3 \u00e9s az \u00e9vfolyamdolgozatok minimumszintj\u00e9t egys\u00e9gesen 30 sz\u00e1zal\u00e9kban hat\u00e1rozzuk meg, ez al\u00f3l kiv\u00e9telt jelentenek azok a szakmai tant\u00e1rgyak, amelyekn\u00e9l bizonyos ismeretek hi\u00e1nya vesz\u00e9lyeztetheti a tanul\u00f3t, oszt\u00e1lyt\u00e1rsait vagy \u2013 k\u00e9s\u0151bbi munk\u00e1ja sor\u00e1n \u2013 a r\u00e1 b\u00edzott embereket\u00a0<\/li>\n<li style=\"text-align: left;\">ha a dolgozat olyan ismereteket k\u00e9r sz\u00e1mon, amelyek felt\u00e9telei a tov\u00e1bbhalad\u00e1snak (p\u00e9ld\u00e1ul defin\u00edci\u00f3k), a szaktan\u00e1r szigor\u00edtott pontoz\u00e1si rendszert alkalmazhat, de adjon lehet\u0151s\u00e9get a jav\u00edt\u00e1sra<\/li>\n<li style=\"text-align: left;\">az \u00e9v eleji szintfelm\u00e9r\u00e9s \u00e9rdemjegye csak akkor sz\u00e1m\u00edt bele a f\u00e9l\u00e9vi oszt\u00e1lyzatba, ha a m\u00e9r\u00e9st ism\u00e9tl\u00e9s el\u0151zte meg, illetve ha az \u00e9rdemjegyet a tanul\u00f3 k\u00e9ri<\/li>\n<li style=\"text-align: left;\">a diagnosztikus c\u00e9l\u00fa \u00e9s a k\u00fcls\u0151 m\u00e9r\u00e9seket legfeljebb a tanul\u00f3k t\u00e1j\u00e9koztat\u00e1sa vagy \u2013 j\u00f3 jegy eset\u00e9n \u2013 motiv\u00e1l\u00e1sa c\u00e9lj\u00e1b\u00f3l oszt\u00e1lyozzuk<\/li>\n<li style=\"text-align: left;\">a tanul\u00f3k szoci\u00e1lis kompetenci\u00e1inak fejleszt\u00e9se \u00e9rdek\u00e9ben \u00f6szt\u00f6n\u00f6zz\u00fck a csoportmunk\u00e1t (\u00f3rai munka vagy projektfeladat), ebben az esetben a csoporttagok \u00e9rdemjegy\u00e9t a pedag\u00f3gus \u00e9s a csoport k\u00f6z\u00f6sen \u00e1llap\u00edtja meg el\u0151re megbesz\u00e9lt szempontok alapj\u00e1n<\/li>\n<li style=\"text-align: left;\">a szaktan\u00e1r \u2013 a pedag\u00f3giai szempontok m\u00e9rlegel\u00e9s\u00e9vel \u2013 biztos\u00edthatja a jav\u00edt\u00f3 dolgozat \u00edr\u00e1s\u00e1nak lehet\u0151s\u00e9g\u00e9t, s mivel a jav\u00edt\u00f3 dolgozat \u00edrat\u00e1sa, \u00e9rt\u00e9kel\u00e9se stb. tant\u00e1rgyank\u00e9nt \u00e9s tananyagonk\u00e9nt k\u00fcl\u00f6nb\u00f6z\u0151 lehet, a szaktan\u00e1r egy\u00e9ni m\u00f3dszereket alkalmazhat, de err\u0151l a tan\u00e9v elej\u00e9n t\u00e1j\u00e9koztatnia kell a tanul\u00f3kat, \u00e9s alkalmazkodnia kell azokhoz az alapelvekhez, amelyekben a szakmai munkak\u00f6z\u00f6ss\u00e9g meg\u00e1llapodott.<\/li>\n<\/ul>\n<p><strong>A SZ\u00d3BELI BESZ\u00c1MOLTAT\u00c1S, SZ\u00c1MONK\u00c9R\u00c9S RENDJE<\/strong><\/p>\n<p><strong>A tanul\u00f3k t\u00e1j\u00e9koztat\u00e1sa<\/strong><\/p>\n<ul>\n<li style=\"text-align: left;\">a szaktan\u00e1r a tan\u00e9v elej\u00e9n t\u00e1j\u00e9koztatja a tanul\u00f3kat a sz\u00f3beli sz\u00e1monk\u00e9r\u00e9s \u00e1ltala alkalmazott form\u00e1ir\u00f3l, rendj\u00e9r\u0151l, k\u00f6vetelm\u00e9nyeir\u0151l \u00e9s az \u00e9rt\u00e9kel\u00e9s szempontjair\u00f3l<\/li>\n<li style=\"text-align: left;\">ha a szaktan\u00e1r kisvizsg\u00e1t vagy a szakmai munkak\u00f6z\u00f6ss\u00e9g besz\u00e1moltat\u00f3 vizsg\u00e1t szervez, a vizsga k\u00f6r\u00fclbel\u00fcli id\u0151pontj\u00e1r\u00f3l \u00e9s t\u00e9mak\u00f6reir\u0151l a tan\u00e9v elej\u00e9n t\u00e1j\u00e9koztatnia kell a tanul\u00f3kat, a sz\u00fcl\u0151ket \u00e9s az oszt\u00e1lyf\u0151n\u00f6k\u00f6t<\/li>\n<li style=\"text-align: left;\">ha egy oszt\u00e1lyban egy tan\u00e9vben t\u00f6bb tant\u00e1rgyb\u00f3l is szerveznek kisvizsg\u00e1t, a tanul\u00f3k ar\u00e1nyos terhel\u00e9se \u00e9rdek\u00e9ben a tan\u00e9v elej\u00e9n a szaktan\u00e1roknak egym\u00e1s k\u00f6z\u00f6tt egyeztetni\u00fck kell az id\u0151pontokat, \u00e9s a tervezetet be kell mutatniuk az iskolavezet\u0151s\u00e9gnek.\u00a0<\/li>\n<\/ul>\n<p><strong>A sz\u00f3beli sz\u00e1monk\u00e9r\u00e9s rendje<\/strong><\/p>\n<ul>\n<li style=\"text-align: left;\">az \u00f3rai felelet nem korl\u00e1toz\u00f3dik a napi tananyagra, hanem a szaktan\u00e1r ism\u00e9tl\u0151 k\u00e9rd\u00e9sekkel gy\u0151z\u0151dhet meg arr\u00f3l, hogy a tanul\u00f3 rendszeresen k\u00e9sz\u00fcl-e az \u00f3r\u00e1kra<\/li>\n<li style=\"text-align: left;\">a kisvizsg\u00e1n \u00e9s a besz\u00e1moltat\u00f3 vizsg\u00e1n sz\u00e1mon k\u00e9rt tananyag mennyis\u00e9ge nem lehet irre\u00e1lisan elt\u00falzott, m\u00e1s tant\u00e1rgyak tanul\u00e1s\u00e1t nem szor\u00edthatja h\u00e1tt\u00e9rbe<\/li>\n<li style=\"text-align: left;\">a kisvizsga id\u0151pontja nem eshet a jegyek lez\u00e1r\u00e1s\u00e1nak utols\u00f3 k\u00e9t het\u00e9re, hogy a tanul\u00f3knak legyen lehet\u0151s\u00e9g\u00fck a jav\u00edt\u00e1sra\u00a0<\/li>\n<li style=\"text-align: left;\">a tanulm\u00e1nyok alatti vizsg\u00e1k (oszt\u00e1lyoz\u00f3, jav\u00edt\u00f3, p\u00f3tl\u00f3, k\u00fcl\u00f6nb\u00f6zeti) rendj\u00e9t a 20\/2012. (VIII. 31.) EMMI rendelet 67-72. \u00a7-a, illetve a Nevel\u00e9si program 11. fejezete szab\u00e1lyozza.<\/li>\n<\/ul>\n<p><strong>A sz\u00f3beli feleletek, besz\u00e1mol\u00f3k \u00e9rt\u00e9kel\u00e9se<\/strong><\/p>\n<ul>\n<li style=\"text-align: left;\">a sz\u00f3beli feleletekn\u00e9l, besz\u00e1mol\u00f3kn\u00e1l nemcsak a megtanult ismereteket k\u00e9rj\u00fck sz\u00e1mon, hanem azok alkalmaz\u00e1s\u00e1t is, illetve a szakmai tant\u00e1rgyakn\u00e1l a k\u00f6vetelm\u00e9nymodulokban meghat\u00e1rozott kompetenci\u00e1kat<\/li>\n<li style=\"text-align: left;\">az \u00e9rt\u00e9kel\u00e9s nem mer\u00fclhet ki a tanul\u00f3 teljes\u00edtm\u00e9ny\u00e9nek min\u0151s\u00edt\u00e9s\u00e9ben, ez\u00e9rt az oszt\u00e1lyoz\u00e1st mindig sz\u00f6veges \u00e9rt\u00e9kel\u00e9ssel eg\u00e9sz\u00edtj\u00fck ki<\/li>\n<\/ul>\n<p><a href=\"https:\/\/semmelweis.hu\/semmelweisiskola\/files\/2021\/10\/ertekeles_szabalyai.pdf\" target=\"_blank\" rel=\"noopener noreferrer\">Az \u00e9rt\u00e9kel\u00e9s szab\u00e1lyai<\/a><\/p>\n<\/div>\n","protected":false},"excerpt":{"rendered":"<p>A DOLGOZAT\u00cdR\u00c1S SZAB\u00c1LYAI A tanul\u00f3k t\u00e1j\u00e9koztat\u00e1sa a dolgozat\u00edr\u00e1sr\u00f3l a tanul\u00f3kat el\u0151zetesen mindig t\u00e1j\u00e9koztatjuk, kiv\u00e9ve, ha az a napi tananyag \u00edr\u00e1sbeli sz\u00e1monk\u00e9r\u00e9s\u00e9re vagy az alapk\u00e9szs\u00e9gek m\u00e9r\u00e9s\u00e9re \u00e9p\u00fcl a t\u00e9maz\u00e1r\u00f3 dolgozatok id\u0151pontj\u00e1t \u2013 amelyet az oszt\u00e1lyban tan\u00edt\u00f3 pedag\u00f3gusok el\u0151zetesen egyeztettek egym\u00e1ssal \u2013 legal\u00e1bb egy h\u00e9ttel kor\u00e1bban k\u00f6z\u00f6lj\u00fck a tanul\u00f3kkal az \u00e9vfolyamszint\u0171 dolgozatok k\u00f6r\u00fclbel\u00fcli id\u0151pontj\u00e1r\u00f3l \u00e9s a tervezett &hellip;<\/p>\n","protected":false},"author":101934,"featured_media":0,"parent":548,"menu_order":16,"comment_status":"closed","ping_status":"closed","template":"","meta":{"_acf_changed":false,"footnotes":""},"categories":[],"tags":[],"class_list":["post-140","page","type-page","status-publish","hentry"],"acf":[],"_links":{"self":[{"href":"https:\/\/semmelweis.hu\/semmelweisiskola\/wp-json\/wp\/v2\/pages\/140","targetHints":{"allow":["GET"]}}],"collection":[{"href":"https:\/\/semmelweis.hu\/semmelweisiskola\/wp-json\/wp\/v2\/pages"}],"about":[{"href":"https:\/\/semmelweis.hu\/semmelweisiskola\/wp-json\/wp\/v2\/types\/page"}],"author":[{"embeddable":true,"href":"https:\/\/semmelweis.hu\/semmelweisiskola\/wp-json\/wp\/v2\/users\/101934"}],"replies":[{"embeddable":true,"href":"https:\/\/semmelweis.hu\/semmelweisiskola\/wp-json\/wp\/v2\/comments?post=140"}],"version-history":[{"count":10,"href":"https:\/\/semmelweis.hu\/semmelweisiskola\/wp-json\/wp\/v2\/pages\/140\/revisions"}],"predecessor-version":[{"id":615,"href":"https:\/\/semmelweis.hu\/semmelweisiskola\/wp-json\/wp\/v2\/pages\/140\/revisions\/615"}],"up":[{"embeddable":true,"href":"https:\/\/semmelweis.hu\/semmelweisiskola\/wp-json\/wp\/v2\/pages\/548"}],"wp:attachment":[{"href":"https:\/\/semmelweis.hu\/semmelweisiskola\/wp-json\/wp\/v2\/media?parent=140"}],"wp:term":[{"taxonomy":"category","embeddable":true,"href":"https:\/\/semmelweis.hu\/semmelweisiskola\/wp-json\/wp\/v2\/categories?post=140"},{"taxonomy":"post_tag","embeddable":true,"href":"https:\/\/semmelweis.hu\/semmelweisiskola\/wp-json\/wp\/v2\/tags?post=140"}],"curies":[{"name":"wp","href":"https:\/\/api.w.org\/{rel}","templated":true}]}}