{"id":132,"date":"2021-10-26T11:49:36","date_gmt":"2021-10-26T09:49:36","guid":{"rendered":"https:\/\/semmelweis.hu\/semmelweisiskola\/?page_id=132"},"modified":"2021-11-24T14:45:45","modified_gmt":"2021-11-24T13:45:45","slug":"a-nyitvatartas-rendje","status":"publish","type":"page","link":"https:\/\/semmelweis.hu\/semmelweisiskola\/oktatas\/oktatasi-rend\/a-nyitvatartas-rendje\/","title":{"rendered":"A nyitvatart\u00e1s rendje"},"content":{"rendered":"<p><strong>A tanul\u00f3k fogad\u00e1s\u00e1nak rendje, nyitva tart\u00e1s<\/strong><\/p>\n<ul>\n<li>Az iskola heti 5 napos munkarendben m\u0171k\u00f6dik, h\u00e9tv\u00e9g\u00e9n, illetve a korm\u00e1nyrendeletben meghat\u00e1rozott \u00fcnnep- \u00e9s pihen\u0151napokon z\u00e1rva tart. Az iskola a pihen\u0151napokat \u2013 a fenntart\u00f3 j\u00f3v\u00e1hagy\u00e1s\u00e1val \u2013 pedag\u00f3giailag indokolt esetben az orsz\u00e1gost\u00f3l elt\u00e9r\u0151 id\u0151pontban \u00e1llap\u00edthatja meg a tan\u00e9v helyi rendj\u00e9ben, err\u0151l szeptember elej\u00e9n t\u00e1j\u00e9koztatni kell a sz\u00fcl\u0151ket, a tanul\u00f3kat \u00e9s a koll\u00e9giumokat.\u00a0<\/li>\n<li>Az iskol\u00e1ban a tan\u00edt\u00e1si \u00e9v munkanapjain 6.00 \u00e9s 20.00 \u00f3ra k\u00f6z\u00f6tt van portaszolg\u00e1lat, a tanul\u00f3k sz\u00e1m\u00e1ra \u2013 kiv\u00e9ve a tan\u00e9v rendj\u00e9ben meghat\u00e1rozott iskolai rendezv\u00e9nyeket \u2013 6.30 \u00f3r\u00e1t\u00f3l 16.30 \u00f3r\u00e1ig tart nyitva. A tanul\u00f3k sz\u00e1m\u00e1ra az enn\u00e9l tov\u00e1bbi benntart\u00f3zkod\u00e1st az int\u00e9zm\u00e9nyvezet\u0151 csak k\u00fcl\u00f6n\u00f6sen indokolt esetben enged\u00e9lyezi, kiz\u00e1r\u00f3lag a pedag\u00f3gus \u00e1ltal szervezett foglalkoz\u00e1s vagy rendezv\u00e9ny c\u00e9lj\u00e1b\u00f3l.<\/li>\n<li>Az iskolai foglalkoz\u00e1sok, programok ut\u00e1n tanul\u00f3 csak tan\u00e1ri fel\u00fcgyelet mellett tart\u00f3zkodhat az iskol\u00e1ban, illetve az iskola ter\u00fclet\u00e9n. \u00a0<\/li>\n<li>A tan\u00edt\u00e1si sz\u00fcnetekben a tanul\u00f3k sz\u00e1m\u00e1ra foglalkoz\u00e1s vagy program csak el\u0151zetes int\u00e9zm\u00e9nyvezet\u0151i enged\u00e9llyel szervezhet\u0151 az iskol\u00e1ban.\u00a0<\/li>\n<li>A ny\u00e1ri sz\u00fcnetben az iskola a tanul\u00f3k \u00fcgyeinek int\u00e9z\u00e9s\u00e9re szerd\u00e1nk\u00e9nt 9.00 \u00f3r\u00e1t\u00f3l 13.00 \u00f3r\u00e1ig \u00fcgyeletet biztos\u00edt. A t\u00f6bbi \u00e9vk\u00f6zi sz\u00fcnet munkanapjain el\u0151zetes bejelentkez\u00e9s \u00e9s id\u0151pont-egyeztet\u00e9s alapj\u00e1n t\u00f6rt\u00e9nik az \u00fcgyint\u00e9z\u00e9s.<\/li>\n<\/ul>\n<p><strong>A bel\u00e9p\u00e9s \u00e9s a bent tart\u00f3zkod\u00e1s rendje azok r\u00e9sz\u00e9re, akik nem \u00e1llnak jogviszonyban a nevel\u00e9si-oktat\u00e1si int\u00e9zm\u00e9nnyel<\/strong><\/p>\n<ul>\n<li>Az iskol\u00e1val jogviszonyban nem \u00e1ll\u00f3 l\u00e1togat\u00f3 adatait be kell jegyezni a port\u00e1sok \u00e1ltal vezetett nyilv\u00e1ntart\u00e1si f\u00fczetbe. A f\u00fczetnek tartalmaznia kell az \u00e9rkez\u00e9s id\u0151pontj\u00e1t, a l\u00e1togat\u00f3 nev\u00e9t, lakc\u00edm\u00e9t, valamint a keresett alkalmazott nev\u00e9t. A port\u00e1s a l\u00e1togat\u00f3t felk\u00eds\u00e9ri a tan\u00e1ri szoba el\u0151tti helyis\u00e9gbe, \u00e9s sz\u00f3l az \u00e9rintett alkalmazottnak, ha \u0151 nem \u00e9rhet\u0151 el, az \u00fcgyeletes vezet\u0151nek vagy az iskolatitk\u00e1rnak. A port\u00e1sok \u00e1ltal \u00e9rtes\u00edtett alkalmazott figyelemmel k\u00eds\u00e9ri a l\u00e1togat\u00f3 benntart\u00f3zkod\u00e1s\u00e1t, a t\u00e1voz\u00e1s\u00e1r\u00f3l meg kell gy\u0151z\u0151dnie. A port\u00e1snak a nyilv\u00e1ntart\u00e1si f\u00fczetbe az \u00e9p\u00fclet elhagy\u00e1s\u00e1nak id\u0151pontj\u00e1t is fel kell t\u00fcntetnie.<\/li>\n<li>Az iskol\u00e1ban k\u00fcls\u0151 szem\u00e9ly \u2013 \u00e9s ez al\u00f3l a sz\u00fcl\u0151k sem kiv\u00e9telek \u2013 a tanul\u00f3kat nem keresheti meg k\u00f6zvetlen\u00fcl, hanem csak az oszt\u00e1lyf\u0151n\u00f6k vagy az \u00fcgyeletes vezet\u0151 k\u00f6zvet\u00edt\u00e9s\u00e9vel. Ha a l\u00e1togat\u00f3 valamelyik tanul\u00f3t keresi, a port\u00e1soknak a fenti rend szerint kell elj\u00e1rniuk.<\/li>\n<li>Az iskol\u00e1val jogviszonyban nem \u00e1ll\u00f3 k\u00fcls\u0151 szem\u00e9ly vagy sz\u00fcl\u0151 a tan\u00f3rai \u00e9s az egy\u00e9b (tan\u00f3r\u00e1n k\u00edv\u00fcli) foglalkoz\u00e1sokon, illetve az iskolai programokon csak az iskolavezet\u0151s\u00e9g el\u0151zetes enged\u00e9ly\u00e9vel vehet r\u00e9szt. Az enged\u00e9lyt kapott l\u00e1togat\u00f3k, sz\u00fcl\u0151k vagy k\u00fcls\u0151 r\u00e9sztvev\u0151k nev\u00e9t a vezet\u0151k el\u0151zetesen leadj\u00e1k a port\u00e1n.<\/li>\n<li>Azoknak a szem\u00e9lyeknek a nev\u00e9t, akik az int\u00e9zm\u00e9nnyel folyamatos, rendszeres munkakapcsolatban \u00e1llnak, vagy k\u00f6zrem\u0171k\u00f6dnek az iskolai foglalkoz\u00e1sok, programok lebonyol\u00edt\u00e1s\u00e1ban, csak az els\u0151 alkalommal kell a nyilv\u00e1ntart\u00e1si f\u00fczetbe bevezetni, illetve felk\u00eds\u00e9rni \u0151ket a keresett alkalmazotthoz vagy irod\u00e1ba.\u00a0<\/li>\n<li>Az iskol\u00e1ban v\u00e9gzett, a port\u00e1sok \u00e1ltal ismert r\u00e9gi di\u00e1kokat \u2013 ha \u00fcgyint\u00e9z\u00e9s vagy a tan\u00e1rokkal val\u00f3 tal\u00e1lkoz\u00e1s c\u00e9lj\u00e1b\u00f3l keresik fel az iskol\u00e1t \u2013 nem kell felk\u00eds\u00e9rni a tan\u00e1ri szoba el\u00e9, de nev\u00fcket \u00e9s a keresett alkalmazott nev\u00e9t a nyilv\u00e1ntart\u00e1si f\u00fczetbe be kell vezetni. Az iskolai foglalkoz\u00e1sokon, programokon a v\u00e9gzett di\u00e1kok is csak az iskolavezet\u0151s\u00e9g el\u0151zetes enged\u00e9ly\u00e9vel vehetnek r\u00e9szt. A v\u00e9gzett di\u00e1kok \u2013 alkalmank\u00e9nt \u2013 a sz\u00fcnetben a port\u00e1n tal\u00e1lkozhatnak az iskola tanul\u00f3ival, de a folyos\u00f3ra nem mehetnek fel, \u00e9s ha a l\u00e1togat\u00e1suk rendszeress\u00e9 v\u00e1lik, a port\u00e1soknak \u00e9rtes\u00edteni\u00fck kell az int\u00e9zm\u00e9nyvezet\u0151t.<\/li>\n<li>Az int\u00e9zm\u00e9nyvezet\u0151 megtilthatja azoknak a tanul\u00f3knak az iskol\u00e1ba val\u00f3 bel\u00e9p\u00e9s\u00e9t, akiknek tanul\u00f3i jogviszonya s\u00falyos fegyelmi v\u00e9ts\u00e9g miatt sz\u0171nt meg. Az int\u00e9zm\u00e9nyvezet\u0151 ez ir\u00e1ny\u00fa int\u00e9zked\u00e9s\u00e9r\u0151l a port\u00e1sokat \u00edr\u00e1sban t\u00e1j\u00e9koztatja. Ha az \u00e9rintett tanul\u00f3 hivatalos \u00fcgyint\u00e9z\u00e9s c\u00e9lj\u00e1b\u00f3l keresi fel az iskol\u00e1t, a port\u00e1snak fel kell k\u00eds\u00e9rnie \u0151t a titk\u00e1rs\u00e1gra.<\/li>\n<\/ul>\n","protected":false},"excerpt":{"rendered":"<p>A tanul\u00f3k fogad\u00e1s\u00e1nak rendje, nyitva tart\u00e1s Az iskola heti 5 napos munkarendben m\u0171k\u00f6dik, h\u00e9tv\u00e9g\u00e9n, illetve a korm\u00e1nyrendeletben meghat\u00e1rozott \u00fcnnep- \u00e9s pihen\u0151napokon z\u00e1rva tart. Az iskola a pihen\u0151napokat \u2013 a fenntart\u00f3 j\u00f3v\u00e1hagy\u00e1s\u00e1val \u2013 pedag\u00f3giailag indokolt esetben az orsz\u00e1gost\u00f3l elt\u00e9r\u0151 id\u0151pontban \u00e1llap\u00edthatja meg a tan\u00e9v helyi rendj\u00e9ben, err\u0151l szeptember elej\u00e9n t\u00e1j\u00e9koztatni kell a sz\u00fcl\u0151ket, a tanul\u00f3kat \u00e9s &hellip;<\/p>\n","protected":false},"author":101934,"featured_media":0,"parent":546,"menu_order":8,"comment_status":"closed","ping_status":"closed","template":"","meta":{"_acf_changed":false,"footnotes":""},"categories":[],"tags":[],"class_list":["post-132","page","type-page","status-publish","hentry"],"acf":[],"_links":{"self":[{"href":"https:\/\/semmelweis.hu\/semmelweisiskola\/wp-json\/wp\/v2\/pages\/132","targetHints":{"allow":["GET"]}}],"collection":[{"href":"https:\/\/semmelweis.hu\/semmelweisiskola\/wp-json\/wp\/v2\/pages"}],"about":[{"href":"https:\/\/semmelweis.hu\/semmelweisiskola\/wp-json\/wp\/v2\/types\/page"}],"author":[{"embeddable":true,"href":"https:\/\/semmelweis.hu\/semmelweisiskola\/wp-json\/wp\/v2\/users\/101934"}],"replies":[{"embeddable":true,"href":"https:\/\/semmelweis.hu\/semmelweisiskola\/wp-json\/wp\/v2\/comments?post=132"}],"version-history":[{"count":4,"href":"https:\/\/semmelweis.hu\/semmelweisiskola\/wp-json\/wp\/v2\/pages\/132\/revisions"}],"predecessor-version":[{"id":830,"href":"https:\/\/semmelweis.hu\/semmelweisiskola\/wp-json\/wp\/v2\/pages\/132\/revisions\/830"}],"up":[{"embeddable":true,"href":"https:\/\/semmelweis.hu\/semmelweisiskola\/wp-json\/wp\/v2\/pages\/546"}],"wp:attachment":[{"href":"https:\/\/semmelweis.hu\/semmelweisiskola\/wp-json\/wp\/v2\/media?parent=132"}],"wp:term":[{"taxonomy":"category","embeddable":true,"href":"https:\/\/semmelweis.hu\/semmelweisiskola\/wp-json\/wp\/v2\/categories?post=132"},{"taxonomy":"post_tag","embeddable":true,"href":"https:\/\/semmelweis.hu\/semmelweisiskola\/wp-json\/wp\/v2\/tags?post=132"}],"curies":[{"name":"wp","href":"https:\/\/api.w.org\/{rel}","templated":true}]}}