{"id":169,"date":"2021-12-13T19:40:42","date_gmt":"2021-12-13T18:40:42","guid":{"rendered":"https:\/\/semmelweis.hu\/selye\/?page_id=169"},"modified":"2025-02-24T11:45:35","modified_gmt":"2025-02-24T10:45:35","slug":"jegyzokonyvek","status":"publish","type":"page","link":"https:\/\/semmelweis.hu\/selye\/rolunk\/dokumentumtar\/jegyzokonyvek\/","title":{"rendered":"Jegyz\u0151k\u00f6nyvek"},"content":{"rendered":"<p style=\"text-align: center\"><a href=\"https:\/\/drive.google.com\/drive\/folders\/1aTf6R8-bsvXEJ-QRbF9bEjXweIYOYl7u?usp=drive_link\"><strong>K\u00d6ZGY\u0170L\u00c9S JEGYZ\u0150K\u00d6NYVEK<\/strong><\/a><\/p>\n<p style=\"text-align: center\"><a href=\"https:\/\/drive.google.com\/drive\/folders\/1umBQ9Op_2yM4Ji3pt6DpkBV2F1JFZzII?usp=drive_link\"><strong>ELN\u00d6KS\u00c9G JEGYZ\u0150K\u00d6NYVEK<\/strong><\/a><\/p>\n","protected":false},"excerpt":{"rendered":"<p><a href=\"https:\/\/drive.google.com\/drive\/folders\/1aTf6R8-bsvXEJ-QRbF9bEjXweIYOYl7u?usp=drive_link\">K\u00d6ZGY\u0170L\u00c9S JEGYZ\u0150K\u00d6NYVEK<\/a><br \/>\n<a href=\"https:\/\/drive.google.com\/drive\/folders\/1umBQ9Op_2yM4Ji3pt6DpkBV2F1JFZzII?usp=drive_link\">ELN\u00d6KS\u00c9G JEGYZ\u0150K\u00d6NYVEK<\/a><\/p>\n","protected":false},"author":101158,"featured_media":0,"parent":45,"menu_order":0,"comment_status":"closed","ping_status":"closed","template":"","meta":{"_acf_changed":false,"footnotes":""},"categories":[],"tags":[],"class_list":["post-169","page","type-page","status-publish","hentry"],"acf":[],"_links":{"self":[{"href":"https:\/\/semmelweis.hu\/selye\/wp-json\/wp\/v2\/pages\/169","targetHints":{"allow":["GET"]}}],"collection":[{"href":"https:\/\/semmelweis.hu\/selye\/wp-json\/wp\/v2\/pages"}],"about":[{"href":"https:\/\/semmelweis.hu\/selye\/wp-json\/wp\/v2\/types\/page"}],"author":[{"embeddable":true,"href":"https:\/\/semmelweis.hu\/selye\/wp-json\/wp\/v2\/users\/101158"}],"replies":[{"embeddable":true,"href":"https:\/\/semmelweis.hu\/selye\/wp-json\/wp\/v2\/comments?post=169"}],"version-history":[{"count":10,"href":"https:\/\/semmelweis.hu\/selye\/wp-json\/wp\/v2\/pages\/169\/revisions"}],"predecessor-version":[{"id":937,"href":"https:\/\/semmelweis.hu\/selye\/wp-json\/wp\/v2\/pages\/169\/revisions\/937"}],"up":[{"embeddable":true,"href":"https:\/\/semmelweis.hu\/selye\/wp-json\/wp\/v2\/pages\/45"}],"wp:attachment":[{"href":"https:\/\/semmelweis.hu\/selye\/wp-json\/wp\/v2\/media?parent=169"}],"wp:term":[{"taxonomy":"category","embeddable":true,"href":"https:\/\/semmelweis.hu\/selye\/wp-json\/wp\/v2\/categories?post=169"},{"taxonomy":"post_tag","embeddable":true,"href":"https:\/\/semmelweis.hu\/selye\/wp-json\/wp\/v2\/tags?post=169"}],"curies":[{"name":"wp","href":"https:\/\/api.w.org\/{rel}","templated":true}]}}