{"id":9737,"date":"2026-09-02T14:21:27","date_gmt":"2026-09-02T12:21:27","guid":{"rendered":"https:\/\/semmelweis.hu\/sebeszet\/?page_id=9737"},"modified":"2026-09-02T14:24:03","modified_gmt":"2026-09-02T12:24:03","slug":"kegyeleti-ugyintezes","status":"publish","type":"page","link":"https:\/\/semmelweis.hu\/sebeszet\/kegyeleti-ugyintezes\/","title":{"rendered":"Kegyeleti \u00fcgyint\u00e9z\u00e9s"},"content":{"rendered":"<p style=\"text-align: justify\"><strong>Tisztelt Hozz\u00e1tartoz\u00f3!<\/strong><\/p>\n<p style=\"text-align: justify\"><strong>\u00a0<\/strong><\/p>\n<p style=\"text-align: justify\"><em>Engedj\u00e9k meg, hogy Klinik\u00e1nk vezet\u0151s\u00e9ge \u00e9s az \u00e9rintett oszt\u00e1ly dolgoz\u00f3i nev\u00e9ben kifejezz\u00fck legm\u00e9lyebb r\u00e9szv\u00e9t\u00fcnket \u00e9s \u0151szinte egy\u00fctt\u00e9rz\u00e9s\u00fcnket hozz\u00e1tartoz\u00f3juk hal\u00e1la miatt.<\/em><\/p>\n<p style=\"text-align: justify\"><em>Tudjuk, hogy a gy\u00e1sz \u00e9s a vesztes\u00e9g feldolgoz\u00e1sa rendk\u00edv\u00fcl neh\u00e9z id\u0151szak. <\/em><\/p>\n<p style=\"text-align: justify\"><em>Ezzel a t\u00e1j\u00e9koztat\u00f3val szeretn\u00e9nk \u00d6n\u00f6knek seg\u00edts\u00e9get ny\u00fajtani a k\u00f6vetkez\u0151 napok hivatalos \u00e9s gyakorlati teend\u0151inek int\u00e9z\u00e9s\u00e9ben, hogy ezzel is enyh\u00edts\u00fck az \u00d6n\u00f6kre nehezed\u0151 terheket.<\/em><\/p>\n<p>&nbsp;<\/p>\n<p style=\"text-align: justify\"><u>A tov\u00e1bbi hivatalos teend\u0151kr\u0151l fogadja el t\u00e1j\u00e9koztat\u00f3 dokumentumainkat, amelyeket level\u00fcnkh\u00f6z csatoltunk:<\/u><\/p>\n<ol style=\"text-align: justify\">\n<li>A \u201eT\u00e1j\u00e9koztat\u00f3 elhunytak hozz\u00e1tartoz\u00f3inak r\u00e9sz\u00e9re a sz\u00fcks\u00e9ges kegyeleti teend\u0151kr\u0151l\u201d c\u00edm\u0171 dokumentumot k\u00e9rj\u00fck, olvassa el figyelmesen.<\/li>\n<\/ol>\n<p style=\"text-align: justify\">Ebben, a hal\u00e1leset ut\u00e1ni gyakorlati teend\u0151ket (\u00fcgyint\u00e9z\u00e9s) foglalta \u00f6ssze a Pathol\u00f3giai Int\u00e9zet.<\/p>\n<p style=\"text-align: justify\"><strong>A halottvizsg\u00e1lati bizony\u00edtv\u00e1ny ki\u00e1ll\u00edt\u00e1s\u00e1t a Pathol\u00f3giai Int\u00e9zet v\u00e9gzi<\/strong>.<\/p>\n<p style=\"text-align: justify\">A kegyeleti \u00fcgyint\u00e9z\u00e9shez elegend\u0151k a patol\u00f3gi\u00e1n ki\u00e1ll\u00edtott dokumentumok.<\/p>\n<p style=\"text-align: justify\">(Pathol\u00f3giai Int\u00e9zet \u00fcgyf\u00e9lfogad\u00e1sa: el\u0151zetes\u00a0telefonos egyeztet\u00e9s\u00a0sz\u00fcks\u00e9ges a nyomtatv\u00e1nyon szerepl\u0151 telefonsz\u00e1mon).<\/p>\n<p style=\"text-align: justify\">\u00a0<\/p>\n<ol style=\"text-align: justify\" start=\"2\">\n<li>A \u201eK\u00f3rboncol\u00e1si mell\u0151z\u00e9si k\u00e9relem a Semmelweis Egyetem II. sz. Patol\u00f3giai Int\u00e9zete fel\u00e9\u201d c\u00edm\u0171 dokumentum.<\/li>\n<\/ol>\n<p style=\"text-align: justify\">\u00d6nnek lehet\u0151s\u00e9ge van k\u00f3rboncol\u00e1s mell\u0151z\u00e9si k\u00e9relem beny\u00fajt\u00e1s\u00e1ra, melyhez ki kell t\u00f6ltenie ezt a dokumentumot.<\/p>\n<p style=\"text-align: justify\"><u>Kit\u00f6lt\u00e9si seg\u00e9dlet:<\/u><\/p>\n<p style=\"text-align: justify\"><strong>A nyomtatv\u00e1ny fels\u0151 r\u00e9sz\u00e9t (els\u0151 bekezd\u00e9s) \u00d6nnek, mint hozz\u00e1tartoz\u00f3nak kell kit\u00f6ltenie:<\/strong><\/p>\n<ul style=\"text-align: justify\">\n<li>Az els\u0151 sorba &#8211; az elhunyt hozz\u00e1tartoz\u00f3j\u00e1nak a nev\u00e9t kell be\u00edrnia.<\/li>\n<li>A m\u00e1sodik sorba &#8211; az elhunyttal val\u00f3 rokons\u00e1gi fokot (pl: f\u00e9rj \/ feles\u00e9g; sz\u00fcl\u0151; gyermek; testv\u00e9r; \u00e9lett\u00e1rs, stb.) kell be\u00edrnia.<\/li>\n<li>A harmadik sorba a Klinika nev\u00e9t kell be\u00edrnia &#8211; ami jelen esetben itt &#8211; ST\u00e9G vagy Seb\u00e9szeti, Transzplant\u00e1ci\u00f3s \u00e9s Gasztroenterol\u00f3giai Klinika, illetve a hozz\u00e1tartoz\u00f3j\u00e1nak az elhal\u00e1loz\u00e1si d\u00e1tum\u00e1t.<\/li>\n<li>A d\u00e1tumoz\u00e1s alatti sorba az \u00d6n szem\u00e9lyi igazolv\u00e1ny sz\u00e1m\u00e1t (illetve egy\u00e9b azonos\u00edt\u00f3 adat) kell be\u00edrnia.<\/li>\n<li>A k\u00e9relem vonal alatti r\u00e9sz\u00e9t (Klinikai v\u00e9lem\u00e9ny) a Klinika Igazgat\u00f3ja, illetve a Patol\u00f3gus (Pathol\u00f3giai v\u00e9lem\u00e9ny) fogja kit\u00f6lteni.<\/li>\n<\/ul>\n<p style=\"text-align: justify\">A k\u00e9relem elb\u00edr\u00e1l\u00e1sa (enged\u00e9lyez\u00e9s vagy elutas\u00edt\u00e1s) a Klinika \u00e9s Patol\u00f3giai Int\u00e9zet v\u00e9lem\u00e9nyei alapj\u00e1n t\u00f6rt\u00e9nik.<\/p>\n<ul style=\"text-align: justify\">\n<li>A kit\u00f6lt\u00f6tt dokumentumot leadhatja szem\u00e9lyesen a Klinika Irod\u00e1n, az elhal\u00e1loz\u00e1st k\u00f6vet\u0151 els\u0151 munkanapon, munkaid\u0151ben 7:00\u201314:00 \u00f3r\u00e1ig. C\u00edm: ST\u00e9G Klinika, Klinika Iroda- \u00dcll\u0151i \u00fat 78. f\u00f6ldszint- f\u0151bej\u00e1rattal szemben, <span style=\"font-size: 1rem\">vagy a kit\u00f6lt\u00f6tt k\u00e9relmet elk\u00fcldheti <\/span><strong style=\"font-size: 1rem\">elektronikus form\u00e1ban <\/strong><span style=\"font-size: 1rem\">is az al\u00e1bbi email c\u00edmre: <\/span><a href=\"mailto:steg@semmelweis.hu\">steg@semmelweis.hu<\/a><\/li>\n<\/ul>\n<p style=\"text-align: justify\">\u00a0<\/p>\n<p style=\"text-align: justify\">Amennyiben nem szeretne k\u00f3rboncol\u00e1si mell\u0151z\u00e9st k\u00e9rni, akkor a 2. sz\u00e1m\u00fa dokumentummal teend\u0151je nincsen.<\/p>\n<p style=\"text-align: justify\">\u00a0<\/p>\n<p style=\"text-align: justify\">Ha tov\u00e1bbi k\u00e9rd\u00e9se mer\u00fclne fel a <strong>halotti \u00fcgyint\u00e9z\u00e9ssel<\/strong> kapcsolatban, h\u00e9tf\u0151t\u0151l &#8211; p\u00e9ntekig munkaid\u0151ben (8:00-14:00) szem\u00e9lyesen k\u00e9rhet seg\u00edts\u00e9get a ST\u00e9G Klinika Iroda munkat\u00e1rsait\u00f3l, vagy telefonon, az k\u00f6vetkez\u0151 telefonsz\u00e1mon: +36 20 825 9020 (H-P 8:00-14:00)<\/p>\n<p style=\"text-align: justify\">\u00a0<\/p>\n<p style=\"text-align: justify\"><strong><u>Felh\u00edvjuk figyelm\u00e9t, hogy a halotti z\u00e1r\u00f3jelent\u00e9s vagy egy\u00e9b eg\u00e9szs\u00e9g\u00fcgyi dokument\u00e1ci\u00f3 kiad\u00e1s\u00e1ra az \u00e9rintett oszt\u00e1lyon, illetve a Klinika Irod\u00e1n nincs lehet\u0151s\u00e9g. <\/u><\/strong><\/p>\n<p style=\"text-align: justify\"><strong>\u00a0<\/strong><\/p>\n<p style=\"text-align: justify\"><strong>Amennyiben \u00d6nnek, az elhunyt eg\u00e9szs\u00e9g\u00fcgyi dokument\u00e1ci\u00f3j\u00e1nak m\u00e1solat\u00e1ra van sz\u00fcks\u00e9ge, akkor azt csak hivatalos \u00faton tudja kik\u00e9rni az al\u00e1bbi linken tal\u00e1lhat\u00f3 formanyomtatv\u00e1nyon:<\/strong><\/p>\n<blockquote class=\"wp-embedded-content\" data-secret=\"SLkwkfEwL9\"><p><a href=\"https:\/\/semmelweis.hu\/jogigfoig\/adatvedelem-betegjog\/betegdokumentacio-kikeres\/\">Betegdokument\u00e1ci\u00f3 kik\u00e9r\u00e9s<\/a><\/p><\/blockquote>\n<p><iframe loading=\"lazy\" class=\"wp-embedded-content\" sandbox=\"allow-scripts\" security=\"restricted\" style=\"position: absolute; visibility: hidden;\" title=\"&#8220;Betegdokument\u00e1ci\u00f3 kik\u00e9r\u00e9s&#8221; &#8212; Jogi \u00e9s Igazgat\u00e1si F\u0151igazgat\u00f3s\u00e1g\" src=\"https:\/\/semmelweis.hu\/jogigfoig\/adatvedelem-betegjog\/betegdokumentacio-kikeres\/embed\/#?secret=VMnRMVl5PG#?secret=SLkwkfEwL9\" data-secret=\"SLkwkfEwL9\" width=\"600\" height=\"338\" frameborder=\"0\" marginwidth=\"0\" marginheight=\"0\" scrolling=\"no\"><\/iframe><\/p>\n<p style=\"text-align: justify\">\u00a0<\/p>\n<p style=\"text-align: justify\">A kegyeleti \u00fcgyint\u00e9z\u00e9sr\u0151l tov\u00e1bbi inform\u00e1ci\u00f3t tal\u00e1lhatnak a Patol\u00f3giai, Igazs\u00e1g\u00fcgyi \u00e9s Biztos\u00edt\u00e1si Orvostani Int\u00e9zet honlapj\u00e1n:<\/p>\n<blockquote class=\"wp-embedded-content\" data-secret=\"Q6HN2wjiw9\"><p><a href=\"https:\/\/semmelweis.hu\/patologia2\/kegyeleti-ugyintezes\/\">Kegyeleti \u00fcgyint\u00e9z\u00e9s<\/a><\/p><\/blockquote>\n<p><iframe loading=\"lazy\" class=\"wp-embedded-content\" sandbox=\"allow-scripts\" security=\"restricted\" style=\"position: absolute; visibility: hidden;\" title=\"&#8220;Kegyeleti \u00fcgyint\u00e9z\u00e9s&#8221; &#8212; Patol\u00f3giai, Igazs\u00e1g\u00fcgyi \u00e9s Biztos\u00edt\u00e1si Orvostani Int\u00e9zet\" src=\"https:\/\/semmelweis.hu\/patologia2\/kegyeleti-ugyintezes\/embed\/#?secret=8OyqBwUtMW#?secret=Q6HN2wjiw9\" data-secret=\"Q6HN2wjiw9\" width=\"600\" height=\"338\" frameborder=\"0\" marginwidth=\"0\" marginheight=\"0\" scrolling=\"no\"><\/iframe><\/p>\n<p style=\"text-align: justify\">\u00a0<\/p>\n<p style=\"text-align: justify\">Budapest, 2026. augusztus\u00a0\u00a0\u00a0\u00a0\u00a0\u00a0\u00a0\u00a0\u00a0\u00a0\u00a0\u00a0\u00a0\u00a0\u00a0\u00a0\u00a0\u00a0\u00a0\u00a0\u00a0\u00a0\u00a0\u00a0\u00a0\u00a0\u00a0\u00a0\u00a0\u00a0\u00a0\u00a0\u00a0\u00a0\u00a0\u00a0\u00a0\u00a0\u00a0\u00a0\u00a0\u00a0\u00a0\u00a0\u00a0\u00a0\u00a0\u00a0\u00a0\u00a0\u00a0\u00a0\u00a0\u00a0\u00a0\u00a0\u00a0\u00a0\u00a0\u00a0\u00a0\u00a0\u00a0\u00a0\u00a0\u00a0\u00a0\u00a0\u00a0\u00a0\u00a0\u00a0\u00a0\u00a0\u00a0\u00a0\u00a0\u00a0\u00a0\u00a0\u00a0\u00a0\u00a0\u00a0 ST\u00e9G<\/p>\n","protected":false},"excerpt":{"rendered":"<p>Tisztelt Hozz\u00e1tartoz\u00f3! \u00a0 Engedj\u00e9k meg, hogy Klinik\u00e1nk vezet\u0151s\u00e9ge \u00e9s az \u00e9rintett oszt\u00e1ly dolgoz\u00f3i nev\u00e9ben kifejezz\u00fck legm\u00e9lyebb r\u00e9szv\u00e9t\u00fcnket \u00e9s \u0151szinte egy\u00fctt\u00e9rz\u00e9s\u00fcnket hozz\u00e1tartoz\u00f3juk hal\u00e1la miatt. Tudjuk, hogy a gy\u00e1sz \u00e9s a vesztes\u00e9g feldolgoz\u00e1sa rendk\u00edv\u00fcl neh\u00e9z id\u0151szak. Ezzel a t\u00e1j\u00e9koztat\u00f3val szeretn\u00e9nk \u00d6n\u00f6knek seg\u00edts\u00e9get ny\u00fajtani a k\u00f6vetkez\u0151 napok hivatalos \u00e9s gyakorlati teend\u0151inek int\u00e9z\u00e9s\u00e9ben, hogy ezzel is enyh\u00edts\u00fck az \u00d6n\u00f6kre &hellip;<\/p>\n","protected":false},"author":102261,"featured_media":0,"parent":0,"menu_order":0,"comment_status":"closed","ping_status":"closed","template":"template-fullwidth.php","meta":{"_acf_changed":false,"footnotes":""},"categories":[],"tags":[],"class_list":["post-9737","page","type-page","status-publish","hentry"],"acf":[],"_links":{"self":[{"href":"https:\/\/semmelweis.hu\/sebeszet\/wp-json\/wp\/v2\/pages\/9737","targetHints":{"allow":["GET"]}}],"collection":[{"href":"https:\/\/semmelweis.hu\/sebeszet\/wp-json\/wp\/v2\/pages"}],"about":[{"href":"https:\/\/semmelweis.hu\/sebeszet\/wp-json\/wp\/v2\/types\/page"}],"author":[{"embeddable":true,"href":"https:\/\/semmelweis.hu\/sebeszet\/wp-json\/wp\/v2\/users\/102261"}],"replies":[{"embeddable":true,"href":"https:\/\/semmelweis.hu\/sebeszet\/wp-json\/wp\/v2\/comments?post=9737"}],"version-history":[{"count":3,"href":"https:\/\/semmelweis.hu\/sebeszet\/wp-json\/wp\/v2\/pages\/9737\/revisions"}],"predecessor-version":[{"id":9740,"href":"https:\/\/semmelweis.hu\/sebeszet\/wp-json\/wp\/v2\/pages\/9737\/revisions\/9740"}],"wp:attachment":[{"href":"https:\/\/semmelweis.hu\/sebeszet\/wp-json\/wp\/v2\/media?parent=9737"}],"wp:term":[{"taxonomy":"category","embeddable":true,"href":"https:\/\/semmelweis.hu\/sebeszet\/wp-json\/wp\/v2\/categories?post=9737"},{"taxonomy":"post_tag","embeddable":true,"href":"https:\/\/semmelweis.hu\/sebeszet\/wp-json\/wp\/v2\/tags?post=9737"}],"curies":[{"name":"wp","href":"https:\/\/api.w.org\/{rel}","templated":true}]}}

Kegyeleti ügyintézés

<p style="text-align: justify"><strong>Tisztelt Hozzátartozó!</strong></p>
<p style="text-align: justify"><strong> </strong></p>
<p style="text-align: justify"><em>Engedjék meg, hogy Klinikánk vezetősége és az érintett osztály dolgozói nevében kifejezzük legmélyebb részvétünket és őszinte együttérzésünket hozzátartozójuk halála miatt.</em></p>
<p style="text-align: justify"><em>Tudjuk, hogy a gyász és a veszteség feldolgozása rendkívül nehéz időszak. </em></p>
<p style="text-align: justify"><em>Ezzel a tájékoztatóval szeretnénk Önöknek segítséget nyújtani a következő napok hivatalos és gyakorlati teendőinek intézésében, hogy ezzel is enyhítsük az Önökre nehezedő terheket.</em></p>
<p>&nbsp;</p>
<p style="text-align: justify"><u>A további hivatalos teendőkről fogadja el tájékoztató dokumentumainkat, amelyeket levelünkhöz csatoltunk:</u></p>
<ol style="text-align: justify">
<li>A „Tájékoztató elhunytak hozzátartozóinak részére a szükséges kegyeleti teendőkről” című dokumentumot kérjük, olvassa el figyelmesen.</li>
</ol>
<p style="text-align: justify">Ebben, a haláleset utáni gyakorlati teendőket (ügyintézés) foglalta össze a Pathológiai Intézet.</p>
<p style="text-align: justify"><strong>A halottvizsgálati bizonyítvány kiállítását a Pathológiai Intézet végzi</strong>.</p>
<p style="text-align: justify">A kegyeleti ügyintézéshez elegendők a patológián kiállított dokumentumok.</p>
<p style="text-align: justify">(Pathológiai Intézet ügyfélfogadása: előzetes telefonos egyeztetés szükséges a nyomtatványon szereplő telefonszámon).</p>
<p style="text-align: justify"> </p>
<ol style="text-align: justify" start="2">
<li>A „Kórboncolási mellőzési kérelem a Semmelweis Egyetem II. sz. Patológiai Intézete felé” című dokumentum.</li>
</ol>
<p style="text-align: justify">Önnek lehetősége van kórboncolás mellőzési kérelem benyújtására, melyhez ki kell töltenie ezt a dokumentumot.</p>
<p style="text-align: justify"><u>Kitöltési segédlet:</u></p>
<p style="text-align: justify"><strong>A nyomtatvány felső részét (első bekezdés) Önnek, mint hozzátartozónak kell kitöltenie:</strong></p>
<ul style="text-align: justify">
<li>Az első sorba &#8211; az elhunyt hozzátartozójának a nevét kell beírnia.</li>
<li>A második sorba &#8211; az elhunyttal való rokonsági fokot (pl: férj / feleség; szülő; gyermek; testvér; élettárs, stb.) kell beírnia.</li>
<li>A harmadik sorba a Klinika nevét kell beírnia &#8211; ami jelen esetben itt &#8211; STéG vagy Sebészeti, Transzplantációs és Gasztroenterológiai Klinika, illetve a hozzátartozójának az elhalálozási dátumát.</li>
<li>A dátumozás alatti sorba az Ön személyi igazolvány számát (illetve egyéb azonosító adat) kell beírnia.</li>
<li>A kérelem vonal alatti részét (Klinikai vélemény) a Klinika Igazgatója, illetve a Patológus (Pathológiai vélemény) fogja kitölteni.</li>
</ul>
<p style="text-align: justify">A kérelem elbírálása (engedélyezés vagy elutasítás) a Klinika és Patológiai Intézet véleményei alapján történik.</p>
<ul style="text-align: justify">
<li>A kitöltött dokumentumot leadhatja személyesen a Klinika Irodán, az elhalálozást követő első munkanapon, munkaidőben 7:00–14:00 óráig. Cím: STéG Klinika, Klinika Iroda- Üllői út 78. földszint- főbejárattal szemben, <span style="font-size: 1rem">vagy a kitöltött kérelmet elküldheti </span><strong style="font-size: 1rem">elektronikus formában </strong><span style="font-size: 1rem">is az alábbi email címre: </span><a href="mailto:steg@semmelweis.hu">steg@semmelweis.hu</a></li>
</ul>
<p style="text-align: justify"> </p>
<p style="text-align: justify">Amennyiben nem szeretne kórboncolási mellőzést kérni, akkor a 2. számú dokumentummal teendője nincsen.</p>
<p style="text-align: justify"> </p>
<p style="text-align: justify">Ha további kérdése merülne fel a <strong>halotti ügyintézéssel</strong> kapcsolatban, hétfőtől &#8211; péntekig munkaidőben (8:00-14:00) személyesen kérhet segítséget a STéG Klinika Iroda munkatársaitól, vagy telefonon, az következő telefonszámon: +36 20 825 9020 (H-P 8:00-14:00)</p>
<p style="text-align: justify"> </p>
<p style="text-align: justify"><strong><u>Felhívjuk figyelmét, hogy a halotti zárójelentés vagy egyéb egészségügyi dokumentáció kiadására az érintett osztályon, illetve a Klinika Irodán nincs lehetőség. </u></strong></p>
<p style="text-align: justify"><strong> </strong></p>
<p style="text-align: justify"><strong>Amennyiben Önnek, az elhunyt egészségügyi dokumentációjának másolatára van szüksége, akkor azt csak hivatalos úton tudja kikérni az alábbi linken található formanyomtatványon:</strong></p>
<blockquote class="wp-embedded-content" data-secret="SLkwkfEwL9"><p><a href="https://semmelweis.hu/jogigfoig/adatvedelem-betegjog/betegdokumentacio-kikeres/">Betegdokumentáció kikérés</a></p></blockquote>
<p><iframe loading="lazy" class="wp-embedded-content" sandbox="allow-scripts" security="restricted" style="position: absolute; visibility: hidden;" title="&#8220;Betegdokumentáció kikérés&#8221; &#8212; Jogi és Igazgatási Főigazgatóság" src="https://semmelweis.hu/jogigfoig/adatvedelem-betegjog/betegdokumentacio-kikeres/embed/#?secret=VMnRMVl5PG#?secret=SLkwkfEwL9" data-secret="SLkwkfEwL9" width="600" height="338" frameborder="0" marginwidth="0" marginheight="0" scrolling="no"></iframe></p>
<p style="text-align: justify"> </p>
<p style="text-align: justify">A kegyeleti ügyintézésről további információt találhatnak a Patológiai, Igazságügyi és Biztosítási Orvostani Intézet honlapján:</p>
<blockquote class="wp-embedded-content" data-secret="Q6HN2wjiw9"><p><a href="https://semmelweis.hu/patologia2/kegyeleti-ugyintezes/">Kegyeleti ügyintézés</a></p></blockquote>
<p><iframe loading="lazy" class="wp-embedded-content" sandbox="allow-scripts" security="restricted" style="position: absolute; visibility: hidden;" title="&#8220;Kegyeleti ügyintézés&#8221; &#8212; Patológiai, Igazságügyi és Biztosítási Orvostani Intézet" src="https://semmelweis.hu/patologia2/kegyeleti-ugyintezes/embed/#?secret=8OyqBwUtMW#?secret=Q6HN2wjiw9" data-secret="Q6HN2wjiw9" width="600" height="338" frameborder="0" marginwidth="0" marginheight="0" scrolling="no"></iframe></p>
<p style="text-align: justify"> </p>
<p style="text-align: justify">Budapest, 2026. augusztus                                                                                     STéG</p>

<p>Tisztelt Hozzátartozó!   Engedjék meg, hogy Klinikánk vezetősége és az érintett osztály dolgozói nevében kifejezzük legmélyebb részvétünket és őszinte együttérzésünket hozzátartozójuk halála miatt. Tudjuk, hogy a gyász és a veszteség feldolgozása rendkívül nehéz időszak. Ezzel a tájékoztatóval szeretnénk Önöknek segítséget nyújtani a következő napok hivatalos és gyakorlati teendőinek intézésében, hogy ezzel is enyhítsük az Önökre &hellip;</p>
