{"id":9721,"date":"2026-09-02T13:52:39","date_gmt":"2026-09-02T11:52:39","guid":{"rendered":"https:\/\/semmelweis.hu\/sebeszet\/?page_id=9721"},"modified":"2026-09-02T13:56:13","modified_gmt":"2026-09-02T11:56:13","slug":"eeszt-e-beutalo","status":"publish","type":"page","link":"https:\/\/semmelweis.hu\/sebeszet\/betegellatas\/sebeszet-2\/eeszt-e-beutalo\/","title":{"rendered":"EESZT e-beutal\u00f3"},"content":{"rendered":"<p style=\"text-align: center\"><span style=\"font-size: 18pt\"><strong>BETEGT\u00c1J\u00c9KOZTAT\u00d3- EESZT el\u0151jegyz\u00e9si id\u0151pont e-beutal\u00f3val<\/strong><\/span><\/p>\n<p style=\"text-align: center\"><strong>\u00a0<\/strong><\/p>\n<p style=\"text-align: center\"><strong>Tisztelt Betegeink!<\/strong><\/p>\n<p style=\"text-align: center\">Elektronikus Eg\u00e9szs\u00e9g\u00fcgyi Szolg\u00e1ltat\u00e1si T\u00e9rben (EESZT) r\u00f6gz\u00edtett szakorvosi ell\u00e1t\u00e1sra vonatkoz\u00f3 id\u0151pontfoglal\u00e1sa sikeresen megt\u00f6rt\u00e9nt.<\/p>\n<p style=\"text-align: center\">K\u00e9rj\u00fck, hogy a z\u00f6kken\u0151mentes betegell\u00e1t\u00e1s \u00e9s a v\u00e1rakoz\u00e1si id\u0151 minimaliz\u00e1l\u00e1sa \u00e9rdek\u00e9ben figyelmesen olvassa el az al\u00e1bbi t\u00e1j\u00e9koztat\u00e1st:<\/p>\n<p style=\"text-align: center\"><strong>Az EESZT rendszerben szerepl\u0151 el\u0151jegyz\u00e9si id\u0151pont- az \u00d6nt ell\u00e1t\u00f3 int\u00e9zm\u00e9nybe val\u00f3 meg\u00e9rkez\u00e9s\u00e9nek az ideje. <\/strong><\/p>\n<p style=\"text-align: center\"><strong>Az el\u0151jegyz\u00e9si id\u0151, az az id\u0151pont, amikor \u00d6nnek m\u00e1r az ell\u00e1t\u00f3 int\u00e9zm\u00e9nybe bejelentkezve, k\u00e9szen kell \u00e1llnia a vizsg\u00e1latra. <\/strong><\/p>\n<p style=\"text-align: center\"><strong>Felh\u00edvjuk sz\u00edves figyelm\u00e9t, hogy a megadott id\u0151pont nem a vizsg\u00e1l\u00f3helys\u00e9gbe val\u00f3 beh\u00edv\u00e1s pontos ideje. <\/strong><\/p>\n<p style=\"text-align: center\">Az orvosi vizsg\u00e1latok id\u0151tartama a betegek eg\u00e9szs\u00e9gi \u00e1llapot\u00e1t\u00f3l \u00e9s a sz\u00fcks\u00e9ges beavatkoz\u00e1sok \u00f6sszetetts\u00e9g\u00e9t\u0151l f\u00fcgg\u0151en v\u00e1ltozhat.<\/p>\n<p style=\"text-align: center\">Emiatt a beh\u00edv\u00e1s cs\u00faszhat, vagy s\u00fcrg\u0151s esetek miatt a sorrend m\u00f3dosulhat.<\/p>\n<p style=\"text-align: center\"><strong>B\u00e1rmilyen <\/strong><strong>szakell\u00e1t\u00e1s sor\u00e1n a beh\u00edv\u00e1s sorrendj\u00e9t nem az el\u0151jegyz\u00e9si id\u0151pontja, hanem az\u00a0orvosszakmai priorit\u00e1s\u00a0hat\u00e1rozza meg. <\/strong><\/p>\n<p style=\"text-align: center\"><strong>K\u00e9rj\u00fck sz\u00edves meg\u00e9rt\u00e9s\u00e9t abban, hogy a gy\u00f3gy\u00edt\u00f3 munka sor\u00e1n a szakmai protokollok \u00e9s a betegbiztons\u00e1g\u00a0megel\u0151zik az adminisztrat\u00edv el\u0151jegyz\u00e9si sorrendet. <\/strong><\/p>\n<p style=\"text-align: center\"><em>\u201eJelen betegt\u00e1j\u00e9koztat\u00f3 a v\u00e1r\u00f3lista-sorrend kialak\u00edt\u00e1s\u00e1nak \u00e9s az elt\u00e9r\u00e9s lehet\u0151s\u00e9g\u00e9nek eg\u00e9szs\u00e9g\u00fcgyi szakmai felt\u00e9teleir\u0151l sz\u00f3l\u00f3 45\/2006. (XII. 27.) E\u00fcM rendelet 2\u20134. \u00a7-a alapj\u00e1n k\u00e9sz\u00fclt.\u201d<\/em><\/p>\n<p style=\"text-align: center\">Budapest, 2026. augusztus\u00a0\u00a0\u00a0\u00a0\u00a0\u00a0\u00a0\u00a0\u00a0\u00a0\u00a0\u00a0\u00a0\u00a0\u00a0\u00a0\u00a0\u00a0\u00a0\u00a0\u00a0\u00a0\u00a0\u00a0\u00a0\u00a0\u00a0\u00a0\u00a0\u00a0\u00a0\u00a0\u00a0\u00a0\u00a0\u00a0\u00a0\u00a0\u00a0\u00a0\u00a0\u00a0\u00a0\u00a0\u00a0\u00a0\u00a0\u00a0\u00a0\u00a0\u00a0\u00a0\u00a0\u00a0\u00a0\u00a0\u00a0\u00a0\u00a0\u00a0\u00a0\u00a0\u00a0\u00a0\u00a0\u00a0\u00a0\u00a0\u00a0\u00a0\u00a0\u00a0\u00a0\u00a0\u00a0\u00a0\u00a0 ST\u00e9G<\/p>\n","protected":false},"excerpt":{"rendered":"<p>BETEGT\u00c1J\u00c9KOZTAT\u00d3- EESZT el\u0151jegyz\u00e9si id\u0151pont e-beutal\u00f3val \u00a0 Tisztelt Betegeink! Elektronikus Eg\u00e9szs\u00e9g\u00fcgyi Szolg\u00e1ltat\u00e1si T\u00e9rben (EESZT) r\u00f6gz\u00edtett szakorvosi ell\u00e1t\u00e1sra vonatkoz\u00f3 id\u0151pontfoglal\u00e1sa sikeresen megt\u00f6rt\u00e9nt. K\u00e9rj\u00fck, hogy a z\u00f6kken\u0151mentes betegell\u00e1t\u00e1s \u00e9s a v\u00e1rakoz\u00e1si id\u0151 minimaliz\u00e1l\u00e1sa \u00e9rdek\u00e9ben figyelmesen olvassa el az al\u00e1bbi t\u00e1j\u00e9koztat\u00e1st: Az EESZT rendszerben szerepl\u0151 el\u0151jegyz\u00e9si id\u0151pont- az \u00d6nt ell\u00e1t\u00f3 int\u00e9zm\u00e9nybe val\u00f3 meg\u00e9rkez\u00e9s\u00e9nek az ideje. Az el\u0151jegyz\u00e9si id\u0151, az &hellip;<\/p>\n","protected":false},"author":102261,"featured_media":0,"parent":5592,"menu_order":3,"comment_status":"closed","ping_status":"closed","template":"","meta":{"_acf_changed":false,"footnotes":""},"categories":[],"tags":[],"class_list":["post-9721","page","type-page","status-publish","hentry"],"acf":[],"_links":{"self":[{"href":"https:\/\/semmelweis.hu\/sebeszet\/wp-json\/wp\/v2\/pages\/9721","targetHints":{"allow":["GET"]}}],"collection":[{"href":"https:\/\/semmelweis.hu\/sebeszet\/wp-json\/wp\/v2\/pages"}],"about":[{"href":"https:\/\/semmelweis.hu\/sebeszet\/wp-json\/wp\/v2\/types\/page"}],"author":[{"embeddable":true,"href":"https:\/\/semmelweis.hu\/sebeszet\/wp-json\/wp\/v2\/users\/102261"}],"replies":[{"embeddable":true,"href":"https:\/\/semmelweis.hu\/sebeszet\/wp-json\/wp\/v2\/comments?post=9721"}],"version-history":[{"count":4,"href":"https:\/\/semmelweis.hu\/sebeszet\/wp-json\/wp\/v2\/pages\/9721\/revisions"}],"predecessor-version":[{"id":9726,"href":"https:\/\/semmelweis.hu\/sebeszet\/wp-json\/wp\/v2\/pages\/9721\/revisions\/9726"}],"up":[{"embeddable":true,"href":"https:\/\/semmelweis.hu\/sebeszet\/wp-json\/wp\/v2\/pages\/5592"}],"wp:attachment":[{"href":"https:\/\/semmelweis.hu\/sebeszet\/wp-json\/wp\/v2\/media?parent=9721"}],"wp:term":[{"taxonomy":"category","embeddable":true,"href":"https:\/\/semmelweis.hu\/sebeszet\/wp-json\/wp\/v2\/categories?post=9721"},{"taxonomy":"post_tag","embeddable":true,"href":"https:\/\/semmelweis.hu\/sebeszet\/wp-json\/wp\/v2\/tags?post=9721"}],"curies":[{"name":"wp","href":"https:\/\/api.w.org\/{rel}","templated":true}]}}

EESZT e-beutaló

<p style="text-align: center"><span style="font-size: 18pt"><strong>BETEGTÁJÉKOZTATÓ- EESZT előjegyzési időpont e-beutalóval</strong></span></p>
<p style="text-align: center"><strong> </strong></p>
<p style="text-align: center"><strong>Tisztelt Betegeink!</strong></p>
<p style="text-align: center">Elektronikus Egészségügyi Szolgáltatási Térben (EESZT) rögzített szakorvosi ellátásra vonatkozó időpontfoglalása sikeresen megtörtént.</p>
<p style="text-align: center">Kérjük, hogy a zökkenőmentes betegellátás és a várakozási idő minimalizálása érdekében figyelmesen olvassa el az alábbi tájékoztatást:</p>
<p style="text-align: center"><strong>Az EESZT rendszerben szereplő előjegyzési időpont- az Önt ellátó intézménybe való megérkezésének az ideje. </strong></p>
<p style="text-align: center"><strong>Az előjegyzési idő, az az időpont, amikor Önnek már az ellátó intézménybe bejelentkezve, készen kell állnia a vizsgálatra. </strong></p>
<p style="text-align: center"><strong>Felhívjuk szíves figyelmét, hogy a megadott időpont nem a vizsgálóhelységbe való behívás pontos ideje. </strong></p>
<p style="text-align: center">Az orvosi vizsgálatok időtartama a betegek egészségi állapotától és a szükséges beavatkozások összetettségétől függően változhat.</p>
<p style="text-align: center">Emiatt a behívás csúszhat, vagy sürgős esetek miatt a sorrend módosulhat.</p>
<p style="text-align: center"><strong>Bármilyen </strong><strong>szakellátás során a behívás sorrendjét nem az előjegyzési időpontja, hanem az orvosszakmai prioritás határozza meg. </strong></p>
<p style="text-align: center"><strong>Kérjük szíves megértését abban, hogy a gyógyító munka során a szakmai protokollok és a betegbiztonság megelőzik az adminisztratív előjegyzési sorrendet. </strong></p>
<p style="text-align: center"><em>„Jelen betegtájékoztató a várólista-sorrend kialakításának és az eltérés lehetőségének egészségügyi szakmai feltételeiről szóló 45/2006. (XII. 27.) EüM rendelet 2–4. §-a alapján készült.”</em></p>
<p style="text-align: center">Budapest, 2026. augusztus                                                                              STéG</p>

<p>BETEGTÁJÉKOZTATÓ- EESZT előjegyzési időpont e-beutalóval   Tisztelt Betegeink! Elektronikus Egészségügyi Szolgáltatási Térben (EESZT) rögzített szakorvosi ellátásra vonatkozó időpontfoglalása sikeresen megtörtént. Kérjük, hogy a zökkenőmentes betegellátás és a várakozási idő minimalizálása érdekében figyelmesen olvassa el az alábbi tájékoztatást: Az EESZT rendszerben szereplő előjegyzési időpont- az Önt ellátó intézménybe való megérkezésének az ideje. Az előjegyzési idő, az &hellip;</p>
