{"id":96,"date":"2015-09-18T00:00:00","date_gmt":"1970-01-01T00:00:00","guid":{"rendered":"http:\/\/semmelweis.hu\/sebeszet1\/kepek\/"},"modified":"2020-12-03T15:06:15","modified_gmt":"2020-12-03T14:06:15","slug":"a-maria-utcai-klinika","status":"publish","type":"page","link":"https:\/\/semmelweis.hu\/sebeszet\/a-klinikarol\/a-xvii-szazadtol-napjainkig\/klinika-epuletei\/a-maria-utcai-klinika\/","title":{"rendered":"M\u00e1ria utcai \u00e9p\u00fclet (1877-1909)"},"content":{"rendered":"<table style=\"width: 57.3663%\" cellspacing=\"5\" cellpadding=\"5\">\n<tbody>\n<tr>\n<td style=\"width: 33.2056%;text-align: center\"><a href=\"\/sebeszet1\/files\/images\/tort1.jpg\"><img loading=\"lazy\" decoding=\"async\" class=\"\" src=\"\/sebeszet1\/files\/images\/tort1.jpg\" alt=\"\" width=\"210\" height=\"191\" \/><\/a><\/td>\n<td style=\"width: 33.3333%;text-align: center\"><a href=\"\/sebeszet1\/files\/images\/tort2.jpg\"><img loading=\"lazy\" decoding=\"async\" class=\"\" src=\"\/sebeszet1\/files\/images\/tort2.jpg\" alt=\"\" width=\"210\" height=\"156\" \/><\/a><\/td>\n<td style=\"width: 33.3333%;text-align: center\"><a href=\"\/sebeszet1\/files\/images\/tort3.jpg\"><img loading=\"lazy\" decoding=\"async\" class=\"\" src=\"\/sebeszet1\/files\/images\/tort3.jpg\" alt=\"\" width=\"210\" height=\"161\" \/><\/a><\/td>\n<\/tr>\n<tr>\n<td style=\"width: 33.2056%;text-align: center\"><a href=\"\/sebeszet1\/files\/images\/tort4.jpg\"><img loading=\"lazy\" decoding=\"async\" class=\"\" src=\"\/sebeszet1\/files\/images\/tort4.jpg\" alt=\"\" width=\"210\" height=\"156\" \/><\/a><\/td>\n<td style=\"width: 33.3333%;text-align: center\"><a href=\"\/sebeszet1\/files\/images\/tort5.jpg\"><img loading=\"lazy\" decoding=\"async\" class=\"\" src=\"\/sebeszet1\/files\/images\/tort5.jpg\" alt=\"\" width=\"210\" height=\"154\" \/><\/a><\/td>\n<td style=\"width: 33.3333%;text-align: center\"><a href=\"\/sebeszet1\/files\/images\/tort6.jpg\"><img loading=\"lazy\" decoding=\"async\" class=\"\" src=\"\/sebeszet1\/files\/images\/tort6.jpg\" alt=\"\" width=\"210\" height=\"156\" \/><\/a><\/td>\n<\/tr>\n<tr>\n<td style=\"width: 33.2056%;text-align: center\"><a href=\"\/sebeszet1\/files\/images\/tort7.jpg\"><img loading=\"lazy\" decoding=\"async\" class=\"\" src=\"\/sebeszet1\/files\/images\/tort7.jpg\" alt=\"\" width=\"211\" height=\"153\" \/><\/a><\/td>\n<td style=\"width: 33.3333%;text-align: center\"><a href=\"\/sebeszet1\/files\/images\/tort8.jpg\"><img loading=\"lazy\" decoding=\"async\" class=\"\" src=\"\/sebeszet1\/files\/images\/tort8.jpg\" alt=\"\" width=\"211\" height=\"157\" \/><\/a><\/td>\n<td style=\"width: 33.3333%;text-align: center\"><a href=\"\/sebeszet1\/files\/images\/tort9.jpg\"><img loading=\"lazy\" decoding=\"async\" class=\"\" src=\"\/sebeszet1\/files\/images\/tort9.jpg\" alt=\"\" width=\"211\" height=\"159\" \/><\/a><\/td>\n<\/tr>\n<\/tbody>\n<\/table>\n<p>&nbsp;<\/p>\n<p><a href=\"https:\/\/semmelweis.hu\/sebeszet\/files\/2020\/11\/1877_a2_600dpi_1s.jpg\"><img loading=\"lazy\" decoding=\"async\" class=\"alignnone size-medium wp-image-5554\" src=\"https:\/\/semmelweis.hu\/sebeszet\/files\/2020\/11\/1877_a2_600dpi_1s-196x300.jpg\" alt=\"1877-es \u00fajs\u00e1gcikk 1. oldal\" width=\"196\" height=\"300\" srcset=\"https:\/\/semmelweis.hu\/sebeszet\/files\/2020\/11\/1877_a2_600dpi_1s-196x300.jpg 196w, https:\/\/semmelweis.hu\/sebeszet\/files\/2020\/11\/1877_a2_600dpi_1s.jpg 523w\" sizes=\"auto, (max-width: 196px) 100vw, 196px\" \/><\/a><a href=\"https:\/\/semmelweis.hu\/sebeszet\/files\/2020\/11\/1877_a2_600dpi_2s.jpg\"><img loading=\"lazy\" decoding=\"async\" class=\"alignnone size-medium wp-image-5555\" src=\"https:\/\/semmelweis.hu\/sebeszet\/files\/2020\/11\/1877_a2_600dpi_2s-197x300.jpg\" alt=\"\" width=\"197\" height=\"300\" srcset=\"https:\/\/semmelweis.hu\/sebeszet\/files\/2020\/11\/1877_a2_600dpi_2s-197x300.jpg 197w, https:\/\/semmelweis.hu\/sebeszet\/files\/2020\/11\/1877_a2_600dpi_2s.jpg 525w\" sizes=\"auto, (max-width: 197px) 100vw, 197px\" \/><\/a><\/p>\n<p><a href=\"https:\/\/semmelweis.hu\/sebeszet\/files\/2020\/12\/Az-egyetem-\u00faj-seb\u00e9szeti-klinik\u00e1ja-F\u0151v\u00e1rosi-Lapok-1877.11.23-268.-sz\u00e1m-PDF.pdf\">Az egyetem \u00faj seb\u00e9szeti klinik\u00e1ja &#8211; F\u0151v\u00e1rosi Lapok 1877.11.23 268. sz\u00e1m (PDF)<\/a><\/p>\n","protected":false},"excerpt":{"rendered":"<p><a href=\"\/sebeszet1\/files\/images\/tort1.jpg\"><\/a><br \/>\n<a href=\"\/sebeszet1\/files\/images\/tort2.jpg\"><\/a><br \/>\n<a href=\"\/sebeszet1\/files\/images\/tort3.jpg\"><\/a><\/p>\n<p><a href=\"\/sebeszet1\/files\/images\/tort4.jpg\"><\/a><br \/>\n<a href=\"\/sebeszet1\/files\/images\/tort5.jpg\"><\/a><br \/>\n<a href=\"\/sebeszet1\/files\/images\/tort6.jpg\"><\/a><\/p>\n<p><a href=\"\/sebeszet1\/files\/images\/tort7.jpg\"><\/a><br \/>\n<a href=\"\/sebeszet1\/files\/images\/tort8.jpg\"><\/a><br \/>\n<a href=\"\/sebeszet1\/files\/images\/tort9.jpg\"><\/a><\/p>\n<p>&nbsp;<br \/>\n<a href=\"https:\/\/semmelweis.hu\/sebeszet\/files\/2020\/11\/1877_a2_600dpi_1s.jpg\"><\/a><a href=\"https:\/\/semmelweis.hu\/sebeszet\/files\/2020\/11\/1877_a2_600dpi_2s.jpg\"><\/a><br \/>\n<a href=\"https:\/\/semmelweis.hu\/sebeszet\/files\/2020\/12\/Az-egyetem-\u00faj-seb\u00e9szeti-klinik\u00e1ja-F\u0151v\u00e1rosi-Lapok-1877.11.23-268.-sz\u00e1m-PDF.pdf\">Az egyetem \u00faj seb\u00e9szeti klinik\u00e1ja &#8211; F\u0151v\u00e1rosi Lapok 1877.11.23 268. sz\u00e1m (PDF)<\/a><\/p>\n","protected":false},"author":41,"featured_media":0,"parent":5414,"menu_order":1,"comment_status":"closed","ping_status":"closed","template":"","meta":{"_acf_changed":false,"footnotes":""},"categories":[],"tags":[],"class_list":["post-96","page","type-page","status-publish","hentry"],"acf":[],"_links":{"self":[{"href":"https:\/\/semmelweis.hu\/sebeszet\/wp-json\/wp\/v2\/pages\/96","targetHints":{"allow":["GET"]}}],"collection":[{"href":"https:\/\/semmelweis.hu\/sebeszet\/wp-json\/wp\/v2\/pages"}],"about":[{"href":"https:\/\/semmelweis.hu\/sebeszet\/wp-json\/wp\/v2\/types\/page"}],"author":[{"embeddable":true,"href":"https:\/\/semmelweis.hu\/sebeszet\/wp-json\/wp\/v2\/users\/41"}],"replies":[{"embeddable":true,"href":"https:\/\/semmelweis.hu\/sebeszet\/wp-json\/wp\/v2\/comments?post=96"}],"version-history":[{"count":11,"href":"https:\/\/semmelweis.hu\/sebeszet\/wp-json\/wp\/v2\/pages\/96\/revisions"}],"predecessor-version":[{"id":5574,"href":"https:\/\/semmelweis.hu\/sebeszet\/wp-json\/wp\/v2\/pages\/96\/revisions\/5574"}],"up":[{"embeddable":true,"href":"https:\/\/semmelweis.hu\/sebeszet\/wp-json\/wp\/v2\/pages\/5414"}],"wp:attachment":[{"href":"https:\/\/semmelweis.hu\/sebeszet\/wp-json\/wp\/v2\/media?parent=96"}],"wp:term":[{"taxonomy":"category","embeddable":true,"href":"https:\/\/semmelweis.hu\/sebeszet\/wp-json\/wp\/v2\/categories?post=96"},{"taxonomy":"post_tag","embeddable":true,"href":"https:\/\/semmelweis.hu\/sebeszet\/wp-json\/wp\/v2\/tags?post=96"}],"curies":[{"name":"wp","href":"https:\/\/api.w.org\/{rel}","templated":true}]}}