{"id":946,"date":"2020-06-03T20:00:15","date_gmt":"2020-06-03T18:00:15","guid":{"rendered":"http:\/\/semmelweis.hu\/sebeszet1\/?page_id=946"},"modified":"2024-03-13T14:11:27","modified_gmt":"2024-03-13T13:11:27","slug":"posztgradualis-kepzes","status":"publish","type":"page","link":"https:\/\/semmelweis.hu\/sebeszet\/oktatas\/posztgradualis-kepzes\/","title":{"rendered":"Posztgradu\u00e1lis k\u00e9pz\u00e9s"},"content":{"rendered":"<p><span style=\"font-size: 14pt\">Az al\u00e1bbiakban n\u00e9h\u00e1ny fontosabb, seb\u00e9sz szakorvosk\u00e9pz\u00e9ssel kapcsolatos inform\u00e1ci\u00f3r\u00f3l olvashat.<\/span><\/p>\n<ul>\n<li>\n<h4 style=\"text-align: left\"><a href=\"https:\/\/www.enkk.hu\/files\/2o17\/nvb\/szakorvos\/sebeszet_se.pdf\"><span style=\"font-size: 14pt\">SE Seb\u00e9szeti Szakvizsga t\u00e9telek<\/span><\/a><\/h4>\n<\/li>\n<li style=\"text-align: left\">\n<h4><a href=\"https:\/\/www.enkk.hu\/index.php\/hun\/nemzeti-vizsgabizottsag-2\/ogyfk-vizsganaptar\"><span style=\"font-size: 14pt\">Enkk\u00a0szakvizsg\u00e1hoz tartoz\u00f3 dokument\u00e1ci\u00f3k<\/span><\/a><\/h4>\n<\/li>\n<li style=\"text-align: left\">\n<h4><span style=\"font-size: 14pt\"><a href=\"https:\/\/www.enkk.hu\/index.php\/hun\/nemzeti-vizsgabizottsag-2\/ogyfk-vizsganaptar\">Szakorvosi vizsganapt\u00e1r<\/a><\/span><\/h4>\n<\/li>\n<li style=\"text-align: left\">\n<h4><span style=\"font-size: 14pt\"><a href=\"https:\/\/www.oftex.hu\/project_o\/actual_prg\/system\/launch.php?pg=.\/FRAME_main.php&amp;ugrp=2\">OFTEX<\/a><\/span><\/h4>\n<\/li>\n<li style=\"text-align: left\">\n<h4><span style=\"font-size: 14pt\"><a href=\"https:\/\/semmelweis.hu\/phd\/\">Doktori iskola<\/a><\/span><\/h4>\n<\/li>\n<\/ul>\n<h4 style=\"text-align: left\"><span style=\"font-size: 14pt\">Seb\u00e9szeti szakmai gr\u00e9mium eln\u00f6ke: <a href=\"https:\/\/semmelweis.hu\/telefonkonyv\/?act=mt&amp;inst_id=56&amp;emp_id=1446\">Prof. Dr. Szij\u00e1rt\u00f3 Attila<\/a><\/span><\/h4>\n<p>POSZTGRADU\u00c1LIS K\u00c9PZ\u00c9S \u00dcGYINT\u00c9Z\u0150JE: Kalo Eszter<br \/>\nK\u00c9PZ\u00c9S FELEL\u0150SE: Dr. Marjai Tam\u00e1s<br \/>\nTEL: +36 20 825 9001<br \/>\nE-MAIL: kalo.eszter@semmelweis.hu<\/p>\n<p><span style=\"font-size: 14pt\">Tov\u00e1bbi inform\u00e1ci\u00f3kat, \u00fajdons\u00e1gokat a fiatal seb\u00e9szeknek, seb\u00e9sz szakorvos jel\u00f6lteknek sz\u00f3l\u00f3 <a href=\"http:\/\/www.fisesz.hu\">www.fisesz.hu<\/a> weboldalon tal\u00e1lhat.<\/span><\/p>\n","protected":false},"excerpt":{"rendered":"<p>Az al\u00e1bbiakban n\u00e9h\u00e1ny fontosabb, seb\u00e9sz szakorvosk\u00e9pz\u00e9ssel kapcsolatos inform\u00e1ci\u00f3r\u00f3l olvashat.<\/p>\n<p><a href=\"https:\/\/www.enkk.hu\/files\/2o17\/nvb\/szakorvos\/sebeszet_se.pdf\">SE Seb\u00e9szeti Szakvizsga t\u00e9telek<\/a><\/p>\n<p><a href=\"https:\/\/www.enkk.hu\/index.php\/hun\/nemzeti-vizsgabizottsag-2\/ogyfk-vizsganaptar\">Enkk\u00a0szakvizsg\u00e1hoz tartoz\u00f3 dokument\u00e1ci\u00f3k<\/a><\/p>\n<p><a href=\"https:\/\/www.enkk.hu\/index.php\/hun\/nemzeti-vizsgabizottsag-2\/ogyfk-vizsganaptar\">Szakorvosi vizsganapt\u00e1r<\/a><\/p>\n<p><a href=\"https:\/\/www.oftex.hu\/project_o\/actual_prg\/system\/launch.php?pg=.\/FRAME_main.php&amp;ugrp=2\">OFTEX<\/a><\/p>\n<p><a href=\"https:\/\/semmelweis.hu\/phd\/\">Doktori iskola<\/a><\/p>\n<p>Seb\u00e9szeti szakmai gr\u00e9mium eln\u00f6ke: <a href=\"https:\/\/semmelweis.hu\/telefonkonyv\/?act=mt&amp;inst_id=56&amp;emp_id=1446\">Prof. Dr. Szij\u00e1rt\u00f3 Attila<\/a><br \/>\nPOSZTGRADU\u00c1LIS K\u00c9PZ\u00c9S \u00dcGYINT\u00c9Z\u0150JE: Kalo Eszter<br \/>\nK\u00c9PZ\u00c9S FELEL\u0150SE: Dr. Marjai Tam\u00e1s<br \/>\nTEL: +36 20 825 9001<br \/>\nE-MAIL: kalo.eszter@semmelweis.hu<br \/>\nTov\u00e1bbi inform\u00e1ci\u00f3kat, \u00fajdons\u00e1gokat a fiatal seb\u00e9szeknek, seb\u00e9sz szakorvos jel\u00f6lteknek sz\u00f3l\u00f3 <a href=\"http:\/\/www.fisesz.hu\">www.fisesz.hu<\/a> weboldalon tal\u00e1lhat.<\/p>\n","protected":false},"author":101022,"featured_media":0,"parent":5968,"menu_order":9,"comment_status":"closed","ping_status":"closed","template":"","meta":{"_acf_changed":false,"footnotes":""},"categories":[],"tags":[],"class_list":["post-946","page","type-page","status-publish","hentry"],"acf":[],"_links":{"self":[{"href":"https:\/\/semmelweis.hu\/sebeszet\/wp-json\/wp\/v2\/pages\/946","targetHints":{"allow":["GET"]}}],"collection":[{"href":"https:\/\/semmelweis.hu\/sebeszet\/wp-json\/wp\/v2\/pages"}],"about":[{"href":"https:\/\/semmelweis.hu\/sebeszet\/wp-json\/wp\/v2\/types\/page"}],"author":[{"embeddable":true,"href":"https:\/\/semmelweis.hu\/sebeszet\/wp-json\/wp\/v2\/users\/101022"}],"replies":[{"embeddable":true,"href":"https:\/\/semmelweis.hu\/sebeszet\/wp-json\/wp\/v2\/comments?post=946"}],"version-history":[{"count":10,"href":"https:\/\/semmelweis.hu\/sebeszet\/wp-json\/wp\/v2\/pages\/946\/revisions"}],"predecessor-version":[{"id":8551,"href":"https:\/\/semmelweis.hu\/sebeszet\/wp-json\/wp\/v2\/pages\/946\/revisions\/8551"}],"up":[{"embeddable":true,"href":"https:\/\/semmelweis.hu\/sebeszet\/wp-json\/wp\/v2\/pages\/5968"}],"wp:attachment":[{"href":"https:\/\/semmelweis.hu\/sebeszet\/wp-json\/wp\/v2\/media?parent=946"}],"wp:term":[{"taxonomy":"category","embeddable":true,"href":"https:\/\/semmelweis.hu\/sebeszet\/wp-json\/wp\/v2\/categories?post=946"},{"taxonomy":"post_tag","embeddable":true,"href":"https:\/\/semmelweis.hu\/sebeszet\/wp-json\/wp\/v2\/tags?post=946"}],"curies":[{"name":"wp","href":"https:\/\/api.w.org\/{rel}","templated":true}]}}