{"id":909,"date":"2015-09-26T17:14:28","date_gmt":"2015-09-26T15:14:28","guid":{"rendered":"http:\/\/semmelweis.hu\/sebeszet1\/?page_id=909"},"modified":"2022-02-08T12:48:13","modified_gmt":"2022-02-08T11:48:13","slug":"colorectalis-sebeszet","status":"publish","type":"page","link":"https:\/\/semmelweis.hu\/sebeszet\/betegellatas\/sebeszet-2\/sebeszeti-jarobeteg-ellatas\/colorectalis-sebeszet\/","title":{"rendered":"Colorectalis seb\u00e9szet"},"content":{"rendered":"<p><span style=\"font-weight: 400\"><strong>El\u0151zetes id\u0151pont k\u00e9r\u00e9se<\/strong> a k\u00f6vetkez\u0151 sz\u00e1mon lehets\u00e9ges minden h\u00e9tk\u00f6znap 8:00-14:30 k\u00f6z\u00f6tt: +36 20 825 9090<\/span><\/p>\n<p><strong>Rendel\u00e9si id\u0151pont:<\/strong><span style=\"font-weight: 400\"> szerda 8:30-14:30<\/span><\/p>\n<p><strong>Munkat\u00e1rsak:<\/strong><\/p>\n<p><a href=\"https:\/\/semmelweis.hu\/telefonkonyv\/?emp_id=18593\">Dr. B\u00e1nky Bal\u00e1zs<\/a><br \/>\nHelysz\u00edn: alagsor<\/p>\n<p><a href=\"https:\/\/semmelweis.hu\/telefonkonyv\/?emp_id=14330\">Dr. Bencze Vikt\u00f3ria<\/a><br \/>\nHelysz\u00edn: alagsor<\/p>\n<p><a href=\"https:\/\/semmelweis.hu\/telefonkonyv\/?act=mt&amp;inst_id=56&amp;emp_id=1456\"><span style=\"font-weight: 400\">Dr. Friedman G\u00e1bor<\/span><\/a><br \/>\n<span style=\"font-weight: 400\">helysz\u00edn: f\u00f6ldszinti ambulancia<\/span><\/p>\n<p><a href=\"https:\/\/semmelweis.hu\/telefonkonyv\/?emp_id=19190\">Dr. Luk\u00e1sz P\u00e9ter<\/a><br \/>\nHelysz\u00edn: alagsor<\/p>\n<p><a href=\"https:\/\/semmelweis.hu\/telefonkonyv\/?emp_id=18397\">Dr. Nov\u00e1k Andr\u00e1s<\/a><br \/>\n<span style=\"font-size: 1rem\">Helysz\u00edn: alagsor<\/span><\/p>\n<p><a href=\"https:\/\/semmelweis.hu\/telefonkonyv\/?act=mt&amp;inst_id=56&amp;emp_id=9199\"><span style=\"font-weight: 400\">Dr. \u00d3nody P\u00e9ter<\/span><\/a><br \/>\n<span style=\"font-weight: 400\">helysz\u00edn: alagsor<\/span><\/p>\n<p><a href=\"https:\/\/semmelweis.hu\/telefonkonyv\/?act=mt&amp;inst_id=56&amp;emp_id=3666\"><span style=\"font-weight: 400\">Dr. Weltner J\u00e1nos<\/span><\/a><br \/>\n<span style=\"font-weight: 400\">helysz\u00edn: alagsor<\/span><\/p>\n<p><a href=\"https:\/\/semmelweis.hu\/telefonkonyv\/?act=mt&amp;inst_id=56&amp;emp_id=3734\"><span style=\"font-weight: 400\">Dr. Zsirka-Klein Attila<\/span><\/a><br \/>\n<span style=\"font-weight: 400\">helysz\u00edn: f\u00f6ldszinti ambulancia<\/span><\/p>\n","protected":false},"excerpt":{"rendered":"<p>El\u0151zetes id\u0151pont k\u00e9r\u00e9se a k\u00f6vetkez\u0151 sz\u00e1mon lehets\u00e9ges minden h\u00e9tk\u00f6znap 8:00-14:30 k\u00f6z\u00f6tt: +36 20 825 9090<br \/>\nRendel\u00e9si id\u0151pont: szerda 8:30-14:30<br \/>\nMunkat\u00e1rsak:<br \/>\n<a href=\"https:\/\/semmelweis.hu\/telefonkonyv\/?emp_id=18593\">Dr. B\u00e1nky Bal\u00e1zs<\/a><br \/>\nHelysz\u00edn: alagsor<br \/>\n<a href=\"https:\/\/semmelweis.hu\/telefonkonyv\/?emp_id=14330\">Dr. Bencze Vikt\u00f3ria<\/a><br \/>\nHelysz\u00edn: alagsor<br \/>\n<a href=\"https:\/\/semmelweis.hu\/telefonkonyv\/?act=mt&amp;inst_id=56&amp;emp_id=1456\">Dr. Friedman G\u00e1bor<\/a><br \/>\nhelysz\u00edn: f\u00f6ldszinti ambulancia<br \/>\n<a href=\"https:\/\/semmelweis.hu\/telefonkonyv\/?emp_id=19190\">Dr. Luk\u00e1sz P\u00e9ter<\/a><br \/>\nHelysz\u00edn: alagsor<br \/>\n<a href=\"https:\/\/semmelweis.hu\/telefonkonyv\/?emp_id=18397\">Dr. Nov\u00e1k Andr\u00e1s<\/a><br \/>\nHelysz\u00edn: alagsor<br \/>\n<a href=\"https:\/\/semmelweis.hu\/telefonkonyv\/?act=mt&amp;inst_id=56&amp;emp_id=9199\">Dr. \u00d3nody P\u00e9ter<\/a><br \/>\nhelysz\u00edn: alagsor<br \/>\n<a href=\"https:\/\/semmelweis.hu\/telefonkonyv\/?act=mt&amp;inst_id=56&amp;emp_id=3666\">Dr. Weltner J\u00e1nos<\/a><br \/>\nhelysz\u00edn: alagsor<br \/>\n<a href=\"https:\/\/semmelweis.hu\/telefonkonyv\/?act=mt&amp;inst_id=56&amp;emp_id=3734\">Dr. Zsirka-Klein Attila<\/a><br \/>\nhelysz\u00edn: f\u00f6ldszinti ambulancia<\/p>\n","protected":false},"author":101022,"featured_media":0,"parent":640,"menu_order":4,"comment_status":"closed","ping_status":"closed","template":"","meta":{"_acf_changed":false,"footnotes":""},"categories":[],"tags":[],"class_list":["post-909","page","type-page","status-publish","hentry"],"acf":[],"_links":{"self":[{"href":"https:\/\/semmelweis.hu\/sebeszet\/wp-json\/wp\/v2\/pages\/909","targetHints":{"allow":["GET"]}}],"collection":[{"href":"https:\/\/semmelweis.hu\/sebeszet\/wp-json\/wp\/v2\/pages"}],"about":[{"href":"https:\/\/semmelweis.hu\/sebeszet\/wp-json\/wp\/v2\/types\/page"}],"author":[{"embeddable":true,"href":"https:\/\/semmelweis.hu\/sebeszet\/wp-json\/wp\/v2\/users\/101022"}],"replies":[{"embeddable":true,"href":"https:\/\/semmelweis.hu\/sebeszet\/wp-json\/wp\/v2\/comments?post=909"}],"version-history":[{"count":11,"href":"https:\/\/semmelweis.hu\/sebeszet\/wp-json\/wp\/v2\/pages\/909\/revisions"}],"predecessor-version":[{"id":7265,"href":"https:\/\/semmelweis.hu\/sebeszet\/wp-json\/wp\/v2\/pages\/909\/revisions\/7265"}],"up":[{"embeddable":true,"href":"https:\/\/semmelweis.hu\/sebeszet\/wp-json\/wp\/v2\/pages\/640"}],"wp:attachment":[{"href":"https:\/\/semmelweis.hu\/sebeszet\/wp-json\/wp\/v2\/media?parent=909"}],"wp:term":[{"taxonomy":"category","embeddable":true,"href":"https:\/\/semmelweis.hu\/sebeszet\/wp-json\/wp\/v2\/categories?post=909"},{"taxonomy":"post_tag","embeddable":true,"href":"https:\/\/semmelweis.hu\/sebeszet\/wp-json\/wp\/v2\/tags?post=909"}],"curies":[{"name":"wp","href":"https:\/\/api.w.org\/{rel}","templated":true}]}}