{"id":889,"date":"2015-09-26T16:32:54","date_gmt":"2015-09-26T14:32:54","guid":{"rendered":"http:\/\/semmelweis.hu\/sebeszet1\/?page_id=889"},"modified":"2022-02-08T12:43:35","modified_gmt":"2022-02-08T11:43:35","slug":"felso-tapcsatorna","status":"publish","type":"page","link":"https:\/\/semmelweis.hu\/sebeszet\/betegellatas\/sebeszet-2\/sebeszeti-jarobeteg-ellatas\/felso-tapcsatorna\/","title":{"rendered":"Fels\u0151 t\u00e1pcsatorna (nyel\u0151cs\u0151, gyomor)"},"content":{"rendered":"<p><span style=\"font-weight: 400\"><strong>El\u0151zetes id\u0151pont k\u00e9r\u00e9se<\/strong> a k\u00f6vetkez\u0151 sz\u00e1mon lehets\u00e9ges minden h\u00e9tk\u00f6znap 8:00-14:30 k\u00f6z\u00f6tt: +36 20 825 9090<\/span><\/p>\n<p><strong>Rendel\u00e9si id\u0151pont:<\/strong><span style=\"font-weight: 400\"> kedd 8:30-14:30<\/span><\/p>\n<p><strong>Munkat\u00e1rsak:<\/strong><\/p>\n<p><a href=\"https:\/\/semmelweis.hu\/telefonkonyv\/?act=mt&amp;inst_id=56&amp;emp_id=1447\"><span style=\"font-weight: 400\">Dr. Bal\u00e1zs \u00c1kos<\/span><\/a><br \/>\n<span style=\"font-weight: 400\">helysz\u00edn: f\u00f6ldszinti ambulancia<\/p>\n<p><\/span><\/p>\n<p><a href=\"https:\/\/semmelweis.hu\/telefonkonyv\/?emp_id=9188\"><span style=\"font-weight: 400\">Dr. B\u00e1n Kinga<\/span><\/a><br \/>\n<span style=\"font-weight: 400\">helysz\u00edn: alagsor<\/p>\n<p><\/span><\/p>\n<p><span style=\"font-weight: 400\">Dr. Bennemann Stef\u00e1n<br \/>\n<\/span><span style=\"font-weight: 400\">helysz\u00edn: alagsor<\/p>\n<p><\/span><\/p>\n<p><a href=\"https:\/\/semmelweis.hu\/telefonkonyv\/?act=mt&amp;inst_id=56&amp;emp_id=1788\"><span style=\"font-weight: 400\">Dr. Kokas P\u00e9ter<\/span><\/a><br \/>\n<span style=\"font-weight: 400\">helysz\u00edn: endoscopia<\/p>\n<p><\/span><\/p>\n<p><a href=\"https:\/\/semmelweis.hu\/telefonkonyv\/?act=mt&amp;inst_id=56&amp;emp_id=7751\"><span style=\"font-weight: 400\">Dr. Vass Tam\u00e1s<\/span><\/a><br \/>\n<span style=\"font-weight: 400\">helysz\u00edn: alagsor<\/span><\/p>\n","protected":false},"excerpt":{"rendered":"<p>El\u0151zetes id\u0151pont k\u00e9r\u00e9se a k\u00f6vetkez\u0151 sz\u00e1mon lehets\u00e9ges minden h\u00e9tk\u00f6znap 8:00-14:30 k\u00f6z\u00f6tt: +36 20 825 9090<br \/>\nRendel\u00e9si id\u0151pont: kedd 8:30-14:30<br \/>\nMunkat\u00e1rsak:<br \/>\n<a href=\"https:\/\/semmelweis.hu\/telefonkonyv\/?act=mt&amp;inst_id=56&amp;emp_id=1447\">Dr. Bal\u00e1zs \u00c1kos<\/a><br \/>\nhelysz\u00edn: f\u00f6ldszinti ambulancia<\/p>\n<p><a href=\"https:\/\/semmelweis.hu\/telefonkonyv\/?emp_id=9188\">Dr. B\u00e1n Kinga<\/a><br \/>\nhelysz\u00edn: alagsor<\/p>\n<p>Dr. Bennemann Stef\u00e1n<br \/>\nhelysz\u00edn: alagsor<\/p>\n<p><a href=\"https:\/\/semmelweis.hu\/telefonkonyv\/?act=mt&amp;inst_id=56&amp;emp_id=1788\">Dr. Kokas P\u00e9ter<\/a><br \/>\nhelysz\u00edn: endoscopia<\/p>\n<p><a href=\"https:\/\/semmelweis.hu\/telefonkonyv\/?act=mt&amp;inst_id=56&amp;emp_id=7751\">Dr. Vass Tam\u00e1s<\/a><br \/>\nhelysz\u00edn: alagsor<\/p>\n","protected":false},"author":101022,"featured_media":0,"parent":640,"menu_order":2,"comment_status":"closed","ping_status":"closed","template":"","meta":{"_acf_changed":false,"footnotes":""},"categories":[],"tags":[],"class_list":["post-889","page","type-page","status-publish","hentry"],"acf":[],"_links":{"self":[{"href":"https:\/\/semmelweis.hu\/sebeszet\/wp-json\/wp\/v2\/pages\/889","targetHints":{"allow":["GET"]}}],"collection":[{"href":"https:\/\/semmelweis.hu\/sebeszet\/wp-json\/wp\/v2\/pages"}],"about":[{"href":"https:\/\/semmelweis.hu\/sebeszet\/wp-json\/wp\/v2\/types\/page"}],"author":[{"embeddable":true,"href":"https:\/\/semmelweis.hu\/sebeszet\/wp-json\/wp\/v2\/users\/101022"}],"replies":[{"embeddable":true,"href":"https:\/\/semmelweis.hu\/sebeszet\/wp-json\/wp\/v2\/comments?post=889"}],"version-history":[{"count":10,"href":"https:\/\/semmelweis.hu\/sebeszet\/wp-json\/wp\/v2\/pages\/889\/revisions"}],"predecessor-version":[{"id":7263,"href":"https:\/\/semmelweis.hu\/sebeszet\/wp-json\/wp\/v2\/pages\/889\/revisions\/7263"}],"up":[{"embeddable":true,"href":"https:\/\/semmelweis.hu\/sebeszet\/wp-json\/wp\/v2\/pages\/640"}],"wp:attachment":[{"href":"https:\/\/semmelweis.hu\/sebeszet\/wp-json\/wp\/v2\/media?parent=889"}],"wp:term":[{"taxonomy":"category","embeddable":true,"href":"https:\/\/semmelweis.hu\/sebeszet\/wp-json\/wp\/v2\/categories?post=889"},{"taxonomy":"post_tag","embeddable":true,"href":"https:\/\/semmelweis.hu\/sebeszet\/wp-json\/wp\/v2\/tags?post=889"}],"curies":[{"name":"wp","href":"https:\/\/api.w.org\/{rel}","templated":true}]}}

Felső tápcsatorna (nyelőcső, gyomor)

<p><span style="font-weight: 400"><strong>Előzetes időpont kérése</strong> a következő számon lehetséges minden hétköznap 8:00-14:30 között: +36 20 825 9090</span></p>
<p><strong>Rendelési időpont:</strong><span style="font-weight: 400"> kedd 8:30-14:30</span></p>
<p><strong>Munkatársak:</strong></p>
<p><a href="https://semmelweis.hu/telefonkonyv/?act=mt&amp;inst_id=56&amp;emp_id=1447"><span style="font-weight: 400">Dr. Balázs Ákos</span></a><br />
<span style="font-weight: 400">helyszín: földszinti ambulancia</p>
<p></span></p>
<p><a href="https://semmelweis.hu/telefonkonyv/?emp_id=9188"><span style="font-weight: 400">Dr. Bán Kinga</span></a><br />
<span style="font-weight: 400">helyszín: alagsor</p>
<p></span></p>
<p><span style="font-weight: 400">Dr. Bennemann Stefán<br />
</span><span style="font-weight: 400">helyszín: alagsor</p>
<p></span></p>
<p><a href="https://semmelweis.hu/telefonkonyv/?act=mt&amp;inst_id=56&amp;emp_id=1788"><span style="font-weight: 400">Dr. Kokas Péter</span></a><br />
<span style="font-weight: 400">helyszín: endoscopia</p>
<p></span></p>
<p><a href="https://semmelweis.hu/telefonkonyv/?act=mt&amp;inst_id=56&amp;emp_id=7751"><span style="font-weight: 400">Dr. Vass Tamás</span></a><br />
<span style="font-weight: 400">helyszín: alagsor</span></p>

<p>Előzetes időpont kérése a következő számon lehetséges minden hétköznap 8:00-14:30 között: +36 20 825 9090<br />
Rendelési időpont: kedd 8:30-14:30<br />
Munkatársak:<br />
<a href="https://semmelweis.hu/telefonkonyv/?act=mt&amp;inst_id=56&amp;emp_id=1447">Dr. Balázs Ákos</a><br />
helyszín: földszinti ambulancia</p>
<p><a href="https://semmelweis.hu/telefonkonyv/?emp_id=9188">Dr. Bán Kinga</a><br />
helyszín: alagsor</p>
<p>Dr. Bennemann Stefán<br />
helyszín: alagsor</p>
<p><a href="https://semmelweis.hu/telefonkonyv/?act=mt&amp;inst_id=56&amp;emp_id=1788">Dr. Kokas Péter</a><br />
helyszín: endoscopia</p>
<p><a href="https://semmelweis.hu/telefonkonyv/?act=mt&amp;inst_id=56&amp;emp_id=7751">Dr. Vass Tamás</a><br />
helyszín: alagsor</p>
