{"id":84,"date":"2015-09-18T00:00:00","date_gmt":"1970-01-01T00:00:00","guid":{"rendered":"http:\/\/semmelweis.hu\/sebeszet1\/balassa\/"},"modified":"2023-04-25T15:01:12","modified_gmt":"2023-04-25T13:01:12","slug":"balassa","status":"publish","type":"page","link":"https:\/\/semmelweis.hu\/sebeszet\/alapitvany\/balassa\/","title":{"rendered":"Balassa J\u00e1nos Seb\u00e9szeti Alap\u00edtv\u00e1ny"},"content":{"rendered":"<p style=\"text-align: justify\"><strong>A Balassa J\u00e1nos k\u00f6zhaszn\u00fa seb\u00e9szeti alap\u00edtv\u00e1ny<\/strong>t a Semmelweis Egyetem Seb\u00e9szeti, Transzplant\u00e1ci\u00f3s \u00e9s Gasztroenterol\u00f3giai Klinik\u00e1j\u00e1nak (ST\u00e9G) orvosai hozt\u00e1k l\u00e9tre. <strong>Az alap\u00edtv\u00e1ny c\u00e9lja, hogy az adom\u00e1nyokb\u00f3l sz\u00e1rmaz\u00f3 bev\u00e9teleket a betegell\u00e1t\u00e1s jav\u00edt\u00e1s\u00e1ra ford\u00edtsa<\/strong>.<\/p>\n<p style=\"text-align: justify\"><strong>Az Alap\u00edtv\u00e1ny legfontosabb feladatai:<\/strong><\/p>\n<ul style=\"text-align: justify\">\n<li>a Klinika fekv\u0151beteg oszt\u00e1lyain a betegek komfortj\u00e1nak jav\u00edt\u00e1s\u00e1t c\u00e9lz\u00f3 fejleszt\u00e9sek (f\u00fcrd\u0151szoba, fest\u00e9s, ny\u00edl\u00e1sz\u00e1r\u00f3k jav\u00edt\u00e1sa stb.)<\/li>\n<li>a Klinika higi\u00e9n\u00e9s felt\u00e9teleinek jav\u00edt\u00e1sa<\/li>\n<li>a m\u0171t\u0151i eszk\u00f6z\u00f6k fejleszt\u00e9se<\/li>\n<li>az intenz\u00edv betegell\u00e1t\u00e1st szolg\u00e1l\u00f3 eszk\u00f6z\u00f6k fel\u00faj\u00edt\u00e1sa, korszer\u0171s\u00edt\u00e9se<\/li>\n<\/ul>\n<p style=\"text-align: justify\"><strong style=\"font-size: 1rem\">Kiv\u00e9teles \u00f6r\u00f6m\u00fcnkre szolg\u00e1lna, ha szem\u00e9lyi j\u00f6vedelemad\u00f3j\u00e1nak 1%-\u00e1t a Balassa J\u00e1nos Seb\u00e9szeti Alap\u00edtv\u00e1ny sz\u00e1m\u00e1ra aj\u00e1nlan\u00e1 fel.<\/strong><\/p>\n<p style=\"text-align: justify\">Sz\u00edves t\u00e1mogat\u00e1sukat k\u00f6sz\u00f6nj\u00fck!<\/p>\n<p style=\"text-align: justify\">C\u00edm: 1082 Budapest, \u00dcll\u0151i \u00fat 78.<br \/>\nAd\u00f3sz\u00e1m: 19653448-1-42<\/p>\n<p style=\"text-align: justify\"><span style=\"font-size: 1rem\">Sz\u00e1mlasz\u00e1m: 10400126 \u2013 21414958 \u2013 00000000<\/span><\/p>\n<p style=\"text-align: justify\">Az alap\u00edtv\u00e1ny gondolata nem \u00fajkelet\u0171. Eredetileg (az egyetemi almanach szerint) a Balassa-Dollinger-f\u00e9le alap\u00edtv\u00e1nyt 1872 j\u00fanius 14-\u00e9n \u00f6zv. Balassa J\u00e1nosn\u00e9, egyetemi tan\u00e1r \u00f6zvegye alap\u00edtotta. Az \u00e9vi kamatok az els\u0151 sz\u00e1m\u00fa seb\u00e9szeti klinika k\u00f6nyvt\u00e1r\u00e1nak gyarap\u00edt\u00e1s\u00e1ra ford\u00edtott\u00e1k. K\u00e9s\u0151bb Dollinger Gyula Professzor \u00dar a Balassa Alap\u00edtv\u00e1nyr\u00f3l az al\u00e1bbiakban \u00edr eml\u00e9kiratiban:<\/p>\n<p><img loading=\"lazy\" decoding=\"async\" class=\"wp-image-6274 alignleft\" src=\"https:\/\/semmelweis.hu\/sebeszet\/files\/2021\/03\/LRPS-edit-1-209x300.jpg\" alt=\"\" width=\"250\" height=\"358\" srcset=\"https:\/\/semmelweis.hu\/sebeszet\/files\/2021\/03\/LRPS-edit-1-209x300.jpg 209w, https:\/\/semmelweis.hu\/sebeszet\/files\/2021\/03\/LRPS-edit-1-715x1024.jpg 715w, https:\/\/semmelweis.hu\/sebeszet\/files\/2021\/03\/LRPS-edit-1-768x1100.jpg 768w, https:\/\/semmelweis.hu\/sebeszet\/files\/2021\/03\/LRPS-edit-1-1072x1536.jpg 1072w, https:\/\/semmelweis.hu\/sebeszet\/files\/2021\/03\/LRPS-edit-1-1429x2048.jpg 1429w, https:\/\/semmelweis.hu\/sebeszet\/files\/2021\/03\/LRPS-edit-1-753x1079.jpg 753w, https:\/\/semmelweis.hu\/sebeszet\/files\/2021\/03\/LRPS-edit-1-scaled.jpg 1787w\" sizes=\"auto, (max-width: 250px) 100vw, 250px\" \/><\/p>\n<p style=\"text-align: justify\"><em>\u201eMivel a klinika R\u00f6ntgen-berendez\u00e9s\u00e9t, r\u00e1diumj\u00e1t \u00e9s gy\u00f3gymechanikai berendez\u00e9seit egyes esetekben j\u00f3m\u00f3d\u00fa betegek is ig\u00e9nybevett\u00e9k, az ezekt\u00f6l befolyt \u00f6sszegeket Holzwarth Jen\u0151 adjunctus k\u00f6nyvelte el. Ezen \u00f6sszegekb\u0151l aj\u00e1nd\u00e9koztuk meg kar\u00e1csonykor a klinikai \u00e1pol\u00f3- \u00e9s szolgaszem\u00e9lyzet\u00e9t, ezekb\u0151l szerezt\u00fcnk be a klinik\u00e1nak olyan k\u00e9sz\u00fcl\u00e9keket, amelyekre a klinika b\u00fcdzs\u00e9j\u00e9b\u0151l nem tellett, \u00edgy pl. egy t\u00f6k\u00e9letes Zeiss-f\u00e9le f\u00e9nyk\u00e9pez\u0151k\u00e9sz\u00fcl\u00e9ket, egy vet\u00edt\u0151t, a h\u00e1bor\u00fa alatt k\u00fcl\u00f6n R\u00f6ntgen-k\u00e9sz\u00fcl\u00e9kkel ell\u00e1tott goly\u00f3keres\u0151 m\u0171t\u0151asztalt, vir\u00e1gokkal d\u00edsz\u00edtett\u00fck fel a klinika ablakait stb., a fennmaradt \u00f6sszeggel pedig b\u0151v\u00edtett\u00fck a k\u00f6nyvt\u00e1rat, amelynek, amikor a klinika vezet\u00e9s\u00e9t \u00e1tvettem, Balassa-alap\u00edtv\u00e1ny\u00e1b\u00f3l 4300 koron\u00e1nyi j\u00e1rad\u00e9kk\u00f6tv\u00e9nye volt a miniszt\u00e9rium kezel\u00e9s\u00e9ben, amelyhez, az 1919 december h\u00f3 9-\u00e9n a karnak tett r\u00e9szletez\u0151 jelent\u00e9sem szerint \u00f6t k\u00fcl\u00f6nb\u00f6z\u0151 id\u0151k\u00f6z\u00f6kben 21.617 K 20 fill\u00e9rrel, azaz huszonegyezerhatsz\u00e1ztizenh\u00e9t korona \u00e9s 20 fill\u00e9rrel j\u00e1rultam, kik\u00f6tve, hogy a k\u00f6nyvt\u00e1r ezent\u00fal Balassa-Dollinger elnevez\u00e9s alatt szerepeljen. Az alap\u00edtv\u00e1ny, amelyet ezen \u00f6sszegekkel 4300 koron\u00e1val 25.917 kor. 20. fill\u00e9rre emeltem fel, a k\u00f6zoktat\u00e1s\u00fcgyi miniszter kezel\u00e9se alatt \u00e1ll. Mennyi lett bel\u0151le a h\u00e1bor\u00fa ut\u00e1n, nem tudom.\u201d<\/em><\/p>\n","protected":false},"excerpt":{"rendered":"<p>A Balassa J\u00e1nos k\u00f6zhaszn\u00fa seb\u00e9szeti alap\u00edtv\u00e1nyt a Semmelweis Egyetem Seb\u00e9szeti, Transzplant\u00e1ci\u00f3s \u00e9s Gasztroenterol\u00f3giai Klinik\u00e1j\u00e1nak (ST\u00e9G) orvosai hozt\u00e1k l\u00e9tre. Az alap\u00edtv\u00e1ny c\u00e9lja, hogy az adom\u00e1nyokb\u00f3l sz\u00e1rmaz\u00f3 bev\u00e9teleket a betegell\u00e1t\u00e1s jav\u00edt\u00e1s\u00e1ra ford\u00edtsa. Az Alap\u00edtv\u00e1ny legfontosabb feladatai: a Klinika fekv\u0151beteg oszt\u00e1lyain a betegek komfortj\u00e1nak jav\u00edt\u00e1s\u00e1t c\u00e9lz\u00f3 fejleszt\u00e9sek (f\u00fcrd\u0151szoba, fest\u00e9s, ny\u00edl\u00e1sz\u00e1r\u00f3k jav\u00edt\u00e1sa stb.) a Klinika higi\u00e9n\u00e9s felt\u00e9teleinek jav\u00edt\u00e1sa a &hellip;<\/p>\n","protected":false},"author":41,"featured_media":0,"parent":6829,"menu_order":1,"comment_status":"closed","ping_status":"closed","template":"","meta":{"_acf_changed":false,"footnotes":""},"categories":[],"tags":[],"class_list":["post-84","page","type-page","status-publish","hentry"],"acf":[],"_links":{"self":[{"href":"https:\/\/semmelweis.hu\/sebeszet\/wp-json\/wp\/v2\/pages\/84","targetHints":{"allow":["GET"]}}],"collection":[{"href":"https:\/\/semmelweis.hu\/sebeszet\/wp-json\/wp\/v2\/pages"}],"about":[{"href":"https:\/\/semmelweis.hu\/sebeszet\/wp-json\/wp\/v2\/types\/page"}],"author":[{"embeddable":true,"href":"https:\/\/semmelweis.hu\/sebeszet\/wp-json\/wp\/v2\/users\/41"}],"replies":[{"embeddable":true,"href":"https:\/\/semmelweis.hu\/sebeszet\/wp-json\/wp\/v2\/comments?post=84"}],"version-history":[{"count":11,"href":"https:\/\/semmelweis.hu\/sebeszet\/wp-json\/wp\/v2\/pages\/84\/revisions"}],"predecessor-version":[{"id":8048,"href":"https:\/\/semmelweis.hu\/sebeszet\/wp-json\/wp\/v2\/pages\/84\/revisions\/8048"}],"up":[{"embeddable":true,"href":"https:\/\/semmelweis.hu\/sebeszet\/wp-json\/wp\/v2\/pages\/6829"}],"wp:attachment":[{"href":"https:\/\/semmelweis.hu\/sebeszet\/wp-json\/wp\/v2\/media?parent=84"}],"wp:term":[{"taxonomy":"category","embeddable":true,"href":"https:\/\/semmelweis.hu\/sebeszet\/wp-json\/wp\/v2\/categories?post=84"},{"taxonomy":"post_tag","embeddable":true,"href":"https:\/\/semmelweis.hu\/sebeszet\/wp-json\/wp\/v2\/tags?post=84"}],"curies":[{"name":"wp","href":"https:\/\/api.w.org\/{rel}","templated":true}]}}