{"id":80,"date":"2015-09-18T00:00:00","date_gmt":"1970-01-01T00:00:00","guid":{"rendered":"http:\/\/semmelweis.hu\/sebeszet1\/kapcsolat\/"},"modified":"2025-09-25T10:37:57","modified_gmt":"2025-09-25T08:37:57","slug":"kapcsolat","status":"publish","type":"page","link":"https:\/\/semmelweis.hu\/sebeszet\/kapcsolat\/","title":{"rendered":"Kapcsolat"},"content":{"rendered":"<div class=\"fontos_div\">\n<p>Miel\u0151tt felvenn\u00e9 vel\u00fcnk a kapcsolatot, k\u00e9rj\u00fck, olvassa el az \u00e1ltal\u00e1nos betegt\u00e1j\u00e9koztat\u00f3nkat.<\/p>\n<\/div>\n<h4><strong>Seb\u00e9szeti, Transzplant\u00e1ci\u00f3s \u00e9s Gasztroenterol\u00f3giai Klinika, Semmelweis Egyetem<\/strong><\/h4>\n<h5>\u00c1ltal\u00e1nos kapcsolatfelv\u00e9tel:<\/h5>\n<p><strong>C\u00edm:<\/strong> 1082 Budapest \u00dcll\u0151i \u00fat 78.<br \/>\n<strong>Telefon:<\/strong> +36 1 459 1500 &#8211; 52120 mell\u00e9k<br \/>\n<strong>E-mail:<\/strong> <a href=\"mailto:steg@semmelweis.hu\">steg@semmelweis.hu<\/a><br \/>\n<em>Id\u0151pont k\u00e9r\u00e9sre, m\u0171t\u00e9ti el\u0151jegyz\u00e9sre email-en kereszt\u00fcl nincsen m\u00f3d! <a href=\"https:\/\/semmelweis.hu\/sebeszet\/betegellatas\/bejelentkezes\/\">Betegel\u0151jegyz\u00e9sr\u0151l b\u0151vebben \u2192<\/a><\/em><\/p>\n<h5>Gasztroenterol\u00f3giai oszt\u00e1lyon fekv\u0151 betegekkel kapcsolatos \u00e9rdekl\u0151d\u00e9s az al\u00e1bbi sz\u00e1mon lehets\u00e9ges<\/h5>\n<p><strong>Telefonsz\u00e1m:<\/strong> +36 20 825 8684<br \/>\nH\u00edvhat\u00f3 minden nap 13-14 \u00f3ra k\u00f6z\u00f6tt<\/p>\n<p><a class=\"btn btn-secondary\" href=\"https:\/\/www.facebook.com\/Sebeszeti.Traszplantacios.Gasztro.Klinika\/\" target=\"_blank\" rel=\"noopener\">Keresse fel Facebook-oldalunkat<\/a><\/p>\n\n<!-- iframe plugin v.4.9 wordpress.org\/plugins\/iframe\/ -->\n<iframe loading=\"lazy\" src=\"https:\/\/www.google.com\/maps\/embed?pb=!1m18!1m12!1m3!1d2696.3839413685705!2d19.079972!3d47.48243340000002!2m3!1f0!2f0!3f0!3m2!1i1024!2i768!4f13.1!3m3!1m2!1s0x4741dce42f6edf0d%3A0xd3829506ecc86745!2sSemmelweis+Egyetem+I.+Sz.+Seb%C3%A9szeti+Klinika!5e0!3m2!1shu!2shu!4v1443132418057\" width=\"100%\" height=\"350\" scrolling=\"yes\" class=\"iframe-class\" frameborder=\"0\"><\/iframe>\n\n<p>&nbsp;<\/p>\n","protected":false},"excerpt":{"rendered":"<p>Miel\u0151tt felvenn\u00e9 vel\u00fcnk a kapcsolatot, k\u00e9rj\u00fck, olvassa el az \u00e1ltal\u00e1nos betegt\u00e1j\u00e9koztat\u00f3nkat. Seb\u00e9szeti, Transzplant\u00e1ci\u00f3s \u00e9s Gasztroenterol\u00f3giai Klinika, Semmelweis Egyetem \u00c1ltal\u00e1nos kapcsolatfelv\u00e9tel: C\u00edm: 1082 Budapest \u00dcll\u0151i \u00fat 78. Telefon: +36 1 459 1500 &#8211; 52120 mell\u00e9k E-mail: <a href=\"mailto:steg@semmelweis.hu\">steg@semmelweis.hu<\/a> Id\u0151pont k\u00e9r\u00e9sre, m\u0171t\u00e9ti el\u0151jegyz\u00e9sre email-en kereszt\u00fcl nincsen m\u00f3d! <a href=\"https:\/\/semmelweis.hu\/sebeszet\/betegellatas\/bejelentkezes\/\">Betegel\u0151jegyz\u00e9sr\u0151l b\u0151vebben \u2192<\/a> Gasztroenterol\u00f3giai oszt\u00e1lyon fekv\u0151 betegekkel kapcsolatos \u00e9rdekl\u0151d\u00e9s az al\u00e1bbi sz\u00e1mon lehets\u00e9ges Telefonsz\u00e1m: +36 &hellip;<\/p>\n","protected":false},"author":41,"featured_media":0,"parent":0,"menu_order":8,"comment_status":"closed","ping_status":"closed","template":"template-fullwidth.php","meta":{"_acf_changed":false,"footnotes":""},"categories":[],"tags":[],"class_list":["post-80","page","type-page","status-publish","hentry"],"acf":[],"_links":{"self":[{"href":"https:\/\/semmelweis.hu\/sebeszet\/wp-json\/wp\/v2\/pages\/80","targetHints":{"allow":["GET"]}}],"collection":[{"href":"https:\/\/semmelweis.hu\/sebeszet\/wp-json\/wp\/v2\/pages"}],"about":[{"href":"https:\/\/semmelweis.hu\/sebeszet\/wp-json\/wp\/v2\/types\/page"}],"author":[{"embeddable":true,"href":"https:\/\/semmelweis.hu\/sebeszet\/wp-json\/wp\/v2\/users\/41"}],"replies":[{"embeddable":true,"href":"https:\/\/semmelweis.hu\/sebeszet\/wp-json\/wp\/v2\/comments?post=80"}],"version-history":[{"count":11,"href":"https:\/\/semmelweis.hu\/sebeszet\/wp-json\/wp\/v2\/pages\/80\/revisions"}],"predecessor-version":[{"id":9393,"href":"https:\/\/semmelweis.hu\/sebeszet\/wp-json\/wp\/v2\/pages\/80\/revisions\/9393"}],"wp:attachment":[{"href":"https:\/\/semmelweis.hu\/sebeszet\/wp-json\/wp\/v2\/media?parent=80"}],"wp:term":[{"taxonomy":"category","embeddable":true,"href":"https:\/\/semmelweis.hu\/sebeszet\/wp-json\/wp\/v2\/categories?post=80"},{"taxonomy":"post_tag","embeddable":true,"href":"https:\/\/semmelweis.hu\/sebeszet\/wp-json\/wp\/v2\/tags?post=80"}],"curies":[{"name":"wp","href":"https:\/\/api.w.org\/{rel}","templated":true}]}}