{"id":7674,"date":"2022-10-17T13:31:32","date_gmt":"2022-10-17T11:31:32","guid":{"rendered":"https:\/\/semmelweis.hu\/sebeszet\/?page_id=7674"},"modified":"2024-10-21T11:41:39","modified_gmt":"2024-10-21T09:41:39","slug":"futo-klinikai-vizsgalatok","status":"publish","type":"page","link":"https:\/\/semmelweis.hu\/sebeszet\/kutatas\/futo-klinikai-vizsgalatok\/","title":{"rendered":"Fut\u00f3 klinikai vizsg\u00e1latok"},"content":{"rendered":"<div class=\"responsive-tabs\">\n<h2 class=\"tabtitle\">Klinika vizsg\u00e1latok<\/h2>\n<div class=\"tabcontent\">\n\n<ul>\n<li><a href=\"https:\/\/semmelweis.hu\/sebeszet\/files\/2024\/10\/Klinika_-vizsgalatok_20241018.pdf\">Klinika vizsg\u00e1latok (2024.10.21)<\/a><\/li>\n<\/ul>\n\n<\/div><h2 class=\"tabtitle\">Arch\u00edvum<\/h2>\n<div class=\"tabcontent\">\n\n<p>Study (vizsg\u00e1lat) elnevez\u00e9se: SSI Surveillance 2021 &#8211; a sebfert\u0151z\u00e9sek el\u0151fordul\u00e1sa az I. Sz. Seb\u00e9szeti Klinik\u00e1n <br \/>\nNyilv\u00e1ntart\u00e1si sz\u00e1m:<br \/>\nStudy vezet\u0151: Dr. Szij\u00e1rt\u00f3 Attila, Dr. F\u00fcl\u00f6p Andr\u00e1s<br \/>\nVizsg\u00e1lat c\u00e9lja: A sebfert\u0151z\u00e9sek gyakoris\u00e1g\u00e1nak meghat\u00e1roz\u00e1sa a klinik\u00e1nkon egym\u00e1st k\u00f6vet\u0151en oper\u00e1lt 100 beteg adatai alapj\u00e1n.<br \/>\nKezd\u0151 id\u0151pont: 2021.06.01.<br \/>\nBefejez\u0151 id\u0151pont: 2021.09.30.<\/p>\n<p>Study (vizsg\u00e1lat) elnevez\u00e9se: Prevenci\u00f3s szeml\u00e9let, Prehabilit\u00e1ci\u00f3s Program bevezet\u00e9se a fels\u0151 t\u00e1pcsatorna tumorainak seb\u00e9szi ell\u00e1t\u00e1s\u00e1ban <br \/>\nNyilv\u00e1ntart\u00e1si sz\u00e1m: IV\/8165-1\/2020\/EKU <br \/>\nStudy vezet\u0151: Dr. Szij\u00e1rt\u00f3 Attila, Dr. Vass Tam\u00e1s <br \/>\nVizsg\u00e1lat c\u00e9lja: Els\u0151dleges c\u00e9lunk egy olyan fizik\u00e1lis, t\u00e1pl\u00e1l\u00e1si, pszich\u00e9s, ment\u00e1lis el\u0151k\u00e9sz\u00edt\u00e9si program kialak\u00edt\u00e1sa, melynek a komplex onkol\u00f3giai kezel\u00e9s alatti alkalmaz\u00e1sa a daganatos betegeket alkalmass\u00e1, kell\u0151en teherb\u00edr\u00f3v\u00e1 teszi az egy\u00e9bk\u00e9nt nagy kock\u00e1zat\u00fa seb\u00e9szeti beavatkoz\u00e1sokra. <br \/>\nKezd\u0151 id\u0151pont: 2020.10.01.<br \/>\nBefejez\u0151 id\u0151pont: 2022.09.30.<\/p>\n<p>Study (vizsg\u00e1lat) elnevez\u00e9se: A pancreas feji- \u00e9s periampullaris tumorok okozott s\u00e1rgas\u00e1g \u2013 a preoperat\u00edv epe\u00fati drainagesz\u00fcks\u00e9gess\u00e9ge (PEAR)Nyilv\u00e1ntart\u00e1si sz\u00e1m: IV\/7455-6\/2020\/EKU (TUKEB, TRIALS protokoll sz\u00e1m folyamatban)<br \/>\nStudy vezet\u0151: dr. Sz\u00fccs \u00c1kos &#8211; dr. Marjai Tam\u00e1s<br \/>\nStudy r\u00e9sztvev\u0151k: I. sz. Seb\u00e9szeti \u00e9s Intervenci\u00f3s Gasztroenterol\u00f3giai Klinika; P\u00e9csi Tudom\u00e1nyegyetem Klinikai K\u00f6zponti Kar Seb\u00e9szeti Klinika; Szegedi Tudom\u00e1nyegyetem Egyetem \u00c1ltal\u00e1nos Orvostudom\u00e1nyi Kar Seb\u00e9szeti Klinika, Petz Alad\u00e1r Megyei Oktat\u00f3 K\u00f3rh\u00e1z \u00c1ltal\u00e1nos Seb\u00e9szeti Oszt\u00e1ly, Uzsoki Utcai K\u00f3rh\u00e1z Seb\u00e9szeti &#8211; onkoseb\u00e9szeti oszt\u00e1ly,<br \/>\nVizsg\u00e1lat c\u00e9lja: A mechanicus icterust okoz\u00f3 pancreas feji- vagy periampullaris tumorok eset\u00e9n jelenleg nem \u00e1llrendelkez\u00e9sre meggy\u0151z\u0151 bizony\u00edt\u00e9k arra vonatkoz\u00f3an, hogy preoperat\u00edv drainage-t, vagy primerm\u0171t\u00e9tet v\u00e1lasszunk. A PEAR az els\u0151 olyan tanulm\u00e1ny, mely egy olyan egyszer\u0171en \u00e9s praktikusanhaszn\u00e1lhat\u00f3 \u201escore\u201d rendszer l\u00e9trehoz\u00e1s\u00e1t c\u00e9lozza, mely seg\u00edti a klinikusok d\u00f6nt\u00e9s\u00e9t a preoperat\u00edvdrainage \u00e9s a primer m\u0171t\u00e9t k\u00f6z\u00f6tt.Bevonni k\u00edv\u00e1nt esetsz\u00e1m: 806<br \/>\nKezd\u0151 id\u0151pont: 2020. okt\u00f3ber<br \/>\nBefejez\u0151 id\u0151pont: 2022. okt\u00f3ber<\/p>\n<p>Study (vizsg\u00e1lat) elnevez\u00e9se: D-PLEX 311<br \/>\nNyilv\u00e1ntart\u00e1si sz\u00e1m: CL-0027<br \/>\nStudy vezet\u0151: dr. Hars\u00e1nyi L\u00e1szl\u00f3<br \/>\nStudy r\u00e9sztvev\u0151k: dr. Kokas B\u00e1lint, dr. B\u00e1rdos D\u00e1vid, dr. Ill\u00e9s Krist\u00f3f<br \/>\nVizsg\u00e1lat c\u00e9lja: Safety and Efficacy of D\u2010PLEX in the Prevention of Post Abdominal Surgery Incisional Infection<br \/>\nBevonni k\u00edv\u00e1nt esetsz\u00e1m: (\u00f6sseszen 600) klinik\u00e1r\u00f3l min. 10 <br \/>\nKezd\u0151 id\u0151pont: v\u00e1rhat\u00f3an 2021.05.<br \/>\nBefejez\u0151 id\u0151pont: 2022.05<\/p>\n<p>Study (vizsg\u00e1lat) elnevez\u00e9se: CNTO1959UCO3001-Quasar<br \/>\nNyilv\u00e1ntart\u00e1si sz\u00e1m: CNTO1959UCO3001<br \/>\nStudy vezet\u0151: Dr. Miheller P\u00e1l<br \/>\nStudy r\u00e9sztvev\u0151k: Dr. Horv\u00e1th Mikl\u00f3s, Dr. Kerek Attila, Szvitek Ilona<br \/>\nVizsg\u00e1lat c\u00e9lja: A guszelkumab hat\u00e1soss\u00e1g\u00e1nak \u00e9s biztons\u00e1goss\u00e1g\u00e1nak 2b\/3. f\u00e1zis\u00fa, randomiz\u00e1lt, kett\u0151s vak, placebokontrollos, p\u00e1rhuzamos csoportos, t\u00f6bb vizsg\u00e1l\u00f3helyen zajl\u00f3 vizsg\u00e1lata k\u00f6z\u00e9ps\u00fayos\/s\u00falyos akt\u00edv fek\u00e9lyes vastagb\u00e9lgyullad\u00e1sban szenved\u0151k k\u00f6r\u00e9ben.<br \/>\nBevonni k\u00edv\u00e1nt esetsz\u00e1m: 5<br \/>\nKezd\u0151 id\u0151pont: 2019.12.11<br \/>\nBefejez\u0151 id\u0151pont: +3 \u00e9v<\/p>\n<p>Study (vizsg\u00e1lat) elnevez\u00e9se: CT-P13- 3.8<br \/>\nNyilv\u00e1ntart\u00e1si sz\u00e1m: CT-P13- 3.8<br \/>\nStudy vezet\u0151: Dr Miheller P\u00e1l<br \/>\nStudy r\u00e9sztvev\u0151k: Dr. Horv\u00e1th Mikl\u00f3s, Dr. Hritz Istv\u00e1n, Dr. Kerek Attila, <br \/>\nBandi T\u00fcnde, Szvitek Ilona<br \/>\nVizsg\u00e1lat c\u00e9lja: 3. f\u00e1zis\u00fa, randomiz\u00e1lt placebokontrollos kett\u0151s-vak vizsg\u00e1lat a szub-kut\u00e1n CT-P13 injekci\u00f3, mint fenntart\u00f3 ter\u00e1pia hat\u00e1soss\u00e1g\u00e1nak \u00e9s biztons\u00e1goss\u00e1g\u00e1nak \u00e9rt\u00e9kel\u00e9se k\u00f6z\u00e9ps\u00falyos \u00e9s s\u00falyos akt\u00edv Chron-betegs\u00e9gben szenved\u0151kn\u00e9l. <br \/>\nBevonni k\u00edv\u00e1nt esetsz\u00e1m: 5<br \/>\nKezd\u0151 id\u0151pont: 2019.11.27<br \/>\nBefejez\u0151 id\u0151pont: +2 \u00e9v<\/p>\n<p>Study (vizsg\u00e1lat) elnevez\u00e9se: FM101-CTP2-001 A Randomized Study to Explore the Safety, Tolerability, Pharmacokinetics, and Efficacy of FM101 in Patients with NAFLD or NASH<br \/>\nNyilv\u00e1ntart\u00e1si sz\u00e1m: enged\u00e9lyek k\u00e9r\u00e9sre folyamatban van, de site number is 102.<br \/>\nStudy vezet\u0151: Dr. Werling Kl\u00e1ra<br \/>\nStudy r\u00e9sztvev\u0151k: Dr. Hagym\u00e1si Krisztina<br \/>\nVizsg\u00e1lat c\u00e9lja:\u00a0adenozin 3 receptor agonista hat\u00e9konys\u00e1g\u00e1nak vizsg\u00e1lata NAFLD-ben<br \/>\nBevonni k\u00edv\u00e1nt esetsz\u00e1m: 30<br \/>\nKezd\u0151 id\u0151pont: 2021<br \/>\nBefejez\u0151 id\u0151pont: <span style=\"font-size: 1rem\">2022<\/span>\u00a0 \u00a0<\/p>\n<p>Study (vizsg\u00e1lat) elnevez\u00e9se: AMBER \u2013 Autoimmun M\u00e1jbetegs\u00e9gek regisztere<br \/>\nNyilv\u00e1ntart\u00e1si sz\u00e1m:<br \/>\nStudy vezet\u0151: Dr. Papp M\u00e1ria<br \/>\nStudy r\u00e9sztvev\u0151k: Dr. Werling Kl\u00e1ra, Dr. Hagym\u00e1si Krisztina<br \/>\nVizsg\u00e1lat c\u00e9lja: Az autoimmun m\u00e1jbetegs\u00e9gek gyakoris\u00e1g\u00e1nak, lefoly\u00e1s\u00e1nak, kezel\u00e9s\u00e9nek Magyarorsz\u00e1gi \u00f6sszefoglal\u00e1sa<br \/>\nBevonni k\u00edv\u00e1nt esetsz\u00e1m: 70<br \/>\nKezd\u0151 id\u0151pont: 2019<br \/>\nBefejez\u0151 id\u0151pont: 2029<\/p>\n<p>Study (vizsg\u00e1lat) elnevez\u00e9se: European Reference Network rare Hepatological Disease: ERN Rare -Liver<br \/>\nNyilv\u00e1ntart\u00e1si sz\u00e1m: TuKEB eng: 10290-2\/2019<br \/>\nStudy vezet\u0151: Dr. Papp M\u00e1ria<br \/>\nStudy r\u00e9sztvev\u0151k: Dr. Werling Kl\u00e1ra, Dr. Hagym\u00e1si Krisztina<br \/>\nVizsg\u00e1lat c\u00e9lja: Ritka m\u00e1jbetegs\u00e9ge magyarorsz\u00e1gi adatainak feldolgoz\u00e1sa az eur\u00f3pai adatb\u00e1zishoz<br \/>\nBevonni k\u00edv\u00e1nt esetsz\u00e1m: 20<br \/>\nKezd\u0151 id\u0151pont: 2019<br \/>\nBefejez\u0151 id\u0151pont: 2029<\/p>\n<p>Study (vizsg\u00e1lat) elnevez\u00e9se: CYMABAY &#8211; PBC<br \/>\nNyilv\u00e1ntart\u00e1si sz\u00e1m: folyamatban<br \/>\nStudy vezet\u0151: folyamatban<br \/>\nStudy r\u00e9sztvev\u0151k: Dr. Hagym\u00e1si Krisztina<br \/>\nVizsg\u00e1lat c\u00e9lja: folyamatban<br \/>\nBevonni k\u00edv\u00e1nt esetsz\u00e1m: folyamatban<br \/>\nKezd\u0151 id\u0151pont: folyamatban<br \/>\nBefejez\u0151 id\u0151pont: folyamatban<\/p>\n<p>Study (vizsg\u00e1lat) elnevez\u00e9se: NUT-3 NASH<br \/>\nNyilv\u00e1ntart\u00e1si sz\u00e1m: folyamatban<br \/>\nStudy vezet\u0151: folyamatban<br \/>\nStudy r\u00e9sztvev\u0151k: Dr. Hagym\u00e1si Krisztina<br \/>\nVizsg\u00e1lat c\u00e9lja: folyamatban<br \/>\nBevonni k\u00edv\u00e1nt esetsz\u00e1m: folyamatban<br \/>\nKezd\u0151 id\u0151pont: folyamatban<br \/>\nBefejez\u0151 id\u0151pont: folyamatban<\/p>\n<p>Study (vizsg\u00e1lat) elnevez\u00e9se: BioHealx<br \/>\nNyilv\u00e1ntart\u00e1si sz\u00e1m: SP001 REV 2.0<br \/>\nStudy vezet\u0151: Dr. \u00d3nody P\u00e9ter<br \/>\nStudy r\u00e9sztvev\u0151k: Dr. Ferreira G\u00e1bor, Kalo Eszter<br \/>\nVizsg\u00e1lat c\u00e9lja: Pr\u00f3ba tanulm\u00e1ny a Signum Surgical BioHealx analis Fistula Eszk\u00f6z \u00e9rt\u00e9kel\u00e9s\u00e9re<br \/>\nBevonni k\u00edv\u00e1nt esetsz\u00e1m: 25<br \/>\nKezd\u0151 id\u0151pont: 2019<br \/>\nBefejez\u0151 id\u0151pont: 2021<\/p>\n<p>Study (vizsg\u00e1lat) elnevez\u00e9se: Digit\u00e1lis mobilalkalmaz\u00e1s haszn\u00e1lhat\u00f3s\u00e1g\u00e1nak \u00e9s hat\u00e9konys\u00e1g\u00e1nak vizsg\u00e1lata elekt\u00edv m\u0171t\u00e9tek vonatkoz\u00e1s\u00e1ban<br \/>\nNyilv\u00e1ntart\u00e1si sz\u00e1m: IV\/1925-1\/2021\/EKU<br \/>\nStudy vezet\u0151: Dr. Szij\u00e1rt\u00f3 Attila<br \/>\nStudy r\u00e9sztvev\u0151k: Dr. F\u00fcl\u00f6p Andr\u00e1s, Dr. Csuja N\u00e1ndor<br \/>\nVizsg\u00e1lat c\u00e9lja: Digit\u00e1lis mobilalkalmaz\u00e1s haszn\u00e1lhat\u00f3s\u00e1g\u00e1nak \u00e9s hat\u00e9konys\u00e1g\u00e1nak vizsg\u00e1lata elekt\u00edv m\u0171t\u00e9tek vonatkoz\u00e1s\u00e1ban<br \/>\nBevonni k\u00edv\u00e1nt esetsz\u00e1m: 150 <br \/>\nKezd\u0151 id\u0151pont: 2021.04.01 <br \/>\nBefejez\u0151 id\u0151pont: 2024.03.31<\/p>\n<p>Study (vizsg\u00e1lat) elnevez\u00e9se: A seb\u00e9szeket \u00e9r\u0151 m\u0171t\u00e9ti megterhel\u00e9s vizsg\u00e1lata<br \/>\nNyilv\u00e1ntart\u00e1si sz\u00e1m: IV\/1887-1\/2021\/EKU<br \/>\nStudy vezet\u0151: Dr. Szij\u00e1rt\u00f3 Attila<br \/>\nStudy r\u00e9sztvev\u0151k: Dr. Vass Tam\u00e1s, Dr. Szab\u00f3 Marcell<br \/>\nVizsg\u00e1lat c\u00e9lja: A seb\u00e9szeket \u00e9r\u0151 m\u0171t\u00e9ti megterhel\u00e9s vizsg\u00e1lata<br \/>\nBevonni k\u00edv\u00e1nt esetsz\u00e1m: 20<br \/>\nKezd\u0151 id\u0151pont: 2021.03.01 <br \/>\nBefejez\u0151 id\u0151pont: 2022.02.28<\/p>\n<p>Study (vizsg\u00e1lat) elnevez\u00e9se: 3. f\u00e1zis\u00fa, randomiz\u00e1lt, kett\u0151s vak, akt\u00edv kontrollos vizsg\u00e1lat a Clostridium difficile fert\u0151z\u00e9s (CDI) kezel\u00e9s\u00e9re 10 napig alkalmazott ridinilazol (200 mg, naponta k\u00e9tszer) \u00e9s 10 napig alkalmazott vankomicin (125 mg, naponta n\u00e9gyszer) hat\u00e1soss\u00e1g\u00e1nak \u00e9s biztons\u00e1goss\u00e1g\u00e1nak \u00f6sszehasonl\u00edt\u00e1s\u00e1ra<br \/>\nNyilv\u00e1ntart\u00e1si sz\u00e1m: 26851-0\/2019-EKL<br \/>\nStudy vezet\u0151: Dr. Szij\u00e1rt\u00f3 Attila<br \/>\nStudy r\u00e9sztvev\u0151k: Dr. Miheller P\u00e1l, Dr. Bencze Vikt\u00f3ria, Dr. Bokor L\u00edvia<br \/>\nVizsg\u00e1lat c\u00e9lja: A 10 napos ridinilazol-adagol\u00e1s (200 mg naponta k\u00e9tszer) hat\u00e1soss\u00e1g\u00e1nak \u00f6sszehasonl\u00edt\u00e1sa a vankomicin\u00e9vel (125 mg naponta n\u00e9gyszer) CDI-ben szenved\u0151 betegek kezel\u00e9s\u00e9ben<br \/>\nBevonni k\u00edv\u00e1nt esetsz\u00e1m:<br \/>\nKezd\u0151 id\u0151pont: 2021.05.20<br \/>\nBefejez\u0151 id\u0151pont: 2022.01.31<\/p>\n<\/div><\/div>\n","protected":false},"excerpt":{"rendered":"<p><a href=\"https:\/\/semmelweis.hu\/sebeszet\/files\/2024\/10\/Klinika_-vizsgalatok_20241018.pdf\">Klinika vizsg\u00e1latok (2024.10.21)<\/a> Study (vizsg\u00e1lat) elnevez\u00e9se: SSI Surveillance 2021 &#8211; a sebfert\u0151z\u00e9sek el\u0151fordul\u00e1sa az I. Sz. Seb\u00e9szeti Klinik\u00e1n Nyilv\u00e1ntart\u00e1si sz\u00e1m: Study vezet\u0151: Dr. Szij\u00e1rt\u00f3 Attila, Dr. F\u00fcl\u00f6p Andr\u00e1s Vizsg\u00e1lat c\u00e9lja: A sebfert\u0151z\u00e9sek gyakoris\u00e1g\u00e1nak meghat\u00e1roz\u00e1sa a klinik\u00e1nkon egym\u00e1st k\u00f6vet\u0151en oper\u00e1lt 100 beteg adatai alapj\u00e1n. Kezd\u0151 id\u0151pont: 2021.06.01. Befejez\u0151 id\u0151pont: 2021.09.30. Study (vizsg\u00e1lat) elnevez\u00e9se: Prevenci\u00f3s szeml\u00e9let, Prehabilit\u00e1ci\u00f3s Program bevezet\u00e9se a &hellip;<\/p>\n","protected":false},"author":101236,"featured_media":0,"parent":91,"menu_order":2,"comment_status":"closed","ping_status":"closed","template":"","meta":{"_acf_changed":false,"footnotes":""},"categories":[],"tags":[],"class_list":["post-7674","page","type-page","status-publish","hentry"],"acf":[],"_links":{"self":[{"href":"https:\/\/semmelweis.hu\/sebeszet\/wp-json\/wp\/v2\/pages\/7674","targetHints":{"allow":["GET"]}}],"collection":[{"href":"https:\/\/semmelweis.hu\/sebeszet\/wp-json\/wp\/v2\/pages"}],"about":[{"href":"https:\/\/semmelweis.hu\/sebeszet\/wp-json\/wp\/v2\/types\/page"}],"author":[{"embeddable":true,"href":"https:\/\/semmelweis.hu\/sebeszet\/wp-json\/wp\/v2\/users\/101236"}],"replies":[{"embeddable":true,"href":"https:\/\/semmelweis.hu\/sebeszet\/wp-json\/wp\/v2\/comments?post=7674"}],"version-history":[{"count":6,"href":"https:\/\/semmelweis.hu\/sebeszet\/wp-json\/wp\/v2\/pages\/7674\/revisions"}],"predecessor-version":[{"id":8939,"href":"https:\/\/semmelweis.hu\/sebeszet\/wp-json\/wp\/v2\/pages\/7674\/revisions\/8939"}],"up":[{"embeddable":true,"href":"https:\/\/semmelweis.hu\/sebeszet\/wp-json\/wp\/v2\/pages\/91"}],"wp:attachment":[{"href":"https:\/\/semmelweis.hu\/sebeszet\/wp-json\/wp\/v2\/media?parent=7674"}],"wp:term":[{"taxonomy":"category","embeddable":true,"href":"https:\/\/semmelweis.hu\/sebeszet\/wp-json\/wp\/v2\/categories?post=7674"},{"taxonomy":"post_tag","embeddable":true,"href":"https:\/\/semmelweis.hu\/sebeszet\/wp-json\/wp\/v2\/tags?post=7674"}],"curies":[{"name":"wp","href":"https:\/\/api.w.org\/{rel}","templated":true}]}}