{"id":7587,"date":"2022-09-15T09:19:13","date_gmt":"2022-09-15T07:19:13","guid":{"rendered":"https:\/\/semmelweis.hu\/sebeszet\/?page_id=7587"},"modified":"2025-08-25T11:10:51","modified_gmt":"2025-08-25T09:10:51","slug":"szabadon-valaszthato-tantargyak","status":"publish","type":"page","link":"https:\/\/semmelweis.hu\/sebeszet\/oktatas\/gradualis-kepzes\/szabadon-valaszthato-tantargyak\/","title":{"rendered":"Szabadon v\u00e1laszthat\u00f3 tant\u00e1rgyak"},"content":{"rendered":"<p style=\"text-align: center\"><span style=\"font-size: 18pt\"><strong>SZABADON V\u00c1LASZTHAT\u00d3 TANT\u00c1RGYAK A SEB\u00c9SZETI, TRANSZPLANT\u00c1CI\u00d3S \u00c9S GASZTROENTEROL\u00d3GIAI KLINIK\u00c1N<\/strong><\/span><\/p>\n<p>&nbsp;<\/p>\n<p><strong>Plasztikai seb\u00e9szet helye az \u00e1ltal\u00e1nos seb\u00e9szetben<\/strong><\/p>\n<ul>\n<li>K\u00f6vetelm\u00e9nyrendszer<\/li>\n<li><a href=\"https:\/\/semmelweis.hu\/sebeszet\/files\/2025\/08\/Plasztikai-sebeszet-helye-az-altalanos-sebeszetben-2025-2026.pdf\">Oktat\u00e1si beoszt\u00e1s (2025\/2026 I. f\u00e9l\u00e9v)<\/a><\/li>\n<\/ul>\n<p><strong>T\u00e1pl\u00e1l\u00e1ster\u00e1pia a gasztroenterol\u00f3giai k\u00f3rk\u00e9pek kezel\u00e9s\u00e9ben &#8211; klinikai fakult\u00e1ci\u00f3<\/strong><\/p>\n<ul>\n<li>K\u00f6vetelm\u00e9nyrendszer<\/li>\n<li><a href=\"https:\/\/semmelweis.hu\/sebeszet\/files\/2025\/08\/Taplalasterapia-a-gasztroenterologiai-korkepek-kezeleseben-klinikai-fakultacio-2025-2026.pdf\">Oktat\u00e1si beoszt\u00e1s (2025\/2026 I. f\u00e9l\u00e9v)<\/a><\/li>\n<\/ul>\n<div dir=\"ltr\">\n<div>\n<p><strong>A szervtranszplant\u00e1ci\u00f3 \u00e9s hat\u00e1rter\u00fcletei (angol nyelven)<\/strong><\/p>\n<ul>\n<li>K\u00f6vetelm\u00e9nyrendszer<\/li>\n<li><a href=\"https:\/\/semmelweis.hu\/sebeszet\/files\/2025\/08\/Organ-Transplantation-2025-2026.pdf\">Oktat\u00e1si beoszt\u00e1s (2025\/2026 I. f\u00e9l\u00e9v)<\/a><\/li>\n<\/ul>\n<\/div>\n<\/div>\n","protected":false},"excerpt":{"rendered":"<p>SZABADON V\u00c1LASZTHAT\u00d3 TANT\u00c1RGYAK A SEB\u00c9SZETI, TRANSZPLANT\u00c1CI\u00d3S \u00c9S GASZTROENTEROL\u00d3GIAI KLINIK\u00c1N<br \/>\n&nbsp;<br \/>\nPlasztikai seb\u00e9szet helye az \u00e1ltal\u00e1nos seb\u00e9szetben<\/p>\n<p>K\u00f6vetelm\u00e9nyrendszer<br \/>\n<a href=\"https:\/\/semmelweis.hu\/sebeszet\/files\/2025\/08\/Plasztikai-sebeszet-helye-az-altalanos-sebeszetben-2025-2026.pdf\">Oktat\u00e1si beoszt\u00e1s (2025\/2026 I. f\u00e9l\u00e9v)<\/a><\/p>\n<p>T\u00e1pl\u00e1l\u00e1ster\u00e1pia a gasztroenterol\u00f3giai k\u00f3rk\u00e9pek kezel\u00e9s\u00e9ben &#8211; klinikai fakult\u00e1ci\u00f3<\/p>\n<p>K\u00f6vetelm\u00e9nyrendszer<br \/>\n<a href=\"https:\/\/semmelweis.hu\/sebeszet\/files\/2025\/08\/Taplalasterapia-a-gasztroenterologiai-korkepek-kezeleseben-klinikai-fakultacio-2025-2026.pdf\">Oktat\u00e1si beoszt\u00e1s (2025\/2026 I. f\u00e9l\u00e9v)<\/a><\/p>\n<p>A szervtranszplant\u00e1ci\u00f3 \u00e9s hat\u00e1rter\u00fcletei (angol nyelven)<\/p>\n<p>K\u00f6vetelm\u00e9nyrendszer<br \/>\n<a href=\"https:\/\/semmelweis.hu\/sebeszet\/files\/2025\/08\/Organ-Transplantation-2025-2026.pdf\">Oktat\u00e1si beoszt\u00e1s (2025\/2026 I. f\u00e9l\u00e9v)<\/a><\/p>\n","protected":false},"author":101236,"featured_media":0,"parent":6110,"menu_order":7,"comment_status":"closed","ping_status":"closed","template":"","meta":{"_acf_changed":false,"footnotes":""},"categories":[],"tags":[],"class_list":["post-7587","page","type-page","status-publish","hentry"],"acf":[],"_links":{"self":[{"href":"https:\/\/semmelweis.hu\/sebeszet\/wp-json\/wp\/v2\/pages\/7587","targetHints":{"allow":["GET"]}}],"collection":[{"href":"https:\/\/semmelweis.hu\/sebeszet\/wp-json\/wp\/v2\/pages"}],"about":[{"href":"https:\/\/semmelweis.hu\/sebeszet\/wp-json\/wp\/v2\/types\/page"}],"author":[{"embeddable":true,"href":"https:\/\/semmelweis.hu\/sebeszet\/wp-json\/wp\/v2\/users\/101236"}],"replies":[{"embeddable":true,"href":"https:\/\/semmelweis.hu\/sebeszet\/wp-json\/wp\/v2\/comments?post=7587"}],"version-history":[{"count":10,"href":"https:\/\/semmelweis.hu\/sebeszet\/wp-json\/wp\/v2\/pages\/7587\/revisions"}],"predecessor-version":[{"id":9362,"href":"https:\/\/semmelweis.hu\/sebeszet\/wp-json\/wp\/v2\/pages\/7587\/revisions\/9362"}],"up":[{"embeddable":true,"href":"https:\/\/semmelweis.hu\/sebeszet\/wp-json\/wp\/v2\/pages\/6110"}],"wp:attachment":[{"href":"https:\/\/semmelweis.hu\/sebeszet\/wp-json\/wp\/v2\/media?parent=7587"}],"wp:term":[{"taxonomy":"category","embeddable":true,"href":"https:\/\/semmelweis.hu\/sebeszet\/wp-json\/wp\/v2\/categories?post=7587"},{"taxonomy":"post_tag","embeddable":true,"href":"https:\/\/semmelweis.hu\/sebeszet\/wp-json\/wp\/v2\/tags?post=7587"}],"curies":[{"name":"wp","href":"https:\/\/api.w.org\/{rel}","templated":true}]}}