{"id":7102,"date":"2021-12-13T09:03:33","date_gmt":"2021-12-13T08:03:33","guid":{"rendered":"https:\/\/semmelweis.hu\/sebeszet1\/?page_id=7102"},"modified":"2021-12-13T09:03:33","modified_gmt":"2021-12-13T08:03:33","slug":"mutet-utani-szovodmenyek-veseatultetes","status":"publish","type":"page","link":"https:\/\/semmelweis.hu\/sebeszet\/szervatultetes\/a-veseatultetesrol\/mutet-utani-szovodmenyek-veseatultetes\/","title":{"rendered":"M\u0171t\u00e9t ut\u00e1ni sz\u00f6v\u0151dm\u00e9nyek \u2013 vese\u00e1t\u00fcltet\u00e9s"},"content":{"rendered":"<h3 style=\"text-align: justify\">M\u0170T\u00c9T UT\u00c1NI KOMPLIK\u00c1CI\u00d3K<\/h3>\n<p style=\"text-align: justify\">Minden beteg, aki nagy seb\u00e9szi beavatkoz\u00e1son esik \u00e1t, tapasztalhat m\u0171t\u00e9t ut\u00e1ni sz\u00f6v\u0151dm\u00e9nyeket. A transzplant\u00e1ci\u00f3n \u00e1tesett betegek eset\u00e9n fokozott ennek a vesz\u00e9lye, mivel immunszuppresszi\u00f3ban r\u00e9szes\u00fclnek, ami g\u00e1tolja az immunrendszer\u00fcket \u00e9s a fert\u0151z\u00e9sekkel szembeni v\u00e9dekez\u0151k\u00e9pess\u00e9g\u00fcket. A legt\u00f6bb beteg \u00e9szlel valamilyen sz\u00f6v\u0151dm\u00e9nyt a transzplant\u00e1ci\u00f3 ut\u00e1ni els\u0151 hetekben, ez\u00e9rt ne agg\u00f3djon, ha valami probl\u00e9m\u00e1ja jelentkezik. A transzplant\u00e1ci\u00f3s k\u00f6zpont orvosai mindent megtesznek az\u00e9rt, hogy a sz\u00f6v\u0151dm\u00e9nyek val\u00f3sz\u00edn\u0171s\u00e9g\u00e9t cs\u00f6kkents\u00e9k, \u00e9s ha m\u00e9gis el\u0151fordulnak, gyorsan kezelik azokat. Ha pontosan betartja orvosa el\u0151\u00edr\u00e1sait \u00e9s \u00e9rtes\u00edti \u0151t arr\u00f3l, ha b\u00e1rmilyen probl\u00e9m\u00e1t \u00e9szlel, hamarosan \u00fajra kezdheti az eg\u00e9szs\u00e9ges, akt\u00edv \u00e9letet.<\/p>\n<div class=\"kiemeles_box\" style=\"text-align: justify\">\n<p>A legt\u00f6bb beteg \u00e9szlel valamilyen sz\u00f6v\u0151dm\u00e9nyt a transzplant\u00e1ci\u00f3 ut\u00e1ni els\u0151 hetekben<\/p>\n<\/div>\n<h3 style=\"text-align: justify\">Kil\u00f6k\u0151d\u00e9si epiz\u00f3dok<\/h3>\n<p style=\"text-align: justify\">Az immunszuppressz\u00edv kezel\u00e9s seg\u00edt megakad\u00e1lyozni azt, hogy az immunrendszere kil\u00f6kje a ves\u00e9j\u00e9t. Ennek ellen\u00e9re, a m\u0171t\u00e9tet k\u00f6vet\u0151 els\u0151 nyolc h\u00e9tben sok beteg \u00e1tesik egy, esetleg k\u00e9t, enyhe, vagy k\u00f6z\u00e9ps\u00falyos kil\u00f6k\u0151d\u00e9si epiz\u00f3don. Ezek az epiz\u00f3dok ma m\u00e1r szinte mindig megford\u00edthat\u00f3k, ha az alkalmazott immunszuppressz\u00edv gy\u00f3gyszerek egyik\u00e9nek d\u00f3zis\u00e1t emelik, vagy id\u0151legesen egy \u00faj immunszuppressz\u00edv gy\u00f3gyszert, pl. OKT3-t adnak. Egyes esetekben \u00e1t\u00e1ll\u00edthatj\u00e1k \u00d6nt az egyik immunszuppressz\u00edv szerr\u0151l a m\u00e1sikra, pl. cyclosporinr\u00f3l tacrolimusra.<\/p>\n<h3 style=\"text-align: justify\">A kil\u00f6k\u0151d\u00e9s jelei<\/h3>\n<p style=\"text-align: justify\">Kezdetben lehet, hogy nem jelentkeznek a kil\u00f6k\u0151d\u00e9s egy\u00e9rtelm\u0171, fizik\u00e1lis t\u00fcnetei, de \u00e1ltal\u00e1nos k\u00f6z\u00e9rzet\u00e9ben megfigyelhet kis v\u00e1ltoz\u00e1sokat, pl. megmagyar\u00e1zhatatlan h\u0151emelked\u00e9st, esetleg l\u00e1zat, vagy \u00e1ltal\u00e1nos gyenges\u00e9get. Tiszt\u00e1ban kell lennie a kil\u00f6k\u0151d\u00e9s k\u00f6vetkez\u0151 t\u00fcneteivel is:<\/p>\n<ul style=\"text-align: justify\">\n<li>F\u00e1radts\u00e1g, rossz k\u00f6z\u00e9rzet, indokolatlan fesz\u00fclts\u00e9g\u00e9rz\u00e9s<\/li>\n<li>A transzplant\u00e1lt veset\u00e1ji fesz\u00fcl\u0151 f\u00e1jdalom, vagy nyom\u00e1s\u00e9rz\u00e9kenys\u00e9g<\/li>\n<li>Cs\u00f6kkent vizelettermel\u00e9s<\/li>\n<li>Folyad\u00e9kretenci\u00f3, s\u00falyn\u00f6veked\u00e9s, l\u00e1bdagad\u00e1s<\/li>\n<li>V\u00e9rnyom\u00e1s emelked\u00e9s<\/li>\n<li>38\u00b0C feletti l\u00e1z<\/li>\n<\/ul>\n<div class=\"kiemeles_box\" style=\"text-align: justify\">\n<p>NE FELEDJE!<\/p>\n<p>Ha id\u0151ben felismerik, a legt\u00f6bb kil\u00f6k\u0151d\u00e9si epiz\u00f3d sikeresen kezelhet\u0151.<\/p>\n<\/div>\n<h3 style=\"text-align: justify\">A kil\u00f6k\u0151d\u00e9s kezel\u00e9se<\/h3>\n<p style=\"text-align: justify\">Ha kil\u00f6k\u0151d\u00e9sre gyanakszanak, azt sok esetben biopszi\u00e1val ellen\u0151rzik. A kil\u00f6k\u0151d\u00e9si folyamat els\u0151 epiz\u00f3dj\u00e1t \u00e1ltal\u00e1ban r\u00f6vid ideig tart\u00f3, nagy d\u00f3zis\u00fa kortikoszteroid k\u00far\u00e1val (\u00fan. szteroidl\u00f6k\u00e9s) kezelik. Ha nem tapasztalhat\u00f3 javul\u00e1s, ism\u00e9t biopszi\u00e1t v\u00e9geznek a kortikoszteroid kezel\u00e9s hat\u00e9konys\u00e1g\u00e1nak ellen\u0151rz\u00e9s\u00e9re. Ha a k\u00f6z\u00e9ps\u00falyos kil\u00f6k\u0151d\u00e9s m\u00e9g mindig fenn \u00e1ll, vagy rosszabbodott a szteroid kezel\u00e9s ut\u00e1n, vagy, ha egy r\u00f6vid id\u0151 eltelt\u00e9vel a kil\u00f6k\u0151d\u00e9si reakci\u00f3 visszat\u00e9r, val\u00f3sz\u00edn\u0171leg egy hat\u00e9konyabb immunszupresszi\u00f3s kezel\u00e9sre, pl. OKT3-ra lesz sz\u00fcks\u00e9ge.<\/p>\n<p style=\"text-align: justify\">M\u00e1s gy\u00f3gyszerek, \u00edgy az antitimocita globulin (ATG) is adhat\u00f3k a s\u00falyos kil\u00f6k\u0151d\u00e9si reakci\u00f3k kezel\u00e9s\u00e9re. Szerencs\u00e9re, a jelenleg forgalomban lev\u0151 hat\u00e9kony immunszuppressz\u00edv szerek sz\u00e9les v\u00e1laszt\u00e9k\u00e1nak k\u00f6sz\u00f6nhet\u0151en a betegek csak igen kis sz\u00e1zal\u00e9k\u00e1n\u00e1l (1-2%) alakul ki befoly\u00e1solhatatlan kil\u00f6k\u0151d\u00e9si reakci\u00f3.<\/p>\n<h3 style=\"text-align: justify\">Fert\u0151z\u00e9sek<\/h3>\n<p style=\"text-align: justify\">M\u00edg az immunrendszer m\u0171k\u00f6d\u00e9s\u00e9nek g\u00e1tl\u00e1sa a kil\u00f6k\u0151d\u00e9s megakad\u00e1lyoz\u00e1s\u00e1hoz sz\u00fcks\u00e9ges, ez a kezel\u00e9s ugyanakkor rontja a szervezet fert\u0151z\u00e9sekkel szembeni v\u00e9dekez\u0151 k\u00e9pess\u00e9g\u00e9t. El\u0151fordulhat, hogy a m\u0171t\u00e9t ut\u00e1ni kezdeti szakaszban \u00e9rz\u00e9kenyebb lesz a megf\u00e1z\u00e1sokkal, v\u00edrusfert\u0151z\u00e9sekkel szemben.<\/p>\n<h3 style=\"text-align: justify\">A fert\u0151z\u00e9sek megel\u0151z\u00e9se<\/h3>\n<p style=\"text-align: justify\">A k\u00f6r\u00f6tt\u00fcnk lev\u0151 vil\u00e1gban sok mikroorganizmus \u00e9l, amelyek sz\u00e1mos k\u00fcl\u00f6nb\u00f6z\u0151 m\u0171k\u00f6d\u00e9shez sz\u00fcks\u00e9gesek. B\u00e1r fontos, hogy cs\u00f6kkentse az \u00e9rintkez\u00e9st a lehets\u00e9ges k\u00f3rokoz\u00f3 mikroorganizmusokkal, az\u00e9rt ne v\u00e1ljon remet\u00e9v\u00e9. Ellenkez\u0151leg, pr\u00f3b\u00e1ljon meg akt\u00edv \u00e9letet \u00e9lni, dolgozzon, utazzon, sz\u00f3rakozzon. Van n\u00e9h\u00e1ny egyszer\u0171 szab\u00e1ly, melyet, ha \u00d6n \u00e9s csal\u00e1dja betart, cs\u00f6kkenthet\u0151 a fert\u0151z\u00e9svesz\u00e9ly an\u00e9lk\u00fcl, hogy sz\u00fcks\u00e9gtelen\u00fcl korl\u00e1tozn\u00e1 \u00e9letm\u00f3dj\u00e1t. Ezek a k\u00f6vetkez\u0151k:<\/p>\n<ul style=\"text-align: justify\">\n<li>Pihenjen eleget<\/li>\n<li>T\u00e1pl\u00e1lkozzon eg\u00e9szs\u00e9gesen, \u00e9trendje legyen kiegyens\u00falyozott<\/li>\n<li>Mozogjon rendszeresen, \u00e9s tartsa tests\u00faly\u00e1t elfogadhat\u00f3 hat\u00e1rok k\u00f6z\u00f6tt<\/li>\n<li>Ker\u00fclje a zs\u00fafolt bev\u00e1s\u00e1rl\u00f3 k\u00f6zpontokat, sz\u00ednh\u00e1zakat, mozikat az influenz\u00e1s id\u0151szakokban<\/li>\n<li>Ne tal\u00e1lkozzon olyan szem\u00e9lyekkel, akikn\u00e9l akt\u00edv fert\u0151z\u00e9s, pl. n\u00e1tha, influenza zajlik<\/li>\n<li>Alaposan mossa meg a kez\u00e9t WC haszn\u00e1lat ut\u00e1n, \u00e9s \u00e9tkez\u00e9sek el\u0151tt<\/li>\n<li>Viseljen keszty\u0171t, ha kert\u00e9szkedik, vagy m\u00e1s, f\u00f6lddel kapcsolatos munk\u00e1t v\u00e9gez<\/li>\n<li>Ne doh\u00e1nyozzon!<\/li>\n<\/ul>\n<p style=\"text-align: justify\">N\u00e9ha azonban a fer<br \/>t\u0151z\u00e9s elker\u00fclhetetlen. Azonnal \u00e9rtes\u00edtse kezel\u0151 orvos\u00e1t, vagy a transzplant\u00e1ci\u00f3t v\u00e9gz\u0151 k\u00f6zpont orvosait, ha a k\u00f6vetkez\u0151k valamelyik\u00e9t \u00e9szleli:<\/p>\n<ul style=\"text-align: justify\">\n<li>38\u00b0C f\u00f6l\u00f6tti l\u00e1z, k\u00fcl\u00f6n\u00f6sen, ha hidegr\u00e1z\u00e1s k\u00eds\u00e9ri<\/li>\n<li>Hasmen\u00e9s, h\u00e1nyinger, h\u00e1ny\u00e1s, vagy megmagyar\u00e1zhatatlan fejf\u00e1j\u00e1s<\/li>\n<li>Kimer\u00fclts\u00e9g, \u00e9tv\u00e1gycs\u00f6kken\u00e9s<\/li>\n<li>L\u00e9gz\u00e9si neh\u00e9zs\u00e9g, vizel\u00e9si neh\u00e9zs\u00e9g, vagy azt k\u00eds\u00e9r\u0151 kellemetlen \u00e9rz\u00e9s, hasi f\u00e1jdalom<\/li>\n<li>B\u0151r-, vagy szemsz\u00edn\u00e9nek b\u00e1rmilyen v\u00e1ltoz\u00e1sa, vagy b\u0151rp\u00edr megjelen\u00e9se<\/li>\n<li>Nyel\u00e9skor jelentkez\u0151 f\u00e1jdalom<\/li>\n<\/ul>\n<p style=\"text-align: justify\">A gy\u00f3gyul\u00e1shoz sz\u00fcks\u00e9ges gy\u00f3gyszereket orvosa fogja fel\u00edrni \u00d6nnek.<\/p>\n<div class=\"kiemeles_box\" style=\"text-align: justify\">\n<p>N\u00e9ha a fert\u0151z\u00e9s elker\u00fclhetetlen<\/p>\n<\/div>\n<h3 style=\"text-align: justify\">V\u00e9d\u0151olt\u00e1sok<\/h3>\n<p style=\"text-align: justify\">Nem kaphat semmif\u00e9le \u00e9l\u0151, vagy gyeng\u00edtett k\u00f3rokoz\u00f3t tartalmaz\u00f3 v\u00e9d\u0151olt\u00e1st, \u00edgy pl. Szabin cseppet, rube\u00f3la vagy s\u00e1rgal\u00e1z elleni olt\u00e1st. Az el\u00f6lt, vagy inaktiv\u00e1lt k\u00f3rokoz\u00f3kkal t\u00f6rt\u00e9n\u0151 v\u00e9d\u0151olt\u00e1sok enged\u00e9lyezettek, de a v\u00e9d\u0151olt\u00e1s bead\u00e1sa el\u0151tt \u00e9rtes\u00edtse orvos\u00e1t, vagy transzplant\u00e1ci\u00f3s munkacsoportj\u00e1t. Ha bizonyos betegs\u00e9gekkel szemben bizonytalan v\u00e9detts\u00e9g\u00e9ben, k\u00e9rje meg orvos\u00e1t, hogy az immuniz\u00e1l\u00e1s el\u0151tt v\u00e9gezze el a megfelel\u0151 szerol\u00f3giai vizsg\u00e1latot.<\/p>\n<h3 style=\"text-align: justify\">K\u00f3ros vesem\u0171k\u00f6d\u00e9s<\/h3>\n<p style=\"text-align: justify\">Sok m\u00e1s veseprobl\u00e9m\u00e1n t\u00fal, egyes betegekben a tacrolimus, \u00e9s cyclosporin kezel\u00e9s ronthatja a vesem\u0171k\u00f6d\u00e9st. A vesem\u0171k\u00f6d\u00e9s roml\u00e1sa k\u00f6nnyen meg\u00e1llap\u00edthat\u00f3 a v\u00e9rmint\u00e1b\u00f3l m\u00e9rt kreatinin, \u00e9s v\u00e9r urea nitrog\u00e9n (BUN vagy CN) szint v\u00e1ltoz\u00e1s\u00e1b\u00f3l. Ez a k\u00e9t anyagcsereterm\u00e9k szervezet\u00fcnk norm\u00e1l m\u0171k\u00f6d\u00e9se sor\u00e1n k\u00e9pz\u0151dik, s k\u00f3rosan magas szinteket \u00e9r el, ha a ves\u00e9k gy\u00f3gyszer toxicit\u00e1s miatt rosszul m\u0171k\u00f6dnek. A legt\u00f6bb esetben ezek a mell\u00e9khat\u00e1sok d\u00f3zis f\u00fcgg\u0151ek, \u00e9s a d\u00f3zis cs\u00f6kkent\u00e9s\u00e9vel megsz\u00fcntethet\u0151k. A k\u00f3ros vesem\u0171k\u00f6d\u00e9s t\u00fcneteit neh\u00e9z felismerni, de ha azt veszi \u00e9szre, hogy \u00e9jszaka sok vizeletet \u00fcr\u00edt, vagy \u00e1lland\u00f3an f\u00e1radtnak \u00e9rzi mag\u00e1t, keresse fel orvos\u00e1t, vagy a transzplant\u00e1ci\u00f3s k\u00f6zpont orvos\u00e1t.<\/p>\n<h3 style=\"text-align: justify\">Cukorbetegs\u00e9g<\/h3>\n<p style=\"text-align: justify\">A cukorbetegs\u00e9g azt jelenti, hogy a v\u00e9rcukor szintje megemelkedett. Az \u00d6n \u00e1ltal szedett immunszuppressz\u00edv gy\u00f3gyszerek k\u00f6z\u00fcl egyesek cukorbetegs\u00e9get okozhat. \u00c9rtes\u00edtenie kell orvos\u00e1t, vagy a transzplant\u00e1ci\u00f3t v\u00e9gz\u0151 k\u00f6zpont orvos\u00e1t, ha a k\u00f6vetkez\u0151k valamelyik\u00e9t \u00e9szleli:<\/p>\n<ul style=\"text-align: justify\">\n<li>Fokozott, nem sz\u0171n\u0151 szomj\u00fas\u00e1g<\/li>\n<li>Gyakori vizel\u00e9s<\/li>\n<li>Hasi f\u00e1jdalom<\/li>\n<li>L\u00e1t\u00e1si zavar<\/li>\n<li>Zavarts\u00e1g<\/li>\n<\/ul>\n<p style=\"text-align: justify\">Ha cukorbetegs\u00e9g alakul ki \u00d6nn\u00e9l, a probl\u00e9ma megold\u00e1s\u00e1ra speci\u00e1lis kezel\u00e9st fog kapni. El\u0151seg\u00edtheti v\u00e9rcukor szintj\u00e9nek cs\u00f6kken\u00e9s\u00e9t, ha fogy, ha alaposan ellen\u0151rz\u00f6tt di\u00e9t\u00e1t folytat, \u00e9s rendszeresen mozog. Lehet, hogy sz\u00e1jon\u00e1t szedhet\u0151 antidiabetikumokra, vagy inzulin injekci\u00f3ra lesz sz\u00fcks\u00e9ge.<\/p>\n<h3 style=\"text-align: justify\">Magas v\u00e9rnyom\u00e1s (hypert\u00f3nia)<\/h3>\n<p style=\"text-align: justify\">A magas v\u00e9rnyom\u00e1s, \u00e9s a sz\u00edvbetegs\u00e9g gyakori probl\u00e9m\u00e1k, amelyek gyakoribb\u00e1 v\u00e1lnak az \u00e9letkor el\u0151rehaladt\u00e1val. V\u00e9rnyom\u00e1sa a szedett gy\u00f3gyszerek mell\u00e9khat\u00e1sak\u00e9nt is emelkedhet. Ha a magas v\u00e9rnyom\u00e1st nem kezelik, gyeng\u00edti a sz\u00edvet, \u00e9s az erek korai el\u00f6reged\u00e9s\u00e9hez vezet. Sz\u00fcks\u00e9ge lehet tov\u00e1bbi gy\u00f3gyszerekre v\u00e9rnyom\u00e1sa szab\u00e1lyoz\u00e1s\u00e1hoz. Lehet, hogy v\u00edzhajt\u00f3t \u00edrnak fel \u00d6nnek, hogy megn\u00f6velj\u00e9k vizelet\u00e9nek mennyis\u00e9g\u00e9t, \u00e9s elt\u00e1vol\u00edts\u00e1k szervezet\u00e9b\u0151l a f\u00f6l\u00f6sleges folyad\u00e9kot.<\/p>\n<div class=\"kiemeles_box\" style=\"text-align: justify\">\n<p>Sz\u00fcks\u00e9ge lehet tov\u00e1bbi gy\u00f3gyszerekre v\u00e9rnyom\u00e1sa szab\u00e1lyoz\u00e1s\u00e1hoz<\/p>\n<\/div>\n<p style=\"text-align: justify\">\u00c9letm\u00f3dj\u00e1nak v\u00e1ltoztat\u00e1sa el\u0151seg\u00edtheti v\u00e9rnyom\u00e1s\u00e1nak cs\u00f6kken\u00e9s\u00e9t. Pr\u00f3b\u00e1lja elker\u00fclni a stresszt, fogyasszon alacsony s\u00f3 tartalm\u00fa \u00e9teleket, hagyja abba a doh\u00e1nyz\u00e1st, \u00e9s v\u00e9gezzen rendszeres testmozg\u00e1st.<\/p>\n<h3 style=\"text-align: justify\">Daganat<\/h3>\n<p style=\"text-align: justify\">A rosszindulat\u00fa daganatok kialakul\u00e1s\u00e1t a sirolimus, \u00e9s val\u00f3sz\u00edn\u0171leg az everolimus kiv\u00e9tel\u00e9vel kism\u00e9rt\u00e9kben valamennyi immunszuppressz\u00edv gy\u00f3gyszer n\u00f6velheti, k\u00fcl\u00f6n\u00f6sen a B-sejtes (egy feh\u00e9rv\u00e9rsejt t\u00edpus) limf\u00f3m\u00e1k\u00e9t. B\u00e1r a rosszindulat\u00fa daganatok kialakul\u00e1s\u00e1nak vesz\u00e9lye minden immunszuppressz\u00edv kezel\u00e9sben r\u00e9szes\u00fcl\u0151 beteg eset\u00e9n fenn\u00e1ll, ez a vesz\u00e9ly nagyon kicsi (&lt;3%). Szerencs\u00e9re, mivel rendszeres orvosi ellen\u0151rz\u00e9s alatt \u00e1ll, val\u00f3sz\u00edn\u0171, hogy b\u00e1rmilyen potenci\u00e1lis komplik\u00e1ci\u00f3t kor\u00e1n felismernek. Ezen k\u00edv\u00fcl, ha megfelel\u0151 \u00f3vint\u00e9zked\u00e9seket tesz a napsug\u00e1rz\u00e1ssal szemben (l\u00e1sd a 18. oldalon), a b\u0151rdaganatok kialakul\u00e1s\u00e1nak vesz\u00e9lye is nagym\u00e9rt\u00e9kben cs\u00f6kkenni fog.<\/p>\n<h3 style=\"text-align: justify\">Idegrendszeri sz\u00f6v\u0151dm\u00e9nyek<\/h3>\n<p style=\"text-align: justify\">Egyes immunszuppressz\u00edv gy\u00f3gyszerek nemk\u00edv\u00e1natos idegrendszeri reakci\u00f3kat v\u00e1lthatnak ki. A cyclosporin, \u00e9s a tacrolimus alv\u00e1si zavarokat okozhatnak, pl. \u00e1lmatlans\u00e1got, r\u00e9m\u00e1lmokat, vagy t\u00fal \u00e9l\u00e9nk \u00e1lmokat. Az egy\u00e9b hat\u00e1sok k\u00f6z\u00e9 tartozik a t\u00fal\u00e9rz\u00e9kenys\u00e9g, a hirtele<br \/>n hangulatv\u00e1ltoz\u00e1s, valamint vannak betegek, akikn\u00e9l probl\u00e9m\u00e1t okoz a koncentr\u00e1l\u00e1s, \u00e9s az eml\u00e9kez\u00e9s. Azt tapasztalhatja, hogy keze remeg, kez\u00e9ben, l\u00e1b\u00e1ban zsibbad\u00e1st \u00e9rez. Ezek a mell\u00e9khat\u00e1sok leggyakrabban a korai posztoperat\u00edv szakban l\u00e9pnek fel, \u00e9s \u00e1ltal\u00e1ban cs\u00f6kkennek, ha a gy\u00f3gyszerek d\u00f3zisa alacsonyabb lesz.<\/p>\n<div class=\"kiemeles_box\" style=\"text-align: justify\">\n<p>Nem ritka, hogy a transzplant\u00e1lt betegek agg\u00f3dni kezdenek, s\u0151t ak\u00e1r depresszi\u00f3ss\u00e1 v\u00e1lhatnak.<\/p>\n<\/div>\n<p style=\"text-align: justify\"><em>Pszichi\u00e1triai probl\u00e9m\u00e1k<\/em><\/p>\n<p style=\"text-align: justify\">Nem ritka, hogy a kezdeti euf\u00f3ria ut\u00e1n a transzplant\u00e1lt betegek agg\u00f3dni kezdenek, s\u0151t ak\u00e1r depresszi\u00f3ss\u00e1 v\u00e1lnak. K\u00fclsej\u00fck megv\u00e1ltoz\u00e1sa aggaszthatja a betegeket, k\u00fcl\u00f6n\u00f6sen a n\u0151ket, \u00e9s a gyermekeket. Van olyan beteg, aki att\u00f3l f\u00e9l, hogy az \u00e9lete a transzplant\u00e1ci\u00f3 ut\u00e1n nem lesz ugyanolyan, mint el\u0151tte volt, \u00e9s hogy fogyat\u00e9kosok, vagy valamilyen m\u00f3don m\u00e1sok lesznek. Van olyan beteg is, aki a transzplant\u00e1lt vese kil\u00f6k\u0151d\u00e9se miatti \u00e1lland\u00f3 f\u00e9lelemben \u00e9l. Ez probl\u00e9m\u00e1kat, fesz\u00fclts\u00e9geket okozhat a csal\u00e1dban. Neh\u00e9z lehet a csal\u00e1d, vagy a partner sz\u00e1m\u00e1ra meg\u00e9rteni a transzplant\u00e1lt beteg speci\u00e1lis ig\u00e9nyeit. Vannak tan\u00e1csad\u00f3 szolg\u00e1latok, amelyek seg\u00edthetnek \u00d6nnek, \u00e9s csal\u00e1dj\u00e1nak \u00e9letvitel\u00fck m\u00f3dos\u00edt\u00e1s\u00e1ban, el\u0151k\u00e9sz\u00edthetik \u00d6nt az ism\u00e9telt munk\u00e1ba \u00e1ll\u00e1sra, vagy iskol\u00e1j\u00e1nak folytat\u00e1s\u00e1ra. K\u00e9rdezze meg orvos\u00e1t, vagy a transzplant\u00e1ci\u00f3t v\u00e9gz\u0151 k\u00f6zpont orvos\u00e1t, hogy hol tal\u00e1l ilyen szolg\u00e1latot, s \u00edgy ezek a probl\u00e9m\u00e1k elker\u00fclhet\u0151k, vagy megoldhat\u00f3k.<\/p>\n<p style=\"text-align: justify\"><em>\u00c9letmin\u0151s\u00e9g<\/em><\/p>\n<p style=\"text-align: justify\">Egy \u00faj vese be\u00fcltet\u00e9se egy emberbe nem ugyanaz, mint kicser\u00e9lni a motort egy aut\u00f3ban! Alkalmazkodnia kell egyes dolgokban, \u00edgy pl. minden nap gy\u00f3gyszert kell szednie, \u00e9s rendszeresen orvosi ellen\u0151rz\u00e9sre kell mennie. Ennek ellen\u00e9re a legt\u00f6bb transzplant\u00e1ci\u00f3n \u00e1tesett beteg \u00fagy \u00e9rzi, hogy \u00e9letmin\u0151s\u00e9ge nagyon j\u00f3 a transzplant\u00e1ci\u00f3t megel\u0151z\u0151h\u00f6z k\u00e9pest.<\/p>\n<div class=\"kiemeles_box\" style=\"text-align: justify\">\n<p>Vezessen pontos, \u00e9s napra k\u00e9sz feljegyz\u00e9seket eg\u00e9szs\u00e9gi \u00e1llapot\u00e1r\u00f3l.<\/p>\n<\/div>\n<h3 style=\"text-align: justify\">Kommunik\u00e1ci\u00f3 az \u00d6nt ell\u00e1t\u00f3 eg\u00e9szs\u00e9g\u00fcgyi szakemberekkel<\/h3>\n<p style=\"text-align: justify\">Ez az \u00d6n egyik legfontosabb feladata! Mihelyt \u00d6n, \u00e9s az \u00faj ves\u00e9je \u201emegszokj\u00e1k egym\u00e1st\u201d, az \u00d6n orvosi ell\u00e1t\u00e1s\u00e1nak c\u00e9lja hamarosan ugyanaz lesz, mint b\u00e1rmely m\u00e1s ember eset\u00e9n: megel\u0151zni a betegs\u00e9geket, \u00e9s ha m\u00e9gis kialakulnak, sikeresen kezelni azokat. A j\u00f3 kommunik\u00e1ci\u00f3 \u00d6n, \u00e9s a transzplant\u00e1ci\u00f3s k\u00f6zpont ambulanci\u00e1j\u00e1nak orvosa, csal\u00e1dorvosa, fogorvosa k\u00f6z\u00f6tt elengedhetetlen ahhoz, hogy \u00d6n tart\u00f3san j\u00f3 \u00e1llapotban legyen. Gy\u0151z\u0151dj\u00f6n meg arr\u00f3l, hogy az eg\u00e9szs\u00e9g\u00fcgyi ell\u00e1t\u00e1s\u00e1ban r\u00e9szt vev\u0151 valamennyi szem\u00e9ly tudja, hogy \u00d6nnek \u00e1t\u00fcltetett ves\u00e9je van, \u00e9s folyamatosan gy\u00f3gyszert szed. Vezessen pontos, \u00e9s napra k\u00e9sz feljegyz\u00e9seket a k\u00f6vetkez\u0151kr\u0151l: v\u00e9rnyom\u00e1s, pulzus, tests\u00faly, a vizelet mennyis\u00e9ge, v\u00e1ltoz\u00e1s a gy\u00f3gyszerekben, vagy azok d\u00f3zis\u00e1ban, apr\u00f3bb fert\u0151z\u00e9sek, \u00e9s azok kezel\u00e9se, \u00faj t\u00fcnetek vagy, mell\u00e9khat\u00e1sok. Ha az ellen\u0151rz\u0151 vizitre megy, ne felejtse otthon k\u00e9zik\u00f6nyv\u00e9t, mely tartalmazza az \u00f6sszes fontos orvosi inform\u00e1ci\u00f3t.<\/p>\n<p style=\"text-align: justify\">Vesetranszplant\u00e1ltt\u00e1 v\u00e1lni fordul\u00f3pontot jelent az \u00e9letben. Mind\u00f6ssze 30 \u00e9vvel ezel\u0151tt val\u00f3sz\u00edn\u0171leg meghalt volna. A modern orvostudom\u00e1ny es\u00e9lyt adott arra, hogy hossz\u00fa, \u00e9s akt\u00edv \u00e9letet \u00e9lhessen. Vigy\u00e1zzon a ves\u00e9j\u00e9re \u2013 nagyon \u00e9rt\u00e9kes, \u00e9s m\u00e9g hossz\u00fa ideig sz\u00fcks\u00e9ge lesz r\u00e1!<\/p>\n","protected":false},"excerpt":{"rendered":"<p>M\u0170T\u00c9T UT\u00c1NI KOMPLIK\u00c1CI\u00d3K Minden beteg, aki nagy seb\u00e9szi beavatkoz\u00e1son esik \u00e1t, tapasztalhat m\u0171t\u00e9t ut\u00e1ni sz\u00f6v\u0151dm\u00e9nyeket. A transzplant\u00e1ci\u00f3n \u00e1tesett betegek eset\u00e9n fokozott ennek a vesz\u00e9lye, mivel immunszuppresszi\u00f3ban r\u00e9szes\u00fclnek, ami g\u00e1tolja az immunrendszer\u00fcket \u00e9s a fert\u0151z\u00e9sekkel szembeni v\u00e9dekez\u0151k\u00e9pess\u00e9g\u00fcket. A legt\u00f6bb beteg \u00e9szlel valamilyen sz\u00f6v\u0151dm\u00e9nyt a transzplant\u00e1ci\u00f3 ut\u00e1ni els\u0151 hetekben, ez\u00e9rt ne agg\u00f3djon, ha valami probl\u00e9m\u00e1ja jelentkezik. A &hellip;<\/p>\n","protected":false},"author":101236,"featured_media":0,"parent":7000,"menu_order":7,"comment_status":"closed","ping_status":"closed","template":"","meta":{"_acf_changed":false,"footnotes":""},"categories":[],"tags":[],"class_list":["post-7102","page","type-page","status-publish","hentry"],"acf":[],"_links":{"self":[{"href":"https:\/\/semmelweis.hu\/sebeszet\/wp-json\/wp\/v2\/pages\/7102","targetHints":{"allow":["GET"]}}],"collection":[{"href":"https:\/\/semmelweis.hu\/sebeszet\/wp-json\/wp\/v2\/pages"}],"about":[{"href":"https:\/\/semmelweis.hu\/sebeszet\/wp-json\/wp\/v2\/types\/page"}],"author":[{"embeddable":true,"href":"https:\/\/semmelweis.hu\/sebeszet\/wp-json\/wp\/v2\/users\/101236"}],"replies":[{"embeddable":true,"href":"https:\/\/semmelweis.hu\/sebeszet\/wp-json\/wp\/v2\/comments?post=7102"}],"version-history":[{"count":1,"href":"https:\/\/semmelweis.hu\/sebeszet\/wp-json\/wp\/v2\/pages\/7102\/revisions"}],"predecessor-version":[{"id":7103,"href":"https:\/\/semmelweis.hu\/sebeszet\/wp-json\/wp\/v2\/pages\/7102\/revisions\/7103"}],"up":[{"embeddable":true,"href":"https:\/\/semmelweis.hu\/sebeszet\/wp-json\/wp\/v2\/pages\/7000"}],"wp:attachment":[{"href":"https:\/\/semmelweis.hu\/sebeszet\/wp-json\/wp\/v2\/media?parent=7102"}],"wp:term":[{"taxonomy":"category","embeddable":true,"href":"https:\/\/semmelweis.hu\/sebeszet\/wp-json\/wp\/v2\/categories?post=7102"},{"taxonomy":"post_tag","embeddable":true,"href":"https:\/\/semmelweis.hu\/sebeszet\/wp-json\/wp\/v2\/tags?post=7102"}],"curies":[{"name":"wp","href":"https:\/\/api.w.org\/{rel}","templated":true}]}}