{"id":7092,"date":"2021-12-13T09:00:26","date_gmt":"2021-12-13T08:00:26","guid":{"rendered":"https:\/\/semmelweis.hu\/sebeszet1\/?page_id=7092"},"modified":"2021-12-13T09:00:26","modified_gmt":"2021-12-13T08:00:26","slug":"egeszsegugyi-ellatas-a-korhazbol-valo-hazateres-utan","status":"publish","type":"page","link":"https:\/\/semmelweis.hu\/sebeszet\/szervatultetes\/a-veseatultetesrol\/egeszsegugyi-ellatas-a-korhazbol-valo-hazateres-utan\/","title":{"rendered":"Eg\u00e9szs\u00e9g\u00fcgyi ell\u00e1t\u00e1s a k\u00f3rh\u00e1zb\u00f3l val\u00f3 hazat\u00e9r\u00e9s ut\u00e1n"},"content":{"rendered":"<h3 style=\"text-align: justify\">EG\u00c9SZS\u00c9G\u00dcGYI ELL\u00c1T\u00c1S A K\u00d3RH\u00c1ZB\u00d3L VAL\u00d3 HAZAT\u00c9R\u00c9S UT\u00c1N<\/h3>\n<p style=\"text-align: justify\">Id\u00e1ig a transzplant\u00e1ci\u00f3s oszt\u00e1ly szakemberei alaposan \u00fcgyeltek \u00d6nre, most azonban elj\u00f6tt a k\u00f3rh\u00e1z elhagy\u00e1s\u00e1nak ideje. Mostant\u00f3l \u00d6n nagym\u00e9rt\u00e9kben felel\u0151s tov\u00e1bbi eg\u00e9szs\u00e9g\u00e9\u00e9rt, de ne feledje, a transzplant\u00e1ci\u00f3s k\u00f6zpont orvosai tov\u00e1bbra is ott \u00e1llnak \u00d6n mellett, ha b\u00e1rmiben sz\u00fcks\u00e9ge van r\u00e1juk.<\/p>\n<h3 style=\"text-align: justify\">A m\u0171t\u00e9ti seb ell\u00e1t\u00e1sa<\/h3>\n<p style=\"text-align: justify\">Tartsa tiszt\u00e1n a m\u0171t\u00e9ti sebet fert\u0151tlen\u00edt\u0151 szappan seg\u00edts\u00e9g\u00e9vel. Ha b\u00e1rmi v\u00e1ltoz\u00e1st \u00e9szlel, pl. b\u0151rp\u00edrt, duzzad\u00e1st, vagy folyad\u00e9kk\u00e9pz\u0151d\u00e9st, azonnal \u00e9rtes\u00edtse kezel\u0151orvos\u00e1t.<\/p>\n<h3 style=\"text-align: justify\">M\u00e9rje a testh\u0151m\u00e9rs\u00e9klet\u00e9t<\/h3>\n<p style=\"text-align: justify\">Ellen\u0151rizze a testh\u0151m\u00e9rs\u00e9klet\u00e9t, ha l\u00e1zasnak \u00e9rzi mag\u00e1t, hidegr\u00e1z\u00e1sa, vagy f\u00e1jdalma van. Ezek egy kezd\u0151d\u0151 fert\u0151z\u00e9s, vagy a kil\u00f6k\u0151d\u00e9s els\u0151 jelei lehetnek. Ha testh\u0151m\u00e9rs\u00e9klete egy alkalommal 38\u00b0C-n\u00e1l magasabb, vagy egy teljes napon \u00e1t 37,5\u00b0C-n\u00e1l magasabb, azonnal keresse fel kezel\u0151 orvos\u00e1t, vagy a transzplant\u00e1ci\u00f3s r\u00e9szleget. Orvosa beleegyez\u00e9se n\u00e9lk\u00fcl ne haszn\u00e1ljon semmilyen gy\u00f3gyszert.<\/p>\n<p style=\"text-align: justify\"><em>Ha testh\u0151m\u00e9rs\u00e9klete 38\u00b0C-n\u00e1l magasabb, vagy egy napon \u00e1t 37,5\u00b0C-n\u00e1l magasabb, azonnal keresse fel kezel\u0151 orvos\u00e1t<\/em><\/p>\n<h3 style=\"text-align: justify\">V\u00e9rnyom\u00e1s \u00e9s pulzus<\/h3>\n<p style=\"text-align: justify\">Az \u00e1pol\u00f3n\u0151 meg fogja tan\u00edtani \u00d6nnek, hogyan kell v\u00e9rnyom\u00e1s\u00e1t \u00e9s pulzus\u00e1t m\u00e9rnie. Fontos, hogy tudja, hogy mennyi norm\u00e1lisan a v\u00e9rnyom\u00e1sa \u00e9s a sz\u00edvritmusa, hogy \u00e9rtes\u00edthesse orvos\u00e1t, ha b\u00e1rmi v\u00e1ltoz\u00e1st \u00e9szlel. A transzplant\u00e1lt vese hossz\u00fa t\u00e1v\u00fa m\u0171k\u00f6d\u00e9s\u00e9nek ugyanis egyik l\u00e9nyeges eleme, hogy v\u00e9rnyom\u00e1sa a norm\u00e1lis hat\u00e1rokon bel\u00fcl legyen.<\/p>\n<h3 style=\"text-align: justify\">A vizelettermel\u00e9s k\u00f6vet\u00e9se<\/h3>\n<p style=\"text-align: justify\">A naponta termelt vizelet mennyis\u00e9ge \u00e9rz\u00e9keny mutat\u00f3ja annak, hogy \u00faj ves\u00e9je megfelel\u0151en m\u0171k\u00f6dik-e. A napi vizelet\u00fcr\u00edt\u00e9s m\u00e9r\u00e9s\u00e9n k\u00edv\u00fcl tests\u00faly\u00e1t is m\u00e9rje naponta (legjobb reggel, reggeliz\u00e9s el\u0151tt). Ha azt \u00e9szleli, hogy cs\u00f6kken vizelet\u00e9nek mennyis\u00e9ge, vagy reggeli tests\u00falya napi 1 kg-n\u00e1l t\u00f6bbel n\u00f6vekszik, azonnal vegye fel a kapcsolatot a transzplant\u00e1ci\u00f3s k\u00f6zpont orvos\u00e1val, vagy kezel\u0151orvos\u00e1val.<\/p>\n<p style=\"text-align: justify\">Vizsg\u00e1lja is meg vizelet\u00e9t minden nap. A seb\u00e9szeti beavatkoz\u00e1s ut\u00e1n k\u00f6zvetlen\u00fcl kis mennyis\u00e9g\u0171 v\u00e9r gyakran el\u0151fordulhat a vizeletben. Ha azonban t\u00f6bb nap eltelt\u00e9vel is v\u00e9rt l\u00e1t vizelet\u00e9ben, cs\u00edp a vizelete, vizel\u00e9si neh\u00e9zs\u00e9gei vannak, vagy annak kellemetlen szaga van, \u00e9rtes\u00edtse orvos\u00e1t.<\/p>\n<h3 style=\"text-align: justify\">Sz\u00e1jhigi\u00e9nia-fog\u00e1szati ell\u00e1t\u00e1s<\/h3>\n<p style=\"text-align: justify\">Puha fogkef\u00e9t haszn\u00e1ljon, hogy ne s\u00e9rtse meg \u00edny\u00e9t. Mosson fogat azonnal \u00e9tkez\u00e9s ut\u00e1n \u00e9s az els\u0151 h\u00e1rom h\u00f3napban \u00f6bl\u00edtse ki sz\u00e1j\u00e1t fert\u0151tlen\u00edt\u0151 hat\u00e1s\u00fa sz\u00e1j\u00f6bl\u00edt\u0151vel. Ha m\u0171fogsora van, tiszt\u00edtsa meg alaposan minden \u00e9tkez\u00e9s ut\u00e1n.<\/p>\n<p style=\"text-align: justify\">Rendk\u00edv\u00fcl fontos, hogy f\u00e9l\u00e9venk\u00e9nt rendszeresen menjen fog\u00e1szati ellen\u0151rz\u00e9sre, hogy megel\u0151zz\u00e9k a fert\u0151z\u00e9seket \u00e9s a fogszuvasod\u00e1st. A m\u0171t\u00e9tet k\u00f6vet\u0151 hat h\u00f3napon bel\u00fcl azonban csak abban az esetben menjen fogorvoshoz, ha s\u00falyos fog\u00e1szati probl\u00e9m\u00e1ja van. F\u00fcggetlen\u00fcl att\u00f3l, hogy mennyi id\u0151vel kor\u00e1bban esett \u00e1t vesetranszplant\u00e1ci\u00f3n, fog\u00e1szati beavatkoz\u00e1s el\u0151tt, ha ez v\u00e1rhat\u00f3an v\u00e9rz\u00e9ssel j\u00e1r \u2014 gy\u00f6k\u00e9rkezel\u00e9s, fogh\u00faz\u00e1s \u2014 24 \u00f3r\u00e1val minden esetben kezdje meg antibiotikum szed\u00e9s\u00e9t, \u00e9s folytassa azt a beavatkoz\u00e1st k\u00f6vet\u0151 48 \u00f3r\u00e1ig. Ezt a kezel\u00e9st megel\u0151z\u00e9snek, orvosi nyelven profilaxisnak nevezik. K\u00e9rje meg orvos\u00e1t, hogy a transzplant\u00e1ci\u00f3s k\u00f6zponttal megbesz\u00e9lt antibiotikumot \u00edrja fel az \u00d6n sz\u00e1m\u00e1ra.<\/p>\n<p style=\"text-align: justify\"><em>A napi vizelet\u00fcr\u00edt\u00e9s m\u00e9r\u00e9s\u00e9n k\u00edv\u00fcl tests\u00faly\u00e1t is m\u00e9rje naponta.<\/em><\/p>\n<h3 style=\"text-align: justify\">\u00c1ltal\u00e1nos higi\u00e9nia<\/h3>\n<p style=\"text-align: justify\">Fontos, hogy szem\u00e9lyi higi\u00e9ni\u00e1j\u00e1ra nagy hangs\u00falyt fektessen, hogy cs\u00f6kkentse a fert\u0151z\u00e9sek vesz\u00e9ly\u00e9t. Pr\u00f3b\u00e1lja a k\u00f6vetkez\u0151ket betartani:<\/p>\n<ul style=\"text-align: justify\">\n<li>Mosakodjon rendszeresen, a zuhanyz\u00e1s jobb, mint a k\u00e1dban val\u00f3 f\u00fcrd\u00e9s<\/li>\n<li>Ink\u00e1bb foly\u00e9kony szappant haszn\u00e1ljon, ne hagyom\u00e1nyost<\/li>\n<li>Gyakran cser\u00e9lje a k\u00e9zt\u00f6rl\u0151kend\u0151j\u00e9t, \u00e9s az arct\u00f6rl\u0151j\u00e9t<\/li>\n<li>Minden \u00e9tkez\u00e9s el\u0151tt, \u00e9s minden WC haszn\u00e1lat ut\u00e1n mossa meg a kez\u00e9t. K\u00f6r\u00f6mkef\u00e9vel alaposan tiszt\u00edtsa meg k\u00f6rmeit.<\/li>\n<li>Menstru\u00e1l\u00f3 n\u0151k gyakran cser\u00e9lj\u00e9k tisztas\u00e1gi bet\u00e9tj\u00fcket, vagy tamponjukat, mert a v\u00e9r ide\u00e1lis t\u00e1ptalaja a bakt\u00e9riumoknak. Ne haszn\u00e1ljon semmif\u00e9le intim n\u0151i higi\u00e9niai k\u00e9sz\u00edtm\u00e9nyt. Ezek olyan fert\u0151tlen\u00edt\u0151ket tartalmaznak, amelyek elpuszt\u00edtj\u00e1k a h\u00fcvely norm\u00e1lis bakt\u00e9riumfl\u00f3r\u00e1j\u00e1t, \u00e9s ez \u00e1ltal fokozott fert\u0151z\u00e9svesz\u00e9lyhez vezetnek. A szappannal, \u00e9s v\u00edzzel t\u00f6rt\u00e9n\u0151 rendszeres mosakod\u00e1s elegend\u0151.<\/li>\n<\/ul>\n<p style=\"text-align: justify\"><em>Fontos, hogy szem\u00e9lyi higi\u00e9ni\u00e1j\u00e1ra nagy hangs\u00falyt fektessen, hogy cs\u00f6kkentse a fert\u0151z\u00e9sek vesz\u00e9ly\u00e9t.<\/em><\/p>\n<h3 style=\"text-align: justify\">B\u0151r \u00e9s haj\u00e1pol\u00e1s<\/h3>\n<p style=\"text-align: justify\">A kortikoszteroidok (Prednisolon, Medrol) acne (pattan\u00e1s) k\u00e9pz\u0151d\u00e9s\u00e9t v\u00e1lthatj\u00e1k ki arc\u00e1n, mellkas\u00e1n, v\u00e1ll\u00e1n, vagy a h\u00e1t\u00e1n. Ha acne keletkezik, mossa meg az adott ter\u00fcletet naponta h\u00e1romszor enyhe antibakteri\u00e1lis hat\u00e1s\u00fa szappannal, majd alaposan \u00f6bl\u00edtse le a szappant a b\u0151r\u00e9r\u0151l. Pr\u00f3b\u00e1lja elker\u00fclni a ter\u00fclet d\u00f6rzs\u00f6l\u00e9s\u00e9t, \u00e9s ne haszn\u00e1ljon gy\u00f3gyszerrel kevert hipoallerg\u00e9n kozmetikai k\u00e9sz\u00edtm\u00e9nyeket az acne elfed\u00e9s\u00e9re, mert a smink visel\u00e9se megakad\u00e1lyozhatja az acne gy\u00f3gyul\u00e1s<br \/>\u00e1t. Ha az acne tov\u00e1bbra is fennmarad, forduljon kezel\u0151orvos\u00e1hoz vagy a transzplant\u00e1ci\u00f3t v\u00e9gz\u0151 k\u00f6zpont tagjaihoz tan\u00e1cs\u00e9rt.<\/p>\n<p style=\"text-align: justify\">Ha b\u0151re nagyon sz\u00e1razz\u00e1 v\u00e1lik, ne mossa szappannal az adott ter\u00fcleteket egy ideig, hogy b\u0151re visszanyerhesse term\u00e9szetes nedvess\u00e9g tartalm\u00e1t. \u00c1ltal\u00e1ban haszn\u00e1ljon enyhe szappant \u00e9s f\u00fcrd\u00e9s ut\u00e1n test\u00e1pol\u00f3t.<\/p>\n<p style=\"text-align: justify\">A kortikoszteroidok befoly\u00e1solhatj\u00e1k haj\u00e1nak min\u0151s\u00e9g\u00e9t. A tart\u00f3s hajfest\u00e9kek, sz\u00ednez\u0151k, hull\u00e1mos\u00edt\u00f3 folyad\u00e9kok \u00e9s sz\u0151k\u00edt\u0151 oldatok t\u00f6r\u00e9kenny\u00e9 tehetik haj\u00e1t. Haszn\u00e1ljon rendszeresen j\u00f3 min\u0151s\u00e9g\u0171 haj\u00e1pol\u00f3t.<\/p>\n<p style=\"text-align: justify\"><em>Ha az acne sok\u00e1ig fennmarad, forduljon kezel\u0151orvos\u00e1hoz tan\u00e1cs\u00e9rt.<\/em><\/p>\n<h3 style=\"text-align: justify\">Nem k\u00edv\u00e1nt sz\u0151rn\u00f6veked\u00e9s<\/h3>\n<p style=\"text-align: justify\">Egyes transzplant\u00e1lt betegekben az immunszuppressz\u00edv kezel\u00e9s nem k\u00edv\u00e1nt mell\u00e9khat\u00e1sak\u00e9nt az arcon \u00e9s n\u00e9ha m\u00e1s helyen is sz\u0151rn\u00f6veked\u00e9s alakulhat ki. B\u00e1r ez n\u0151k, \u00e9s gyermekek eset\u00e9ben zavar\u00f3 lehet, semmi esetre se v\u00e1ltoztassa meg, vagy hagyja abba gy\u00f3gyszereinek szed\u00e9s\u00e9t. Haszn\u00e1ljon sz\u0151relt\u00e1vol\u00edt\u00f3 kr\u00e9met vagy, sz\u0151k\u00edtse ki a sz\u0151r\u00f6ket 50%-os peroxid oldattal. A gyant\u00e1z\u00e1s \u00e9s az elektrol\u00edzis szint\u00e9n hat\u00e1sos m\u00f3dszer a felesleges sz\u0151r\u00f6k elt\u00e1vol\u00edt\u00e1s\u00e1ra. Ha sz\u0151rn\u00f6veked\u00e9se igen er\u0151teljes, k\u00e9rje orvosa tan\u00e1cs\u00e1t.<\/p>\n<h3 style=\"text-align: justify\">Napoz\u00e1s<\/h3>\n<p style=\"text-align: justify\">A t\u00falzott napoz\u00e1s mindenki sz\u00e1m\u00e1ra k\u00e1ros. A napsugarakban lev\u0151 ultraibolya sug\u00e1rz\u00e1s felel\u0151s a b\u0151r korai \u00f6reged\u00e9s\u00e9\u00e9rt, a le\u00e9g\u00e9s\u00e9rt \u00e9s a b\u0151rdaganatok\u00e9rt. A transzplant\u00e1lt betegekben nagyobb a b\u0151rdaganatok kialakul\u00e1s\u00e1nak a vesz\u00e9lye, mivel az immunrendszer\u00fck nem k\u00e9pes a b\u0151r\u00f6n \u00e1tjut\u00f3 ultraibolya sugarak \u00e1ltal okozott k\u00e1rosod\u00e1sok kiv\u00e9d\u00e9s\u00e9re. Ez\u00e9rt minden alkalommal v\u00e9dje a b\u0151r\u00e9t a napsug\u00e1rz\u00e1st\u00f3l a k\u00f6vetkez\u0151 egyszer\u0171 szab\u00e1lyok betart\u00e1s\u00e1val:<\/p>\n<ul style=\"text-align: justify\">\n<li>Ne menjen napra d\u00e9lel\u0151tt 11 \u00e9s d\u00e9lut\u00e1n 3 \u00f3ra k\u00f6z\u00f6tt, amikor a napsug\u00e1rz\u00e1s a leger\u0151sebb. Ha lehets\u00e9ges, ilyenkor mindig \u00fclj\u00f6n \u00e1rny\u00e9kban.<\/li>\n<li>Viseljen kalapot, hossz\u00fa ujj\u00fa p\u00f3l\u00f3t \u00e9s v\u00e9kony, hossz\u00fa sz\u00e1r\u00fa nadr\u00e1got, vagy haszn\u00e1ljon napolajat.<\/li>\n<li>J\u00f3 min\u0151s\u00e9g\u0171 napoz\u00f3 kr\u00e9met v\u00e1s\u00e1roljon, a tavaszi \u00e9s ny\u00e1ri h\u00f3napokban a b\u0151r\u00e9nek megfelel\u0151 magasabb faktor\u00fa napoz\u00f3 kr\u00e9met haszn\u00e1ljon. Kenje be a teljes fedetlen testfelsz\u00ednt, fokozottan figyeljen arc\u00e1ra, nyak\u00e1ra, kez\u00e9re.<\/li>\n<li>A napoz\u00f3 kr\u00e9mek lemos\u00f3dnak. Felt\u00e9tlen\u00fcl kenje be \u00fajra mag\u00e1t \u00fasz\u00e1s ut\u00e1n, vagy ha megizzadt.<\/li>\n<li>Ne felejtse, hogy a napsugarak m\u00e9g felh\u0151s napokon is k\u00e1rt okozhatnak. Az ultraibolya sugarak a v\u00edzr\u0151l, homokr\u00f3l, h\u00f3r\u00f3l \u00e9s betonr\u00f3l visszaver\u0151dve is okozhatnak k\u00e1rosod\u00e1st.<\/li>\n<li>Csak orvosi megbesz\u00e9l\u00e9st k\u00f6vet\u0151en menjen szol\u00e1riumba.<\/li>\n<\/ul>\n<p style=\"text-align: justify\">A transzplant\u00e1lt betegekben az immunrendszer g\u00e1tl\u00e1sa miatt nagyobb a vesz\u00e9lye annak, hogy az anyajegyek rosszindulat\u00fav\u00e1 v\u00e1lnak. Ha azt veszi \u00e9szre, hogy anyajegy\u00e9nek v\u00e1ltozik a sz\u00edne, vagy a sz\u00e9le szab\u00e1lytalann\u00e1 v\u00e1lik, viszketni kezd, vagy n\u00f6vekszik, azonnal \u00e9rtes\u00edtse r\u00f3la kezel\u0151orvos\u00e1t.<\/p>\n<p style=\"text-align: justify\"><em>Minden alkalommal v\u00e9dje b\u0151r\u00e9t a napsug\u00e1rz\u00e1st\u00f3l<\/em><\/p>\n","protected":false},"excerpt":{"rendered":"<p>EG\u00c9SZS\u00c9G\u00dcGYI ELL\u00c1T\u00c1S A K\u00d3RH\u00c1ZB\u00d3L VAL\u00d3 HAZAT\u00c9R\u00c9S UT\u00c1N Id\u00e1ig a transzplant\u00e1ci\u00f3s oszt\u00e1ly szakemberei alaposan \u00fcgyeltek \u00d6nre, most azonban elj\u00f6tt a k\u00f3rh\u00e1z elhagy\u00e1s\u00e1nak ideje. Mostant\u00f3l \u00d6n nagym\u00e9rt\u00e9kben felel\u0151s tov\u00e1bbi eg\u00e9szs\u00e9g\u00e9\u00e9rt, de ne feledje, a transzplant\u00e1ci\u00f3s k\u00f6zpont orvosai tov\u00e1bbra is ott \u00e1llnak \u00d6n mellett, ha b\u00e1rmiben sz\u00fcks\u00e9ge van r\u00e1juk. A m\u0171t\u00e9ti seb ell\u00e1t\u00e1sa Tartsa tiszt\u00e1n a m\u0171t\u00e9ti sebet &hellip;<\/p>\n","protected":false},"author":101236,"featured_media":0,"parent":7000,"menu_order":3,"comment_status":"closed","ping_status":"closed","template":"","meta":{"_acf_changed":false,"footnotes":""},"categories":[],"tags":[],"class_list":["post-7092","page","type-page","status-publish","hentry"],"acf":[],"_links":{"self":[{"href":"https:\/\/semmelweis.hu\/sebeszet\/wp-json\/wp\/v2\/pages\/7092","targetHints":{"allow":["GET"]}}],"collection":[{"href":"https:\/\/semmelweis.hu\/sebeszet\/wp-json\/wp\/v2\/pages"}],"about":[{"href":"https:\/\/semmelweis.hu\/sebeszet\/wp-json\/wp\/v2\/types\/page"}],"author":[{"embeddable":true,"href":"https:\/\/semmelweis.hu\/sebeszet\/wp-json\/wp\/v2\/users\/101236"}],"replies":[{"embeddable":true,"href":"https:\/\/semmelweis.hu\/sebeszet\/wp-json\/wp\/v2\/comments?post=7092"}],"version-history":[{"count":1,"href":"https:\/\/semmelweis.hu\/sebeszet\/wp-json\/wp\/v2\/pages\/7092\/revisions"}],"predecessor-version":[{"id":7093,"href":"https:\/\/semmelweis.hu\/sebeszet\/wp-json\/wp\/v2\/pages\/7092\/revisions\/7093"}],"up":[{"embeddable":true,"href":"https:\/\/semmelweis.hu\/sebeszet\/wp-json\/wp\/v2\/pages\/7000"}],"wp:attachment":[{"href":"https:\/\/semmelweis.hu\/sebeszet\/wp-json\/wp\/v2\/media?parent=7092"}],"wp:term":[{"taxonomy":"category","embeddable":true,"href":"https:\/\/semmelweis.hu\/sebeszet\/wp-json\/wp\/v2\/categories?post=7092"},{"taxonomy":"post_tag","embeddable":true,"href":"https:\/\/semmelweis.hu\/sebeszet\/wp-json\/wp\/v2\/tags?post=7092"}],"curies":[{"name":"wp","href":"https:\/\/api.w.org\/{rel}","templated":true}]}}