{"id":7081,"date":"2021-12-13T08:36:27","date_gmt":"2021-12-13T07:36:27","guid":{"rendered":"https:\/\/semmelweis.hu\/sebeszet1\/?page_id=7081"},"modified":"2021-12-13T08:36:27","modified_gmt":"2021-12-13T07:36:27","slug":"11-elet-az-uj-szervvel-a-korhazon-kivul-ambulancia","status":"publish","type":"page","link":"https:\/\/semmelweis.hu\/sebeszet\/szervatultetes\/a-majatultetesrol\/felvilagositas-az-elodonorbol-torteno-gyermek-majatultetesrol\/11-elet-az-uj-szervvel-a-korhazon-kivul-ambulancia\/","title":{"rendered":"11. \u00c9let az \u00faj szervvel, a k\u00f3rh\u00e1zon k\u00edv\u00fcl (ambulancia)"},"content":{"rendered":"<h3 style=\"text-align: justify\">11. \u00c9let az \u00faj szervvel, a k\u00f3rh\u00e1zon k\u00edv\u00fcl (ambulancia)<\/h3>\n<p style=\"text-align: justify\"><em>11.1 \u2013 Rendszeres kontrollvizsg\u00e1latok<\/em><\/p>\n<p style=\"text-align: justify\">A rendszeres fizik\u00e1lis, \u00e9s laborat\u00f3riumi vizsg\u00e1latoknak a gy\u00f3gyszerszintek, \u00e9s az \u00e1ltal\u00e1nos laborat\u00f3riumi \u00e9rt\u00e9kek ellen\u0151rz\u00e9se miatt van nagy fontoss\u00e1guk.<\/p>\n<p style=\"text-align: justify\">Az, hogy milyen gyakran sz\u00fcks\u00e9gesek a v\u00e9rvizsg\u00e1latok, egyedi, \u00e9s a gy\u00f3gyul\u00e1s m\u00e9rt\u00e9k\u00e9t\u0151l f\u00fcggnek. \u00c1ltal\u00e1nos esetben hetente, k\u00e9s\u0151bb egyre ritk\u00e1bban. Az ultrahangos vizsg\u00e1latok gyakoris\u00e1g\u00e1t is egy\u00e9nileg \u00e1llap\u00edtjuk meg, teljesen sz\u00f6v\u0151dm\u00e9nymentes esetekben elegend\u0151 negyed\u00e9vente.<\/p>\n<p style=\"text-align: justify\">Ezen a helyen hangs\u00falyozni kell, hogy l\u00e1zas \u00e1llapotok, hasmen\u00e9s, a gy\u00f3gyszerszint ingadoz\u00e1s\u00e1hoz vezethet, ilyenkor a klinikai, \u00e9s laborat\u00f3riumi vizsg\u00e1latokat gyakrabban kell elv\u00e9gezni.<\/p>\n<p style=\"text-align: justify\">\u00c9vente egyszer egy \u00fan. \u00e9ves kontrollra kell a Transzplant\u00e1ci\u00f3s Klinik\u00e1n jelentkezni, ami egy r\u00f6videbb k\u00f3rh\u00e1zi tart\u00f3zkod\u00e1st, r\u00e9szletes labor vizsg\u00e1latokat, ultrahangos vizsg\u00e1latot, \u00e9s egy \u00e1ltal\u00e1nos vizsg\u00e1latot (kardiol\u00f3gia, f\u00fcl-orr-g\u00e9g\u00e9szet, szem, pszich\u00e9s vizsg\u00e1lat stb.) jelent.<\/p>\n<p style=\"text-align: justify\"><em>11.2 \u2013 Gy\u00f3gyszerek<\/em><\/p>\n<p style=\"text-align: justify\">A k\u00f3rh\u00e1zb\u00f3l t\u00f6rt\u00e9n\u0151 elbocs\u00e1t\u00e1skor a gyermeknek ar\u00e1nylag kev\u00e9s gy\u00f3gyszert kell szednie. \u00c1ltal\u00e1ban v\u00edzhajt\u00f3kat, \u00e9s antibiotikumot m\u00e1r nem kapnak. A gyermek egy\u00e9ni klinikai k\u00f6vet\u00e9s\u00e9t, \u00e9s gy\u00f3gyszeres kezel\u00e9s\u00e9t a M\u00e1jambulancia hepatol\u00f3gusa a gyermek-hepatol\u00f3gussal egy\u00fctt tervezi meg.<\/p>\n<p style=\"text-align: justify\">\u00c1ltal\u00e1noss\u00e1gban fontos, hogy a gy\u00f3gyszereket rendszeresen, \u00e9s megb\u00edzhat\u00f3an szedj\u00e9k.<\/p>\n<p style=\"text-align: justify\"><em>11.3 \u2013 \u00d3voda \u00e9s iskola<\/em><\/p>\n<p style=\"text-align: justify\">A gyermekek a m\u00e1jtranszplant\u00e1ci\u00f3 ut\u00e1n hamar beilleszkednek az \u00f3vod\u00e1ba, \u00e9s iskol\u00e1ba, de a k\u00f3rh\u00e1zi elbocs\u00e1t\u00e1s ut\u00e1n \u00f3vatoss\u00e1g aj\u00e1nlott. Egyedi elb\u00edr\u00e1l\u00e1st ig\u00e9nyel<\/p>\n<p style=\"text-align: justify\"><em>11.4 \u2013 Sportol\u00e1s<\/em><\/p>\n<p style=\"text-align: justify\">M\u00e1jtranszplant\u00e1ci\u00f3 ut\u00e1n \u00e1ltal\u00e1ban kev\u00e9s korl\u00e1toz\u00e1ssal tov\u00e1bb lehet folytatni a sport tev\u00e9kenys\u00e9geket, de \u00f3vatosabban.<\/p>\n<p style=\"text-align: justify\">Ha nagy a l\u00e9p, a vesz\u00e9lyes sportokat ker\u00fclni kell.<\/p>\n<p style=\"text-align: justify\"><em>11.5 \u2013 Olt\u00e1sok<\/em><\/p>\n<p style=\"text-align: justify\">\u00c1ltal\u00e1nosan \u00e9rv\u00e9nyes aj\u00e1nl\u00e1sok, a m\u00e1jtranszplant\u00e1ci\u00f3 ut\u00e1n milyen id\u0151pontt\u00f3l olthatj\u00e1k a gyermeket, nincsenek. A transzplant\u00e1ci\u00f3 el\u0151tt olt\u00e1ssal foglalkoz\u00f3 szakember v\u00e9lem\u00e9ny\u00e9t kell kik\u00e9rni, \u00e9s annak megfelel\u0151en a sz\u00fcks\u00e9ges olt\u00e1sokat beadatni.<\/p>\n<p style=\"text-align: justify\"><em>11.6 \u2013 K\u00fclf\u00f6ldi utaz\u00e1sok<\/em><\/p>\n<p style=\"text-align: justify\">Stabil szerv-funkci\u00f3k eset\u00e9n, \u00e9s ha a gyereknek semmilyen klinikai probl\u00e9m\u00e1ja nincsen, semmi nem sz\u00f3l a nyaral\u00e1sok, vagy k\u00fclf\u00f6ldi utaz\u00e1sok ellen.<\/p>\n<p style=\"text-align: justify\"><em>11.7 \u2013 Eredm\u00e9nyek hosszabb id\u0151re n\u00e9zve<\/em><\/p>\n<p style=\"text-align: justify\">Ma a gyermekkori m\u00e1j\u00e1t\u00fcltet\u00e9sek eredm\u00e9nye kiv\u00e1l\u00f3, a gyermekek nagy t\u00f6bbs\u00e9ge (&gt;85 %) \u2013 eltekintve a rendszeres gy\u00f3gyszerszed\u00e9st\u0151l, \u00e9s kontrollvizsg\u00e1latokt\u00f3l \u2013 norm\u00e1lis \u00e9letet \u00e9lhet. A tanulm\u00e1nyok szerint sem, a testi sem az intellektu\u00e1lis fejl\u0151d\u00e9sben nem t\u00e9rnek el eg\u00e9szs\u00e9ges t\u00e1rsaikt\u00f3l.<\/p>\n<p style=\"text-align: justify\">A mai \u00e1ll\u00e1spont szerint az immungyeng\u00edt\u0151 ter\u00e1pi\u00e1t eg\u00e9sz \u00e9leten kereszt\u00fcl alkalmazni kell, m\u00e9g akkor is, ha a legt\u00f6bb gyermeknek n\u00e9h\u00e1ny \u00e9vvel a m\u00e1jtranszplant\u00e1ci\u00f3 ut\u00e1n m\u00e1r csak minim\u00e1lis immungyeng\u00edt\u0151re van sz\u00fcks\u00e9ge, de jelenleg ezt \u00e9letfogytig tart\u00f3 kezel\u00e9snek tekintj\u00fck.<\/p>\n<p style=\"text-align: justify\">Kutat\u00e1sok folynak abban az ir\u00e1nyban, hogy bizonyos betegekn\u00e9l hosszabb id\u0151 eltelt\u00e9vel az immungyeng\u00edt\u00e9st abba lehet hagyni, a c\u00e9l el\u00e9r\u00e9s\u00e9ig azonban m\u00e9g nagyon hosszadalmas kutat\u00e1s sz\u00fcks\u00e9ges.<\/p>\n","protected":false},"excerpt":{"rendered":"<p>11. \u00c9let az \u00faj szervvel, a k\u00f3rh\u00e1zon k\u00edv\u00fcl (ambulancia) 11.1 \u2013 Rendszeres kontrollvizsg\u00e1latok A rendszeres fizik\u00e1lis, \u00e9s laborat\u00f3riumi vizsg\u00e1latoknak a gy\u00f3gyszerszintek, \u00e9s az \u00e1ltal\u00e1nos laborat\u00f3riumi \u00e9rt\u00e9kek ellen\u0151rz\u00e9se miatt van nagy fontoss\u00e1guk. Az, hogy milyen gyakran sz\u00fcks\u00e9gesek a v\u00e9rvizsg\u00e1latok, egyedi, \u00e9s a gy\u00f3gyul\u00e1s m\u00e9rt\u00e9k\u00e9t\u0151l f\u00fcggnek. \u00c1ltal\u00e1nos esetben hetente, k\u00e9s\u0151bb egyre ritk\u00e1bban. Az ultrahangos vizsg\u00e1latok gyakoris\u00e1g\u00e1t is &hellip;<\/p>\n","protected":false},"author":101236,"featured_media":0,"parent":7058,"menu_order":11,"comment_status":"closed","ping_status":"closed","template":"","meta":{"_acf_changed":false,"footnotes":""},"categories":[],"tags":[],"class_list":["post-7081","page","type-page","status-publish","hentry"],"acf":[],"_links":{"self":[{"href":"https:\/\/semmelweis.hu\/sebeszet\/wp-json\/wp\/v2\/pages\/7081","targetHints":{"allow":["GET"]}}],"collection":[{"href":"https:\/\/semmelweis.hu\/sebeszet\/wp-json\/wp\/v2\/pages"}],"about":[{"href":"https:\/\/semmelweis.hu\/sebeszet\/wp-json\/wp\/v2\/types\/page"}],"author":[{"embeddable":true,"href":"https:\/\/semmelweis.hu\/sebeszet\/wp-json\/wp\/v2\/users\/101236"}],"replies":[{"embeddable":true,"href":"https:\/\/semmelweis.hu\/sebeszet\/wp-json\/wp\/v2\/comments?post=7081"}],"version-history":[{"count":1,"href":"https:\/\/semmelweis.hu\/sebeszet\/wp-json\/wp\/v2\/pages\/7081\/revisions"}],"predecessor-version":[{"id":7082,"href":"https:\/\/semmelweis.hu\/sebeszet\/wp-json\/wp\/v2\/pages\/7081\/revisions\/7082"}],"up":[{"embeddable":true,"href":"https:\/\/semmelweis.hu\/sebeszet\/wp-json\/wp\/v2\/pages\/7058"}],"wp:attachment":[{"href":"https:\/\/semmelweis.hu\/sebeszet\/wp-json\/wp\/v2\/media?parent=7081"}],"wp:term":[{"taxonomy":"category","embeddable":true,"href":"https:\/\/semmelweis.hu\/sebeszet\/wp-json\/wp\/v2\/categories?post=7081"},{"taxonomy":"post_tag","embeddable":true,"href":"https:\/\/semmelweis.hu\/sebeszet\/wp-json\/wp\/v2\/tags?post=7081"}],"curies":[{"name":"wp","href":"https:\/\/api.w.org\/{rel}","templated":true}]}}