{"id":7067,"date":"2021-12-13T08:32:03","date_gmt":"2021-12-13T07:32:03","guid":{"rendered":"https:\/\/semmelweis.hu\/sebeszet1\/?page_id=7067"},"modified":"2021-12-13T08:32:03","modified_gmt":"2021-12-13T07:32:03","slug":"4-elokeszito-vizsgalatok-a-tervezett-majatultetes-elott","status":"publish","type":"page","link":"https:\/\/semmelweis.hu\/sebeszet\/szervatultetes\/a-majatultetesrol\/felvilagositas-az-elodonorbol-torteno-gyermek-majatultetesrol\/4-elokeszito-vizsgalatok-a-tervezett-majatultetes-elott\/","title":{"rendered":"4. El\u0151k\u00e9sz\u00edt\u0151 vizsg\u00e1latok a tervezett m\u00e1j\u00e1t\u00fcltet\u00e9s el\u0151tt"},"content":{"rendered":"<h3 style=\"text-align: justify\">4. El\u0151k\u00e9sz\u00edt\u0151 vizsg\u00e1latok a tervezett m\u00e1j\u00e1t\u00fcltet\u00e9s el\u0151tt<\/h3>\n<p style=\"text-align: justify\"><em>4.1 Laborvizsg\u00e1latok<\/em><\/p>\n<p style=\"text-align: justify\">Amikor a m\u00e1j\u00e1t\u00fcltet\u00e9s v\u00e9grehajt\u00e1s\u00e1ra a javallat fel\u00e1ll\u00edt\u00e1sa megt\u00f6rt\u00e9nt, \u00e9s a kezel\u0151 orvosok a sz\u00fcl\u0151ket, \u00e9s a beteget r\u00e9szletesen felvil\u00e1gos\u00edtott\u00e1k, k\u00f6vetkezik a gyermek kivizsg\u00e1l\u00e1sa.<\/p>\n<p style=\"text-align: justify\">A m\u00e1r eml\u00edtett laborvizsg\u00e1latok mellett a m\u00e1jbetegs\u00e9g, \u00e9s a szervezet \u00e1ltal\u00e1nos \u00e1llapot\u00e1nak meg\u00edt\u00e9l\u00e9s\u00e9re (vesefunkci\u00f3k!), tov\u00e1bbi v\u00e9rv\u00e9tel sz\u00fcks\u00e9ges. Emellett a v\u00e9rcsoport pontos tiszt\u00e1z\u00e1sa, v\u00e9rv\u00e1laszt\u00e1s, infekci\u00f3-szerol\u00f3giai vizsg\u00e1latok is sz\u00fcks\u00e9gesek.<\/p>\n<p style=\"text-align: justify\"><em>4.2 M\u0171szeres vizsg\u00e1latok<\/em><\/p>\n<p style=\"text-align: justify\">Nemcsak a k\u00eds\u00e9r\u0151betegs\u00e9gek diagnosztiz\u00e1l\u00e1s\u00e1hoz, hanem az \u00e1t\u00fcltet\u00e9s el\u0151k\u00e9sz\u00edt\u00e9s\u00e9hez is, elker\u00fclhetetlen a m\u0171szeres diagnosztika. A m\u00e1r eml\u00edtett has\u00fcregi ultrahang mellett, sz\u00edv ultrahangos vizsg\u00e1lat, \u00e9s EKG elv\u00e9gz\u00e9se is k\u00f6vetkezik. K\u00e9sz\u00fcl egy t\u00fcd\u0151r\u00f6ntgen, valamint a csontok m\u00e9sztartalm\u00e1nak meg\u00edt\u00e9l\u00e9s\u00e9hez, egy csontr\u00f6ntgen is.<\/p>\n<p style=\"text-align: justify\">Szem\u00e9szeti \u00e9s f\u00fcl\u00e9szeti vizsg\u00e1latra is sz\u00fcks\u00e9g van.<\/p>\n<p style=\"text-align: justify\">Egyes gyermekekn\u00e9l ezen t\u00falmen\u0151en a betegs\u00e9gt\u0151l f\u00fcgg\u0151en EEG vizsg\u00e1latot, l\u00e9gz\u00e9sfunkci\u00f3 vizsg\u00e1latot (LF), \u00e9s kieg\u00e9sz\u00edt\u0151 radiol\u00f3giai vizsg\u00e1latokat is sz\u00fcks\u00e9ges elv\u00e9gezni (az agyi kering\u00e9sr\u0151l, vizeny\u0151r\u0151l ultrahang).<\/p>\n<p style=\"text-align: justify\">Computer angiographia (CT \u00e9rfest\u00e9s): a beteg m\u00e1j szerkezeti \u00e1llapot\u00e1r\u00f3l, \u00e9s az erek anat\u00f3miai vari\u00e1ci\u00f3j\u00e1r\u00f3l ad felvil\u00e1gos\u00edt\u00e1st.<\/p>\n","protected":false},"excerpt":{"rendered":"<p>4. El\u0151k\u00e9sz\u00edt\u0151 vizsg\u00e1latok a tervezett m\u00e1j\u00e1t\u00fcltet\u00e9s el\u0151tt 4.1 Laborvizsg\u00e1latok Amikor a m\u00e1j\u00e1t\u00fcltet\u00e9s v\u00e9grehajt\u00e1s\u00e1ra a javallat fel\u00e1ll\u00edt\u00e1sa megt\u00f6rt\u00e9nt, \u00e9s a kezel\u0151 orvosok a sz\u00fcl\u0151ket, \u00e9s a beteget r\u00e9szletesen felvil\u00e1gos\u00edtott\u00e1k, k\u00f6vetkezik a gyermek kivizsg\u00e1l\u00e1sa. A m\u00e1r eml\u00edtett laborvizsg\u00e1latok mellett a m\u00e1jbetegs\u00e9g, \u00e9s a szervezet \u00e1ltal\u00e1nos \u00e1llapot\u00e1nak meg\u00edt\u00e9l\u00e9s\u00e9re (vesefunkci\u00f3k!), tov\u00e1bbi v\u00e9rv\u00e9tel sz\u00fcks\u00e9ges. Emellett a v\u00e9rcsoport pontos tiszt\u00e1z\u00e1sa, v\u00e9rv\u00e1laszt\u00e1s, &hellip;<\/p>\n","protected":false},"author":101236,"featured_media":0,"parent":7058,"menu_order":4,"comment_status":"closed","ping_status":"closed","template":"","meta":{"_acf_changed":false,"footnotes":""},"categories":[],"tags":[],"class_list":["post-7067","page","type-page","status-publish","hentry"],"acf":[],"_links":{"self":[{"href":"https:\/\/semmelweis.hu\/sebeszet\/wp-json\/wp\/v2\/pages\/7067","targetHints":{"allow":["GET"]}}],"collection":[{"href":"https:\/\/semmelweis.hu\/sebeszet\/wp-json\/wp\/v2\/pages"}],"about":[{"href":"https:\/\/semmelweis.hu\/sebeszet\/wp-json\/wp\/v2\/types\/page"}],"author":[{"embeddable":true,"href":"https:\/\/semmelweis.hu\/sebeszet\/wp-json\/wp\/v2\/users\/101236"}],"replies":[{"embeddable":true,"href":"https:\/\/semmelweis.hu\/sebeszet\/wp-json\/wp\/v2\/comments?post=7067"}],"version-history":[{"count":1,"href":"https:\/\/semmelweis.hu\/sebeszet\/wp-json\/wp\/v2\/pages\/7067\/revisions"}],"predecessor-version":[{"id":7068,"href":"https:\/\/semmelweis.hu\/sebeszet\/wp-json\/wp\/v2\/pages\/7067\/revisions\/7068"}],"up":[{"embeddable":true,"href":"https:\/\/semmelweis.hu\/sebeszet\/wp-json\/wp\/v2\/pages\/7058"}],"wp:attachment":[{"href":"https:\/\/semmelweis.hu\/sebeszet\/wp-json\/wp\/v2\/media?parent=7067"}],"wp:term":[{"taxonomy":"category","embeddable":true,"href":"https:\/\/semmelweis.hu\/sebeszet\/wp-json\/wp\/v2\/categories?post=7067"},{"taxonomy":"post_tag","embeddable":true,"href":"https:\/\/semmelweis.hu\/sebeszet\/wp-json\/wp\/v2\/tags?post=7067"}],"curies":[{"name":"wp","href":"https:\/\/api.w.org\/{rel}","templated":true}]}}