{"id":6927,"date":"2021-11-18T09:37:37","date_gmt":"2021-11-18T08:37:37","guid":{"rendered":"https:\/\/semmelweis.hu\/sebeszet1\/?page_id=6927"},"modified":"2021-11-18T10:14:47","modified_gmt":"2021-11-18T09:14:47","slug":"az-ulloi-uti-klinika-bemutatasa","status":"publish","type":"page","link":"https:\/\/semmelweis.hu\/sebeszet\/a-klinikarol\/a-xvii-szazadtol-napjainkig\/az-ulloi-uti-klinika-bemutatasa\/","title":{"rendered":"Az \u00dcll\u0151i \u00fati klinika bemutat\u00e1sa"},"content":{"rendered":"<p style=\"text-align: center\">\u00a0<\/p>\n<p style=\"text-align: justify\"><i>Mott\u00f3:<br \/>\n\u201eAz orvos-seb\u00e9szi tudom\u00e1ny s m\u0171v\u00e9szet elvei s gyakorlati r\u00e9szletei azon t\u00e1g mez\u0151, melynek m\u00edvel\u00e9s\u00e9ben folytonos \u00e9s kett\u0151ztetett munk\u00e1ss\u00e1ggal kell forognunk ifj\u00fa bar\u00e1taim, hogy az \u00e9p\u00fclet, melynek alapjait tisztelt el\u0151deim m\u0171v\u00e9sz kezekkel rakt\u00e1k, \u00e9p \u00e9s er\u0151s maradjon, hogy az a kor k\u00edv\u00e1nat\u00e1hoz k\u00e9pest t\u00e1guljon; mert mer\u00e9sz l\u00e9ptekkel halad az emberi l\u00e1ng\u00e9sz sz\u00e1rnyain a tudom\u00e1ny s hatalmas fegyverrel legy\u0151zi a tornyosul\u00f3 akad\u00e1lyokat a vasszorgalom.\u201d<br \/>\n<\/i><i>Balassa J\u00e1nos<\/i><\/p>\n<p style=\"text-align: left\">Tisztelt \u00c9rdekl\u0151d\u0151!<br \/>\nKedves Beteg\u00fcnk!<\/p>\n<figure id=\"attachment_5393\" aria-describedby=\"caption-attachment-5393\" style=\"width: 203px\" class=\"wp-caption alignleft\"><a href=\"https:\/\/semmelweis.hu\/sebeszet\/files\/2020\/11\/SA02s.jpg\"><img loading=\"lazy\" decoding=\"async\" class=\"wp-image-5393 size-medium\" src=\"https:\/\/semmelweis.hu\/sebeszet\/files\/2020\/11\/SA02s-203x300.jpg\" alt=\"\" width=\"203\" height=\"300\" srcset=\"https:\/\/semmelweis.hu\/sebeszet\/files\/2020\/11\/SA02s-203x300.jpg 203w, https:\/\/semmelweis.hu\/sebeszet\/files\/2020\/11\/SA02s.jpg 406w\" sizes=\"auto, (max-width: 203px) 100vw, 203px\" \/><\/a><figcaption id=\"caption-attachment-5393\" class=\"wp-caption-text\">I. Sz. Seb\u00e9szeti \u00e9s Intervenci\u00f3s Gasztroenterol\u00f3giai Klinika igazgat\u00f3ja<\/figcaption><\/figure>\n<p style=\"text-align: justify\">Az \u201e\u00fcll\u0151i \u00fati Seb\u00e9szeti Klinika\u201d t\u00f6bb mint 100 \u00e9ve a magyar seb\u00e9szet vezet\u0151 egyben a legr\u00e9gebbi hagyom\u00e1nyokkal b\u00edr\u00f3 seb\u00e9szeti int\u00e9zete. Ikonikus hely, egyed\u00fcl\u00e1ll\u00f3 betegell\u00e1t\u00f3, oktat\u00f3 \u00e9s kutat\u00f3 egys\u00e9g. Az I. Sz. Seb\u00e9szeti Klinika az orvostudom\u00e1ny legizgalmasabb sz\u00e1z \u00e9v\u00e9ben megker\u00fclhetetlen b\u00e1zisa volt a magyar seb\u00e9szet fejl\u0151d\u00e9s\u00e9nek, fejleszt\u00e9s\u00e9nek. Ezt a szerepet mind a mai napig bet\u00f6lti korszer\u0171 gasztroenterol\u00f3giai r\u00e9szleggel b\u0151v\u00fclve imm\u00e1r I. Sz. Seb\u00e9szeti \u00e9s Intervenci\u00f3s Gasztroenterol\u00f3giai Klinika n\u00e9ven. A jelenlegi helyen 1909 \u00f3ta m\u0171k\u00f6d\u0151 Klinik\u00e1n, az akkori Eur\u00f3pa legmodernebb seb\u00e9szeti int\u00e9zet\u00e9ben tev\u00e9kenykedhettek a boldog b\u00e9keid\u0151k seb\u00e9szei. Forradalmi \u00faj\u00edt\u00e1soknak lehettek tan\u00fai ezek a falak. A szellemis\u00e9g, a szakma szeretete, a seb\u00e9szet m\u0171v\u00e9szi szint\u0171 m\u0171vel\u00e9se, a kialakul\u00f3 hagyom\u00e1nyok jellemezt\u00e9k \u00e9s jellemzik ma is a h\u00e1zat. Egyetem\u00fcnk m\u00e9lt\u00e1n lehet b\u00fcszke ezen Klinik\u00e1j\u00e1ra, tekintve kiemelked\u0151 teljes\u00edtm\u00e9nyeit, iskolateremt\u0151 m\u00faltj\u00e1t, jelen\u00e9t. A legkorszer\u0171bb elj\u00e1r\u00e1sok, a t\u00f6rt\u00e9nelmi fordulatot jelent\u0151 pillanatok (pl. a haz\u00e1nkban els\u0151k\u00e9nt elv\u00e9gzett m\u00e1jtranszplant\u00e1ci\u00f3, az els\u0151 vesetranszplant\u00e1ci\u00f3s program elind\u00edt\u00e1sa, eur\u00f3pai h\u00edr\u0171 pancreas seb\u00e9szet elind\u00edt\u00e1sa, endokrin seb\u00e9szet ki\u00e9p\u00edt\u00e9se stb.) mellett a tudom\u00e1nyos \u00e9let elv\u00e1laszthatatlan r\u00e9sze is a Klinika a seb\u00e9szet fejl\u0151d\u00e9snek.<\/p>\n<p style=\"text-align: justify\"><span style=\"font-weight: 400\">K\u00f6sz\u00f6nj\u00fck, hogy megtisztelte bizalm\u00e1val int\u00e9zm\u00e9ny\u00fcnket!<\/span><\/p>\n<p style=\"text-align: justify\"><span style=\"font-weight: 400\">Prof. Dr. Szij\u00e1rt\u00f3 Attila<br \/>\ntansz\u00e9kvezet\u0151 egyetemi tan\u00e1r, klinikaigazgat\u00f3<\/span><\/p>\n<p>&nbsp;<\/p>\n<p style=\"text-align: justify\"><strong>Az I. sz. Seb\u00e9szeti \u00e9s Intervenci\u00f3s Gasztroenterol\u00f3giai Klinika bemutat\u00e1sa<\/strong><\/p>\n<p style=\"text-align: justify\">Klinik\u00e1nk h\u00e1rom szakter\u00fcletet egyes\u00edt: seb\u00e9szet, aneszteziol\u00f3giai \u00e9s intenz\u00edv ter\u00e1pia, illetve 2020. szeptember\u00e9t\u0151l gasztroenterol\u00f3gia.A Klinika seb\u00e9szeti \u00e9s aneszteziol\u00f3giai r\u00e9szleg\u00e9n \u00f6sszesen 101 seb\u00e9szeti \u00e9s 9 intenz\u00edv \u00e1gyon \u00e1ltal\u00e1nos, m\u00e1j- \u00e9s epe\u00fati, hasny\u00e1lmirigy, fels\u0151 gasztrointesztin\u00e1lis, coloproctol\u00f3giai, eml\u0151 \u00e9s endokrin seb\u00e9szeti profilon folyik az ell\u00e1t\u00e1s, ezzel lefedi a em\u00e9szt\u0151szervi seb\u00e9szet teljes spektrum\u00e1t. Az Int\u00e9zet akut seb\u00e9szeti \u00fcgyeletet l\u00e1t el ter\u00fcleti beoszt\u00e1snak megfelel\u0151en, illetve orsz\u00e1gos hat\u00e1sk\u00f6r\u0171 felv\u00e9telt biztos\u00edt a legmagasabb, III\/B szint\u0171, progressz\u00edv ell\u00e1t\u00e1st ig\u00e9nyl\u0151 seb\u00e9szeti betegek sz\u00e1m\u00e1ra.<\/p>\n<p style=\"text-align: justify\">Klinik\u00e1nk 2020. szeptember\u00e9t\u0151l 30 \u00e1gyas gasztroenterol\u00f3giai fekv\u0151beteg oszt\u00e1llyal \u00e9s intervenci\u00f3s gasztroenterol\u00f3giai k\u00f6zponttal b\u0151v\u00fclt. Magas szint\u0171 ell\u00e1t\u00e1st biztos\u00edtunk m\u00e1j- \u00e9s epe\u00fati, gyullad\u00e1sos b\u00e9lbetegs\u00e9gben (IBD) szenved\u0151, fels\u0151 \u00e9s als\u00f3 gasztrointesztin\u00e1lis betegek sz\u00e1m\u00e1ra, illetve gasztrointesztin\u00e1lis v\u00e9rz\u0151 \u00fcgyeletet l\u00e1tunk el. Otthoni mesters\u00e9ges (parenteralis) t\u00e1pl\u00e1l\u00e1si k\u00f6zpontk\u00e9nt m\u0171k\u00f6dik az int\u00e9zm\u00e9nyben. Hepatol\u00f3giai gondoz\u00f3 centrumunk m\u00e1jseb\u00e9szeti ell\u00e1t\u00e1sunk egyik er\u0151s pill\u00e9re. A gasztroenterol\u00f3gia \u00e9s seb\u00e9szeti \u00edgy komprehenz\u00edv m\u00f3don, Magyarosrsz\u00e1gon egyed\u00fcl\u00e1ll\u00f3an,egy szervezeti egys\u00e9g keretein bel\u00fcl biztos\u00edtja a betegek legmagasabb szint\u0171 ell\u00e1t\u00e1s\u00e1t.<\/p>\n<p style=\"text-align: justify\">Az \u00e9ves m\u0171t\u00e9tsz\u00e1m 3.500-4.000 k\u00f6r\u00fcli, mely d\u00f6nt\u0151 t\u00f6bbs\u00e9ge onkol\u00f3giai m\u0171t\u00e9t vagy a legmagasabb progresszivit\u00e1s\u00fa ell\u00e1t\u00e1st ig\u00e9nyl\u0151 k\u00f3r\u00e1llapotok kezel\u00e9s\u00e9t teszi lehet\u0151v\u00e9. \u00c9vente t\u00f6bb mint 50.000 beteg fordul meg a j\u00e1r\u00f3beteg-szakrendel\u00e9seken. Term\u00e9szetesen jelen vannak az egynapos seb\u00e9szeti vagy halad\u00f3 laparoscopos m\u00f3dszerek alkalmaz\u00e1sa is, melyek \u00edgy a kor\u00e1bban hosszabb k\u00f3rh\u00e1zi \u00e1pol\u00e1st ig\u00e9nyl\u0151 betegs\u00e9gekben ny\u00fajt gyorsabb gy\u00f3gyul\u00e1si folyamatot. A klinika kiemelt ell\u00e1t\u00e1st ny\u00fajt orsz\u00e1gos szinten a sz\u00f6v\u0151dm\u00e9nyes seb\u00e9szi esetek kezel\u00e9s\u00e9ben, a hepato-pancreato-biliaris k\u00f3rk\u00e9pek ell\u00e1t\u00e1s\u00e1ban, a gasztroenterol\u00f3giai onkol\u00f3gia \u00e9s az endokrin seb\u00e9szet ter\u00fclet\u00e9n. E profilokhoz tartoz\u00f3 betegek kezel\u00e9s\u00e9t nemzetk\u00f6zileg ismert szakemberek \u00e1ltal vezetett munkacsoportok v\u00e9gzik. A m\u00e1j, hasny\u00e1lmirigy \u00e9s epe\u00fati seb\u00e9szeti munk\u00e1nk sz\u00e9lesebb k\u00f6r\u0171 kiterjeszt\u00e9se v\u00e9gett alap\u00edtottuk meg koll\u00e9g\u00e1immal a HPB Surgical Research Center n\u00e9vre hallgat\u00f3 szakmai h\u00e1l\u00f3zatot.<\/p>\n<p><img loading=\"lazy\" decoding=\"async\" class=\"size-medium wp-image-294 aligncenter\" style=\"text-align: justify\" src=\"https:\/\/semmelweis.hu\/sebeszet\/files\/2015\/09\/RS28622_KA-20150225-IMG_2421-i-es-sebeszet-muto-atado-scr-300x200.jpg\" alt=\"RS28622_KA-20150225-IMG_2421-i-es-sebeszet-muto-atado-scr\" width=\"300\" height=\"200\" srcset=\"https:\/\/semmelweis.hu\/sebeszet\/files\/2015\/09\/RS28622_KA-20150225-IMG_2421-i-es-sebeszet-muto-atado-scr-300x200.jpg 300w, https:\/\/semmelweis.hu\/sebeszet\/files\/2015\/09\/RS28622_KA-20150225-IMG_2421-i-es-sebeszet-muto-atado-scr-450x300.jpg 450w, https:\/\/semmelweis.hu\/sebeszet\/files\/2015\/09\/RS28622_KA-20150225-IMG_2421-i-es-sebeszet-muto-atado-scr.jpg 950w\" sizes=\"auto, (max-width: 300px) 100vw, 300px\" \/><\/p>\n<p style=\"text-align: justify\">A komplex egys\u00e9gben korszer\u0171 gasztroenterol\u00f3giai diagnosztikus \u00e9s ter\u00e1pi\u00e1s lehet\u0151s\u00e9gek sora \u00e1ll rendelkez\u00e9sre, \u00fam.: gastro-, colonoscopia, endoszk\u00f3pos ultrahang, endoszk\u00f3pos retrogr\u00e1d cholangiopancreatographia. Ezeken fel\u00fcl az ell\u00e1t\u00e1s teljess\u00e9g\u00e9t biztos\u00edtj\u00e1k: hagyom\u00e1nyos, intervenci\u00f3s \u00e9s intraoperat\u00edv ultrahang, komputertomogr\u00e1fia, angiogr\u00e1fia, izot\u00f3p diagnosztika, intervenci\u00f3s radiol\u00f3gia , valamint laparoszk\u00f3pos seb\u00e9szeti technika \u00e9s \u00fajabb v\u00e9rz\u00e9scsillap\u00edt\u00f3 elj\u00e1r\u00e1sok seg\u00edtik a mindennapi ell\u00e1t\u00e1st.<br \/>\nOktat\u00e1si feladataink szintj\u00e9n I., II., IV., V. \u00e9s VI. \u00e9vfolyamos orvostanhallgat\u00f3k magyar, n\u00e9met \u00e9s angol nyelv\u0171 elm\u00e9leti \u00e9s gyakorlati k\u00e9pz\u00e9se folyik. Szakvizsga el\u0151k\u00e9sz\u00edt\u0151 tov\u00e1bbk\u00e9pz\u00e9s, szervezett \u00e9s egy\u00e9ni posztgradu\u00e1lis k\u00e9pz\u00e9s szakmai profiljainkban sz\u00e9lesk\u00f6r\u0171en folyik. A klinika szak\u00e1pol\u00f3k, m\u0171t\u0151i \u00e9s aneszteziol\u00f3gus szakasszisztensek gyakorl\u00f3-oktat\u00f3 int\u00e9zm\u00e9nye.<\/p>\n<p style=\"text-align: justify\">Tudom\u00e1nyos di\u00e1kk\u00f6ri munka keretei k\u00f6z\u00f6tt \u00e9vente 10-15 hallgat\u00f3 foglalkozik k\u00eds\u00e9rleti \u00e9s klinikai seb\u00e9szeti, seb\u00e9szeti patol\u00f3giai \u00e9s aneszteziol\u00f3giai \u00e9s gasztroenterol\u00f3giai tudom\u00e1nyos tev\u00e9kenys\u00e9ggel. A seb\u00e9szeti orient\u00e1ci\u00f3j\u00fa doktorandusz k\u00e9pz\u00e9s (PhD) is kiemelked\u0151 orsz\u00e1gos viszonylatban n\u00e9zve.<br \/>\nA fentiek alapj\u00e1n a j\u00f6v\u0151ben &#8211; rem\u00e9nyeink szerint &#8211; \u00edgy az &#8222;\u00faj&#8221; I sz. Seb\u00e9szeti \u00e9s Intervenci\u00f3s Gasztroenterol\u00f3giai Klinika m\u00e9lt\u00f3n helyt \u00e1ll majd a legnagyobb magyar seb\u00e9sz, tansz\u00e9k\u00fcnk kor\u00e1bbi legend\u00e1s professzora, Balassa J\u00e1nos gondolatainak:<\/p>\n<p style=\"text-align: justify\"><em>\u201eA seb\u00e9szet \u00e9s belgy\u00f3gy\u00e1szat ugyanazon a tudom\u00e1nyos alapon \u00e1ll. Ne legyen a seb\u00e9szet egyed\u00fcl k\u00fclform\u00e1kon alapul\u00f3 k\u00e9zm\u0171, hanem az eg\u00e9szet egyes r\u00e9szeiben feltal\u00e1l\u00f3 tudom\u00e1ny.\u201d<\/em><\/p>\n<p style=\"text-align: center\"><em><iframe loading=\"lazy\" src=\"https:\/\/www.youtube.com\/embed\/b9DUFasYiPY\" width=\"560\" height=\"315\"><span data-mce-type=\"bookmark\" style=\"width: 0px;overflow: hidden;line-height: 0\" class=\"mce_SELRES_start\">\ufeff<\/span><\/iframe><\/em><\/p>\n<p style=\"text-align: right\">\u00a0<\/p>\n","protected":false},"excerpt":{"rendered":"<p>\u00a0 Mott\u00f3: \u201eAz orvos-seb\u00e9szi tudom\u00e1ny s m\u0171v\u00e9szet elvei s gyakorlati r\u00e9szletei azon t\u00e1g mez\u0151, melynek m\u00edvel\u00e9s\u00e9ben folytonos \u00e9s kett\u0151ztetett munk\u00e1ss\u00e1ggal kell forognunk ifj\u00fa bar\u00e1taim, hogy az \u00e9p\u00fclet, melynek alapjait tisztelt el\u0151deim m\u0171v\u00e9sz kezekkel rakt\u00e1k, \u00e9p \u00e9s er\u0151s maradjon, hogy az a kor k\u00edv\u00e1nat\u00e1hoz k\u00e9pest t\u00e1guljon; mert mer\u00e9sz l\u00e9ptekkel halad az emberi l\u00e1ng\u00e9sz sz\u00e1rnyain a tudom\u00e1ny &hellip;<\/p>\n","protected":false},"author":101236,"featured_media":0,"parent":5466,"menu_order":0,"comment_status":"closed","ping_status":"closed","template":"","meta":{"_acf_changed":false,"footnotes":""},"categories":[],"tags":[],"class_list":["post-6927","page","type-page","status-publish","hentry"],"acf":[],"_links":{"self":[{"href":"https:\/\/semmelweis.hu\/sebeszet\/wp-json\/wp\/v2\/pages\/6927","targetHints":{"allow":["GET"]}}],"collection":[{"href":"https:\/\/semmelweis.hu\/sebeszet\/wp-json\/wp\/v2\/pages"}],"about":[{"href":"https:\/\/semmelweis.hu\/sebeszet\/wp-json\/wp\/v2\/types\/page"}],"author":[{"embeddable":true,"href":"https:\/\/semmelweis.hu\/sebeszet\/wp-json\/wp\/v2\/users\/101236"}],"replies":[{"embeddable":true,"href":"https:\/\/semmelweis.hu\/sebeszet\/wp-json\/wp\/v2\/comments?post=6927"}],"version-history":[{"count":3,"href":"https:\/\/semmelweis.hu\/sebeszet\/wp-json\/wp\/v2\/pages\/6927\/revisions"}],"predecessor-version":[{"id":7338,"href":"https:\/\/semmelweis.hu\/sebeszet\/wp-json\/wp\/v2\/pages\/6927\/revisions\/7338"}],"up":[{"embeddable":true,"href":"https:\/\/semmelweis.hu\/sebeszet\/wp-json\/wp\/v2\/pages\/5466"}],"wp:attachment":[{"href":"https:\/\/semmelweis.hu\/sebeszet\/wp-json\/wp\/v2\/media?parent=6927"}],"wp:term":[{"taxonomy":"category","embeddable":true,"href":"https:\/\/semmelweis.hu\/sebeszet\/wp-json\/wp\/v2\/categories?post=6927"},{"taxonomy":"post_tag","embeddable":true,"href":"https:\/\/semmelweis.hu\/sebeszet\/wp-json\/wp\/v2\/tags?post=6927"}],"curies":[{"name":"wp","href":"https:\/\/api.w.org\/{rel}","templated":true}]}}