{"id":6887,"date":"2021-11-10T10:46:05","date_gmt":"2021-11-10T09:46:05","guid":{"rendered":"https:\/\/semmelweis.hu\/sebeszet1\/?page_id=6887"},"modified":"2021-11-11T13:12:30","modified_gmt":"2021-11-11T12:12:30","slug":"a-klinika-jellemzo-adatai","status":"publish","type":"page","link":"https:\/\/semmelweis.hu\/sebeszet\/a-klinikarol\/a-baross-utcai-klinika-tortenete\/a-klinika-jellemzo-adatai\/","title":{"rendered":"A klinika jellemz\u0151 adatai"},"content":{"rendered":"<h2 style=\"text-align: justify\">\u00c1gyl\u00e9tsz\u00e1m, betegforgalom<\/h2>\n<p style=\"text-align: justify\">A klinika 85 \u00e1gya k\u00f6z\u00fcl 12 szolg\u00e1lja az intenz\u00edv ell\u00e1t\u00e1st ig\u00e9nyl\u0151 betegeket. \u00c9vente 150-200 vese\u00e1t\u00fcltet\u00e9st, 50-60 m\u00e1j\u00e1t\u00fcltet\u00e9st, 10-12 kombin\u00e1lt vese- \u00e9s hasny\u00e1lmirigy \u00e1t\u00fcltet\u00e9st, valamint 1800-2000 \u00e1ltal\u00e1nos seb\u00e9szeti m\u0171t\u00e9tet v\u00e9gz\u00fcnk. A j\u00e1r\u00f3betegrendel\u00e9sek naponta 100-150 beteget l\u00e1tnak el.<\/p>\n<h2 style=\"text-align: justify\">Orvosi technol\u00f3gia<\/h2>\n<p style=\"text-align: justify\">A klinika fel van szerelve mindazokkal a modern, \u00fan. &#8222;high tech&#8221; lehet\u0151s\u00e9gekkel, amelyeket ma a beteg joggal elv\u00e1r az eg\u00e9szs\u00e9g\u00fcgyt\u0151l. Automata laborat\u00f3rium, mozgathat\u00f3 \u00e9s stabil ultrahangk\u00e9sz\u00fcl\u00e9kek, l\u00e9gkondicion\u00e1lt m\u0171t\u0151k \u00e9s intenz\u00edv oszt\u00e1ly, k\u00f6rnyezetbar\u00e1t k\u00f6zponti steriliz\u00e1l\u00f3, korszer\u0171 altat\u00f3g\u00e9pek \u00e9s betegmegfigyel\u0151 rendszerek, izot\u00f3p vizsg\u00e1l\u00f3k\u00e9sz\u00fcl\u00e9k, endoszk\u00f3pos, angiogr\u00e1fi\u00e1s (\u00e9rfest\u00e9s) \u00e9s sz\u00e1m\u00edt\u00f3g\u00e9pes r\u00f6ntgenvizsg\u00e1lati (CT) lehet\u0151s\u00e9gek biztos\u00edtj\u00e1k a sz\u00ednvonalas betegell\u00e1t\u00e1st. A komputeriz\u00e1lt, videovet\u00edt\u00e9si lehet\u0151s\u00e9ggel ell\u00e1tott el\u0151ad\u00f3terem az orvos- \u00e9s \u00e1pol\u00f3k\u00e9pz\u00e9s, tov\u00e1bbk\u00e9pz\u00e9s, valamint tudom\u00e1nyos rendezv\u00e9nyek, \u00e9s \u00fcl\u00e9sek lehet\u0151s\u00e9g\u00e9t biztos\u00edtja. A beteg\u00e1gyakhoz kapcsolhat\u00f3 telefonok, a minden k\u00f3rteremhez csatlakoz\u00f3 k\u00fcl\u00f6n WC \u00e9s f\u00fcrd\u0151szoba a betegek k\u00e9nyelm\u00e9t szolg\u00e1lja. Ehhez j\u00e1rul a szem\u00e9lyzet korrekt munk\u00e1ja, ami gyakran nem p\u00f3tolhat\u00f3 m\u00e9g a &#8222;high tech&#8221;-kel sem.<\/p>\n<h2 style=\"text-align: justify\">Alkalmazottak<\/h2>\n<p style=\"text-align: justify\">A betegek megfelel\u0151 kivizsg\u00e1l\u00e1s\u00e1r\u00f3l, gy\u00f3gy\u00edt\u00e1s\u00e1r\u00f3l, \u00e1pol\u00e1s\u00e1r\u00f3l \u00e9s ell\u00e1t\u00e1s\u00e1r\u00f3l 46 egyetemi-, 25 f\u0151iskolai diplom\u00e1s, ezen k\u00edv\u00fcl szak\u00e1pol\u00f3k, szakasszisztensek, gazdas\u00e1gi, m\u0171szaki, adminisztr\u00e1ci\u00f3s \u00e9s \u00e9lelmez\u00e9si alkalmazott munkak\u00f6rbe sorolhat\u00f3 dolgoz\u00f3k gondoskodnak. Az int\u00e9zetben a betegek \u00e9s az \u00e9rt\u00e9kes berendez\u00e9sek biztons\u00e1g\u00e1\u00e9rt a recepci\u00f3 munkat\u00e1rsai felelnek. A klinika dolgoz\u00f3i a vil\u00e1g 9 nyelv\u00e9n besz\u00e9lnek, bele\u00e9rtve a rom\u00e1n, orosz, flamand, spanyol \u00e9s szerb nyelveket is. A diplom\u00e1sok 3\/4 r\u00e9sze egy, 1\/4 r\u00e9sze t\u00f6bb szakvizsg\u00e1val \u00e9s tudom\u00e1nyos fokozattal rendelkezik.<\/p>\n","protected":false},"excerpt":{"rendered":"<p>\u00c1gyl\u00e9tsz\u00e1m, betegforgalom A klinika 85 \u00e1gya k\u00f6z\u00fcl 12 szolg\u00e1lja az intenz\u00edv ell\u00e1t\u00e1st ig\u00e9nyl\u0151 betegeket. \u00c9vente 150-200 vese\u00e1t\u00fcltet\u00e9st, 50-60 m\u00e1j\u00e1t\u00fcltet\u00e9st, 10-12 kombin\u00e1lt vese- \u00e9s hasny\u00e1lmirigy \u00e1t\u00fcltet\u00e9st, valamint 1800-2000 \u00e1ltal\u00e1nos seb\u00e9szeti m\u0171t\u00e9tet v\u00e9gz\u00fcnk. A j\u00e1r\u00f3betegrendel\u00e9sek naponta 100-150 beteget l\u00e1tnak el. Orvosi technol\u00f3gia A klinika fel van szerelve mindazokkal a modern, \u00fan. &#8222;high tech&#8221; lehet\u0151s\u00e9gekkel, amelyeket ma a &hellip;<\/p>\n","protected":false},"author":101236,"featured_media":0,"parent":6879,"menu_order":4,"comment_status":"closed","ping_status":"closed","template":"","meta":{"_acf_changed":false,"footnotes":""},"categories":[],"tags":[],"class_list":["post-6887","page","type-page","status-publish","hentry"],"acf":[],"_links":{"self":[{"href":"https:\/\/semmelweis.hu\/sebeszet\/wp-json\/wp\/v2\/pages\/6887","targetHints":{"allow":["GET"]}}],"collection":[{"href":"https:\/\/semmelweis.hu\/sebeszet\/wp-json\/wp\/v2\/pages"}],"about":[{"href":"https:\/\/semmelweis.hu\/sebeszet\/wp-json\/wp\/v2\/types\/page"}],"author":[{"embeddable":true,"href":"https:\/\/semmelweis.hu\/sebeszet\/wp-json\/wp\/v2\/users\/101236"}],"replies":[{"embeddable":true,"href":"https:\/\/semmelweis.hu\/sebeszet\/wp-json\/wp\/v2\/comments?post=6887"}],"version-history":[{"count":2,"href":"https:\/\/semmelweis.hu\/sebeszet\/wp-json\/wp\/v2\/pages\/6887\/revisions"}],"predecessor-version":[{"id":6907,"href":"https:\/\/semmelweis.hu\/sebeszet\/wp-json\/wp\/v2\/pages\/6887\/revisions\/6907"}],"up":[{"embeddable":true,"href":"https:\/\/semmelweis.hu\/sebeszet\/wp-json\/wp\/v2\/pages\/6879"}],"wp:attachment":[{"href":"https:\/\/semmelweis.hu\/sebeszet\/wp-json\/wp\/v2\/media?parent=6887"}],"wp:term":[{"taxonomy":"category","embeddable":true,"href":"https:\/\/semmelweis.hu\/sebeszet\/wp-json\/wp\/v2\/categories?post=6887"},{"taxonomy":"post_tag","embeddable":true,"href":"https:\/\/semmelweis.hu\/sebeszet\/wp-json\/wp\/v2\/tags?post=6887"}],"curies":[{"name":"wp","href":"https:\/\/api.w.org\/{rel}","templated":true}]}}