{"id":6566,"date":"2021-06-16T15:23:51","date_gmt":"2021-06-16T13:23:51","guid":{"rendered":"https:\/\/semmelweis.hu\/sebeszet1\/?page_id=6566"},"modified":"2024-08-30T16:02:13","modified_gmt":"2024-08-30T14:02:13","slug":"oktatasrend","status":"publish","type":"page","link":"https:\/\/semmelweis.hu\/sebeszet\/oktatas\/gradualis-kepzes\/sebeszet-az-ulloi-uton\/iv-evfolyam\/oktatasrend\/","title":{"rendered":"Seb\u00e9szet blokk oktat\u00e1s beoszt\u00e1s"},"content":{"rendered":"<p>Kedves Hallgat\u00f3k!<\/p>\n<p>A negyed\u00e9ves seb\u00e9szet blokk oktat\u00e1s 3+1 h\u00e9t.<\/p>\n<ul>\n<li>3 h\u00e9t &#8211; 11 oktat\u00e1si nap <strong>+<\/strong><\/li>\n<li>1 h\u00e9t (4. h\u00e9t) &#8211; vizsgah\u00e9t<\/li>\n<\/ul>\n<p><strong>Az aktu\u00e1lis blokk oktat\u00e1s beoszt\u00e1sr\u00f3l csoportonk\u00e9nt a Moodle fel\u00fcleten <a href=\"https:\/\/itc.semmelweis.hu\/moodle\/\">ITT<\/a> tudnak t\u00e1j\u00e9koz\u00f3dni.<\/strong><\/p>\n<p>Az \u00e1ltal\u00e1nos blokk beoszt\u00e1s pedig <a href=\"https:\/\/semmelweis.hu\/sebeszet\/files\/2024\/08\/Blokk-beosztas_2024-2025_honlap.pdf\">ITT<\/a> el\u00e9rhet\u0151.<\/p>\n<p>&nbsp;<\/p>\n","protected":false},"excerpt":{"rendered":"<p>Kedves Hallgat\u00f3k!<br \/>\nA negyed\u00e9ves seb\u00e9szet blokk oktat\u00e1s 3+1 h\u00e9t.<\/p>\n<p>3 h\u00e9t &#8211; 11 oktat\u00e1si nap +<br \/>\n1 h\u00e9t (4. h\u00e9t) &#8211; vizsgah\u00e9t<\/p>\n<p>Az aktu\u00e1lis blokk oktat\u00e1s beoszt\u00e1sr\u00f3l csoportonk\u00e9nt a Moodle fel\u00fcleten <a href=\"https:\/\/itc.semmelweis.hu\/moodle\/\">ITT<\/a> tudnak t\u00e1j\u00e9koz\u00f3dni.<br \/>\nAz \u00e1ltal\u00e1nos blokk beoszt\u00e1s pedig <a href=\"https:\/\/semmelweis.hu\/sebeszet\/files\/2024\/08\/Blokk-beosztas_2024-2025_honlap.pdf\">ITT<\/a> el\u00e9rhet\u0151.<br \/>\n&nbsp;<\/p>\n","protected":false},"author":101236,"featured_media":0,"parent":5986,"menu_order":0,"comment_status":"closed","ping_status":"closed","template":"","meta":{"_acf_changed":false,"footnotes":""},"categories":[],"tags":[],"class_list":["post-6566","page","type-page","status-publish","hentry"],"acf":[],"_links":{"self":[{"href":"https:\/\/semmelweis.hu\/sebeszet\/wp-json\/wp\/v2\/pages\/6566","targetHints":{"allow":["GET"]}}],"collection":[{"href":"https:\/\/semmelweis.hu\/sebeszet\/wp-json\/wp\/v2\/pages"}],"about":[{"href":"https:\/\/semmelweis.hu\/sebeszet\/wp-json\/wp\/v2\/types\/page"}],"author":[{"embeddable":true,"href":"https:\/\/semmelweis.hu\/sebeszet\/wp-json\/wp\/v2\/users\/101236"}],"replies":[{"embeddable":true,"href":"https:\/\/semmelweis.hu\/sebeszet\/wp-json\/wp\/v2\/comments?post=6566"}],"version-history":[{"count":6,"href":"https:\/\/semmelweis.hu\/sebeszet\/wp-json\/wp\/v2\/pages\/6566\/revisions"}],"predecessor-version":[{"id":8750,"href":"https:\/\/semmelweis.hu\/sebeszet\/wp-json\/wp\/v2\/pages\/6566\/revisions\/8750"}],"up":[{"embeddable":true,"href":"https:\/\/semmelweis.hu\/sebeszet\/wp-json\/wp\/v2\/pages\/5986"}],"wp:attachment":[{"href":"https:\/\/semmelweis.hu\/sebeszet\/wp-json\/wp\/v2\/media?parent=6566"}],"wp:term":[{"taxonomy":"category","embeddable":true,"href":"https:\/\/semmelweis.hu\/sebeszet\/wp-json\/wp\/v2\/categories?post=6566"},{"taxonomy":"post_tag","embeddable":true,"href":"https:\/\/semmelweis.hu\/sebeszet\/wp-json\/wp\/v2\/tags?post=6566"}],"curies":[{"name":"wp","href":"https:\/\/api.w.org\/{rel}","templated":true}]}}