{"id":640,"date":"2015-09-24T14:06:44","date_gmt":"2015-09-24T12:06:44","guid":{"rendered":"http:\/\/semmelweis.hu\/sebeszet1\/?page_id=640"},"modified":"2024-10-21T11:39:53","modified_gmt":"2024-10-21T09:39:53","slug":"sebeszeti-jarobeteg-ellatas","status":"publish","type":"page","link":"https:\/\/semmelweis.hu\/sebeszet\/betegellatas\/sebeszet-2\/sebeszeti-jarobeteg-ellatas\/","title":{"rendered":"Seb\u00e9szeti j\u00e1r\u00f3beteg ell\u00e1t\u00e1s"},"content":{"rendered":"<p>Klinik\u00e1nkon j\u00e1r\u00f3betegeinket \u00e1ltal\u00e1nos seb\u00e9szeti \u00e9s speci\u00e1lis seb\u00e9szeti szakambulanci\u00e1nkon kezelj\u00fck.<\/p>\n<p>Az ambulancia f\u0151n\u0151v\u00e9re: Major Ir\u00e9n<br \/>\nJ\u00e1r\u00f3beteg szakrendel\u00e9sre az al\u00e1bbi el\u00e9rhet\u0151s\u00e9gen jelentkezhet minden h\u00e9tk\u00f6znap 8:00-14:30 k\u00f6z\u00f6tt: +36 20 825 9090 \u00e9s +36 20 825 9020<\/p>\n<p>Az egyes szakrendel\u00e9seinkr\u0151l az al\u00e1bbi men\u00fcpontok alatt t\u00e1j\u00e9koz\u00f3dhat:<\/p>\n<ul>\n<li><a href=\"https:\/\/semmelweis.hu\/sebeszet\/betegellatas\/sebeszet-2\/sebeszeti-jarobeteg-ellatas\/altalanos-sebeszeti-szakrendeles\/\">\u00c1LTAL\u00c1NOS SEB\u00c9SZETI SZAKRENDEL\u00c9S<\/a><\/li>\n<li><a href=\"https:\/\/semmelweis.hu\/sebeszet\/betegellatas\/sebeszet-2\/sebeszeti-jarobeteg-ellatas\/felso-tapcsatorna\/\">FELS\u0150 T\u00c1PCSATORNA (NYEL\u0150CS\u0150, GYOMOR)<\/a><\/li>\n<li><a href=\"https:\/\/semmelweis.hu\/sebeszet\/betegellatas\/sebeszet-2\/sebeszeti-jarobeteg-ellatas\/colorectalis-sebeszet\/\">COLO<\/a><a href=\"https:\/\/semmelweis.hu\/sebeszet\/betegellatas\/sebeszet-2\/sebeszeti-jarobeteg-ellatas\/proctologia\/\">PROCTOL\u00d3GIA<\/a><\/li>\n<li><a href=\"https:\/\/semmelweis.hu\/sebeszet\/betegellatas\/sebeszet-2\/sebeszeti-jarobeteg-ellatas\/endokrin-sebeszet\/\">ENDOKRIN SEB\u00c9SZET<\/a><\/li>\n<li><a href=\"https:\/\/semmelweis.hu\/sebeszet\/betegellatas\/sebeszet-2\/sebeszeti-jarobeteg-ellatas\/emlo-sebeszet\/\">EML\u0150- \u00c9S PLASZTIKAI SEB\u00c9SZET<\/a><\/li>\n<li><a href=\"https:\/\/semmelweis.hu\/sebeszet\/betegellatas\/sebeszet-2\/sebeszeti-jarobeteg-ellatas\/maj-es-epeuti-sebeszet\/\">M\u00c1J- \u00c9S EPE\u00daTI SEB\u00c9SZET<\/a><\/li>\n<li><a href=\"https:\/\/semmelweis.hu\/sebeszet\/betegellatas\/sebeszet-2\/sebeszeti-jarobeteg-ellatas\/hasnyalmirigy-sebeszet\/\">HASNY\u00c1LMIRIGY-SEB\u00c9SZET<\/a><\/li>\n<li><a href=\"https:\/\/semmelweis.hu\/sebeszet\/betegellatas\/sebeszet-2\/sebeszeti-jarobeteg-ellatas\/ultrahang-szakrendeles\/\">ULTRAHANG SZAKRENDEL\u00c9S<\/a><\/li>\n<li><a href=\"https:\/\/semmelweis.hu\/sebeszet\/betegellatas\/sebeszet-2\/sebeszeti-jarobeteg-ellatas\/citologia\/\">CITOL\u00d3GIA<\/a><\/li>\n<\/ul>\n","protected":false},"excerpt":{"rendered":"<p>Klinik\u00e1nkon j\u00e1r\u00f3betegeinket \u00e1ltal\u00e1nos seb\u00e9szeti \u00e9s speci\u00e1lis seb\u00e9szeti szakambulanci\u00e1nkon kezelj\u00fck.<br \/>\nAz ambulancia f\u0151n\u0151v\u00e9re: Major Ir\u00e9n<br \/>\nJ\u00e1r\u00f3beteg szakrendel\u00e9sre az al\u00e1bbi el\u00e9rhet\u0151s\u00e9gen jelentkezhet minden h\u00e9tk\u00f6znap 8:00-14:30 k\u00f6z\u00f6tt: +36 20 825 9090 \u00e9s +36 20 825 9020<br \/>\nAz egyes szakrendel\u00e9seinkr\u0151l az al\u00e1bbi men\u00fcpontok alatt t\u00e1j\u00e9koz\u00f3dhat:<\/p>\n<p><a href=\"https:\/\/semmelweis.hu\/sebeszet\/betegellatas\/sebeszet-2\/sebeszeti-jarobeteg-ellatas\/altalanos-sebeszeti-szakrendeles\/\">\u00c1LTAL\u00c1NOS SEB\u00c9SZETI SZAKRENDEL\u00c9S<\/a><br \/>\n<a href=\"https:\/\/semmelweis.hu\/sebeszet\/betegellatas\/sebeszet-2\/sebeszeti-jarobeteg-ellatas\/felso-tapcsatorna\/\">FELS\u0150 T\u00c1PCSATORNA (NYEL\u0150CS\u0150, GYOMOR)<\/a><br \/>\n<a href=\"https:\/\/semmelweis.hu\/sebeszet\/betegellatas\/sebeszet-2\/sebeszeti-jarobeteg-ellatas\/colorectalis-sebeszet\/\">COLO<\/a><a href=\"https:\/\/semmelweis.hu\/sebeszet\/betegellatas\/sebeszet-2\/sebeszeti-jarobeteg-ellatas\/proctologia\/\">PROCTOL\u00d3GIA<\/a><br \/>\n<a href=\"https:\/\/semmelweis.hu\/sebeszet\/betegellatas\/sebeszet-2\/sebeszeti-jarobeteg-ellatas\/endokrin-sebeszet\/\">ENDOKRIN SEB\u00c9SZET<\/a><br \/>\n<a href=\"https:\/\/semmelweis.hu\/sebeszet\/betegellatas\/sebeszet-2\/sebeszeti-jarobeteg-ellatas\/emlo-sebeszet\/\">EML\u0150- \u00c9S PLASZTIKAI SEB\u00c9SZET<\/a><br \/>\n<a href=\"https:\/\/semmelweis.hu\/sebeszet\/betegellatas\/sebeszet-2\/sebeszeti-jarobeteg-ellatas\/maj-es-epeuti-sebeszet\/\">M\u00c1J- \u00c9S EPE\u00daTI SEB\u00c9SZET<\/a><br \/>\n<a href=\"https:\/\/semmelweis.hu\/sebeszet\/betegellatas\/sebeszet-2\/sebeszeti-jarobeteg-ellatas\/hasnyalmirigy-sebeszet\/\">HASNY\u00c1LMIRIGY-SEB\u00c9SZET<\/a><br \/>\n<a href=\"https:\/\/semmelweis.hu\/sebeszet\/betegellatas\/sebeszet-2\/sebeszeti-jarobeteg-ellatas\/ultrahang-szakrendeles\/\">ULTRAHANG SZAKRENDEL\u00c9S<\/a><br \/>\n<a href=\"https:\/\/semmelweis.hu\/sebeszet\/betegellatas\/sebeszet-2\/sebeszeti-jarobeteg-ellatas\/citologia\/\">CITOL\u00d3GIA<\/a><\/p>\n","protected":false},"author":101022,"featured_media":0,"parent":5592,"menu_order":1,"comment_status":"closed","ping_status":"closed","template":"","meta":{"_acf_changed":false,"footnotes":""},"categories":[],"tags":[],"class_list":["post-640","page","type-page","status-publish","hentry"],"acf":[],"_links":{"self":[{"href":"https:\/\/semmelweis.hu\/sebeszet\/wp-json\/wp\/v2\/pages\/640","targetHints":{"allow":["GET"]}}],"collection":[{"href":"https:\/\/semmelweis.hu\/sebeszet\/wp-json\/wp\/v2\/pages"}],"about":[{"href":"https:\/\/semmelweis.hu\/sebeszet\/wp-json\/wp\/v2\/types\/page"}],"author":[{"embeddable":true,"href":"https:\/\/semmelweis.hu\/sebeszet\/wp-json\/wp\/v2\/users\/101022"}],"replies":[{"embeddable":true,"href":"https:\/\/semmelweis.hu\/sebeszet\/wp-json\/wp\/v2\/comments?post=640"}],"version-history":[{"count":10,"href":"https:\/\/semmelweis.hu\/sebeszet\/wp-json\/wp\/v2\/pages\/640\/revisions"}],"predecessor-version":[{"id":8937,"href":"https:\/\/semmelweis.hu\/sebeszet\/wp-json\/wp\/v2\/pages\/640\/revisions\/8937"}],"up":[{"embeddable":true,"href":"https:\/\/semmelweis.hu\/sebeszet\/wp-json\/wp\/v2\/pages\/5592"}],"wp:attachment":[{"href":"https:\/\/semmelweis.hu\/sebeszet\/wp-json\/wp\/v2\/media?parent=640"}],"wp:term":[{"taxonomy":"category","embeddable":true,"href":"https:\/\/semmelweis.hu\/sebeszet\/wp-json\/wp\/v2\/categories?post=640"},{"taxonomy":"post_tag","embeddable":true,"href":"https:\/\/semmelweis.hu\/sebeszet\/wp-json\/wp\/v2\/tags?post=640"}],"curies":[{"name":"wp","href":"https:\/\/api.w.org\/{rel}","templated":true}]}}